{"id":4909,"date":"2020-08-27T10:40:22","date_gmt":"2020-08-27T10:40:22","guid":{"rendered":"https:\/\/blogsaverroes.juntadeandalucia.es\/ceperalmaden\/?page_id=4909"},"modified":"2022-08-28T22:10:32","modified_gmt":"2022-08-28T22:10:32","slug":"protocolo-de-gestion-de-ausencias","status":"publish","type":"page","link":"https:\/\/blogsaverroes.juntadeandalucia.es\/ceperalmaden\/protocolo-de-gestion-de-ausencias\/","title":{"rendered":"PROTOCOLO DE GESTI\u00d3N DE AUSENCIAS."},"content":{"rendered":"<h2 style=\"text-align: center\"><strong><span style=\"color: #800080\">INFORMACI\u00d3N GEN\u00c9RICA PROFESORADO<\/span><\/strong><\/h2>\n<h2 style=\"text-align: center\"><strong><span style=\"color: #800000\">Protocolo de gesti\u00f3n de ausencias del profesorado.<\/span><\/strong><\/h2>\n<p style=\"text-align: center\"><strong>Para su visualizaci\u00f3n y descarga realice un clic en el icono documento.<\/strong><\/p>\n<p style=\"text-align: center\"><img loading=\"lazy\" decoding=\"async\" class=\"alignnone size-thumbnail wp-image-5456\" src=\"https:\/\/blogsaverroes.juntadeandalucia.es\/ceperalmaden\/files\/2021\/09\/CLic-rat\u00f3n-150x150.png\" alt=\"\" width=\"150\" height=\"150\" srcset=\"https:\/\/blogsaverroes.juntadeandalucia.es\/ceperalmaden\/files\/2021\/09\/CLic-rat\u00f3n-150x150.png 150w, https:\/\/blogsaverroes.juntadeandalucia.es\/ceperalmaden\/files\/2021\/09\/CLic-rat\u00f3n-300x300.png 300w, https:\/\/blogsaverroes.juntadeandalucia.es\/ceperalmaden\/files\/2021\/09\/CLic-rat\u00f3n-80x80.png 80w, https:\/\/blogsaverroes.juntadeandalucia.es\/ceperalmaden\/files\/2021\/09\/CLic-rat\u00f3n-320x320.png 320w, https:\/\/blogsaverroes.juntadeandalucia.es\/ceperalmaden\/files\/2021\/09\/CLic-rat\u00f3n.png 512w\" sizes=\"(max-width: 150px) 100vw, 150px\" \/><\/p>\n<h5 style=\"text-align: center\"><a href=\"https:\/\/drive.google.com\/file\/d\/1NCdcOxSfuEq8de6uHE17OTtRzKQAmWF4\/view?usp=sharing\"><img loading=\"lazy\" decoding=\"async\" class=\"alignnone size-thumbnail wp-image-5471\" src=\"https:\/\/blogsaverroes.juntadeandalucia.es\/ceperalmaden\/files\/2021\/09\/ICONO-DOCUMENTO-150x150.jpg\" alt=\"\" width=\"150\" height=\"150\" srcset=\"https:\/\/blogsaverroes.juntadeandalucia.es\/ceperalmaden\/files\/2021\/09\/ICONO-DOCUMENTO-150x150.jpg 150w, https:\/\/blogsaverroes.juntadeandalucia.es\/ceperalmaden\/files\/2021\/09\/ICONO-DOCUMENTO-80x80.jpg 80w, https:\/\/blogsaverroes.juntadeandalucia.es\/ceperalmaden\/files\/2021\/09\/ICONO-DOCUMENTO.jpg 225w\" sizes=\"(max-width: 150px) 100vw, 150px\" \/><\/a><\/h5>\n<p><strong><u>Aspectos sobre las licencias y permisos a considerar<\/u>:<\/strong><\/p>\n<p>\u2022 <strong><u>Aspecto 1<\/u>: \u00abParte de firmas de asistencia del profesorado\u00bb. <\/strong><\/p>\n<p>Soporte material de control diario. Todo el personal adscrito al Centro deber\u00e1 firmar en el listado correspondiente establecido al efecto con el inicio y la finalizaci\u00f3n de su jornada laboral.<\/p>\n<p>\u2022 <strong><u>Aspecto 2<\/u>: \u00abCircular en relaci\u00f3n a permisos, licencias y reducciones de jornada\u00bb.<\/strong><\/p>\n<p style=\"text-align: justify\"><a href=\"https:\/\/drive.google.com\/file\/d\/1_KDGfEicDdNJUwUg6ElkYswx4uk2-kFq\/view?usp=sharing\">Circular 11 de junio de 2021, de la Direcci\u00f3n General del Profesorado y Gesti\u00f3n de Recursos Humanos, sobre permisos, licencias y reducciones de jornada del personal docente del \u00e1mbito de gesti\u00f3n de la Consejer\u00eda de Educaci\u00f3n y Deporte de la Junta de Andaluc\u00eda.<\/a><\/p>\n<p style=\"text-align: justify\"><a title=\"Instrucci\u00f3n 12\/2022 de la Direcci\u00f3n General del Profesorado y Gesti\u00f3n de Recursos Humanos por la que se modifican los apartados III.7 y III.11 de la circular de 11 de junio de 2021 de la Direcci\u00f3n General del Profesorado y Gesti\u00f3n de Recursos Humanos, sobre permisos, licencias y reducciones de jornada del personal docente del \u00e1mbito de gesti\u00f3n de la Consejer\u00eda de Desarrollo Educativo y Formaci\u00f3n Profesional de la Junta de Andaluc\u00eda\" href=\"https:\/\/www.juntadeandalucia.es\/educacion\/portals\/delegate\/content\/e66ad3d7-a9ae-44d4-8191-0da761808459\/Instrucci%C3%B3n%2012\/2022%20de%20la%20Direcci%C3%B3n%20General%20del%20Profesorado%20y%20Gesti%C3%B3n%20de%20Recursos%20Humanos%20por%20la%20que%20se%20modifican%20los%20apartados%20III.7%20y%20III.11%20de%20la%20circular%20de%2011%20de%20junio%20de%202021\">Instrucci\u00f3n 12\/2022 de la Direcci\u00f3n General del Profesorado y Gesti\u00f3n de Recursos Humanos por la que se modifican los apartados III.7 y III.11 de la circular de 11 de junio de 2021 de la Direcci\u00f3n General del Profesorado y Gesti\u00f3n de Recursos Humanos, sobre permisos, licencias y reducciones de jornada del personal docente del \u00e1mbito de gesti\u00f3n de la Consejer\u00eda de Desarrollo Educativo y Formaci\u00f3n Profesional de la Junta de Andaluc\u00eda.<\/a><\/p>\n<p>\u2022 <strong><u>Aspecto 3<\/u>: \u00abIncapacidad Temporal en caso de accidente laboral\u00bb.<\/strong><\/p>\n<p><a href=\"https:\/\/blogsaverroes.juntadeandalucia.es\/ceperalmaden\/files\/2020\/08\/tramitacionpartesincapacidadtemporal.png\">Procedimiento tramites partes Incapacidad Temporal<\/a> en caso de accidente laboral.<\/p>\n<p>\u2022<strong> <u>Aspecto 4<\/u>: \u00abEnfermedades graves\u00bb.<\/strong><\/p>\n<p><a href=\"https:\/\/blogsaverroes.juntadeandalucia.es\/ceperalmaden\/files\/2020\/08\/Listado-de-enfermdedades-graves.pdf\">Listado de enfermedades graves<\/a> que dan lugar a la percepci\u00f3n del 100% de las retribuciones.<\/p>\n<p>\u2022 <strong><u>Aspecto 5<\/u>: \u00abOtros documentos relacionados\u00bb.<\/strong><\/p>\n<p>a) <a href=\"https:\/\/www.juntadeandalucia.es\/educacion\/portals\/delegate\/content\/19169456-b3c2-45e9-827f-933ae186acee\/Anexo%20I\">ANEXO I: \u201cSolicitud de permisos y licencias\u201d<\/a>.<\/p>\n<p>b) <a href=\"https:\/\/www.juntadeandalucia.es\/educacion\/portals\/delegate\/content\/1dad2c94-2b01-407a-b93b-1991bcf03718\/Anexo%20II%20-%20Cuadro%20Resumen%20de%20permisos,%20licencias%20y%20reducciones%20de%20jornada\">ANEXO II: \u201cCuadro resumen\u201d<\/a>.<\/p>\n<p>c) <a href=\"https:\/\/blogsaverroes.juntadeandalucia.es\/ceperalmaden\/files\/2020\/08\/Gradosdeparentesco.png\">Grados de parentesco<\/a>.<\/p>\n","protected":false},"excerpt":{"rendered":"<p>INFORMACI\u00d3N GEN\u00c9RICA PROFESORADO Protocolo de gesti\u00f3n de ausencias del profesorado. Para su visualizaci\u00f3n y descarga realice un clic en el icono documento. Aspectos sobre las licencias y permisos a considerar: \u2022 Aspecto 1: \u00abParte de&#46;&#46;&#46;<\/p>\n","protected":false},"author":6371,"featured_media":0,"parent":0,"menu_order":0,"comment_status":"closed","ping_status":"closed","template":"","meta":{"ngg_post_thumbnail":0,"footnotes":"","_mc_calendar":[]},"aioseo_notices":[],"_links":{"self":[{"href":"https:\/\/blogsaverroes.juntadeandalucia.es\/ceperalmaden\/wp-json\/wp\/v2\/pages\/4909"}],"collection":[{"href":"https:\/\/blogsaverroes.juntadeandalucia.es\/ceperalmaden\/wp-json\/wp\/v2\/pages"}],"about":[{"href":"https:\/\/blogsaverroes.juntadeandalucia.es\/ceperalmaden\/wp-json\/wp\/v2\/types\/page"}],"author":[{"embeddable":true,"href":"https:\/\/blogsaverroes.juntadeandalucia.es\/ceperalmaden\/wp-json\/wp\/v2\/users\/6371"}],"replies":[{"embeddable":true,"href":"https:\/\/blogsaverroes.juntadeandalucia.es\/ceperalmaden\/wp-json\/wp\/v2\/comments?post=4909"}],"version-history":[{"count":70,"href":"https:\/\/blogsaverroes.juntadeandalucia.es\/ceperalmaden\/wp-json\/wp\/v2\/pages\/4909\/revisions"}],"predecessor-version":[{"id":7306,"href":"https:\/\/blogsaverroes.juntadeandalucia.es\/ceperalmaden\/wp-json\/wp\/v2\/pages\/4909\/revisions\/7306"}],"wp:attachment":[{"href":"https:\/\/blogsaverroes.juntadeandalucia.es\/ceperalmaden\/wp-json\/wp\/v2\/media?parent=4909"}],"curies":[{"name":"wp","href":"https:\/\/api.w.org\/{rel}","templated":true}]}}

PROTOCOLO DE GESTIÓN DE AUSENCIAS.

<h2 style="text-align: center"><strong><span style="color: #800080">INFORMACIÓN GENÉRICA PROFESORADO</span></strong></h2>
<h2 style="text-align: center"><strong><span style="color: #800000">Protocolo de gestión de ausencias del profesorado.</span></strong></h2>
<p style="text-align: center"><strong>Para su visualización y descarga realice un clic en el icono documento.</strong></p>
<p style="text-align: center"><img loading="lazy" decoding="async" class="alignnone size-thumbnail wp-image-5456" src="https://blogsaverroes.juntadeandalucia.es/ceperalmaden/files/2021/09/CLic-ratón-150x150.png" alt="" width="150" height="150" srcset="https://blogsaverroes.juntadeandalucia.es/ceperalmaden/files/2021/09/CLic-ratón-150x150.png 150w, https://blogsaverroes.juntadeandalucia.es/ceperalmaden/files/2021/09/CLic-ratón-300x300.png 300w, https://blogsaverroes.juntadeandalucia.es/ceperalmaden/files/2021/09/CLic-ratón-80x80.png 80w, https://blogsaverroes.juntadeandalucia.es/ceperalmaden/files/2021/09/CLic-ratón-320x320.png 320w, https://blogsaverroes.juntadeandalucia.es/ceperalmaden/files/2021/09/CLic-ratón.png 512w" sizes="(max-width: 150px) 100vw, 150px" /></p>
<h5 style="text-align: center"><a href="https://drive.google.com/file/d/1NCdcOxSfuEq8de6uHE17OTtRzKQAmWF4/view?usp=sharing"><img loading="lazy" decoding="async" class="alignnone size-thumbnail wp-image-5471" src="https://blogsaverroes.juntadeandalucia.es/ceperalmaden/files/2021/09/ICONO-DOCUMENTO-150x150.jpg" alt="" width="150" height="150" srcset="https://blogsaverroes.juntadeandalucia.es/ceperalmaden/files/2021/09/ICONO-DOCUMENTO-150x150.jpg 150w, https://blogsaverroes.juntadeandalucia.es/ceperalmaden/files/2021/09/ICONO-DOCUMENTO-80x80.jpg 80w, https://blogsaverroes.juntadeandalucia.es/ceperalmaden/files/2021/09/ICONO-DOCUMENTO.jpg 225w" sizes="(max-width: 150px) 100vw, 150px" /></a></h5>
<p><strong><u>Aspectos sobre las licencias y permisos a considerar</u>:</strong></p>
<p>• <strong><u>Aspecto 1</u>: «Parte de firmas de asistencia del profesorado». </strong></p>
<p>Soporte material de control diario. Todo el personal adscrito al Centro deberá firmar en el listado correspondiente establecido al efecto con el inicio y la finalización de su jornada laboral.</p>
<p>• <strong><u>Aspecto 2</u>: «Circular en relación a permisos, licencias y reducciones de jornada».</strong></p>
<p style="text-align: justify"><a href="https://drive.google.com/file/d/1_KDGfEicDdNJUwUg6ElkYswx4uk2-kFq/view?usp=sharing">Circular 11 de junio de 2021, de la Dirección General del Profesorado y Gestión de Recursos Humanos, sobre permisos, licencias y reducciones de jornada del personal docente del ámbito de gestión de la Consejería de Educación y Deporte de la Junta de Andalucía.</a></p>
<p style="text-align: justify"><a title="Instrucción 12/2022 de la Dirección General del Profesorado y Gestión de Recursos Humanos por la que se modifican los apartados III.7 y III.11 de la circular de 11 de junio de 2021 de la Dirección General del Profesorado y Gestión de Recursos Humanos, sobre permisos, licencias y reducciones de jornada del personal docente del ámbito de gestión de la Consejería de Desarrollo Educativo y Formación Profesional de la Junta de Andalucía" href="https://www.juntadeandalucia.es/educacion/portals/delegate/content/e66ad3d7-a9ae-44d4-8191-0da761808459/Instrucci%C3%B3n%2012/2022%20de%20la%20Direcci%C3%B3n%20General%20del%20Profesorado%20y%20Gesti%C3%B3n%20de%20Recursos%20Humanos%20por%20la%20que%20se%20modifican%20los%20apartados%20III.7%20y%20III.11%20de%20la%20circular%20de%2011%20de%20junio%20de%202021">Instrucción 12/2022 de la Dirección General del Profesorado y Gestión de Recursos Humanos por la que se modifican los apartados III.7 y III.11 de la circular de 11 de junio de 2021 de la Dirección General del Profesorado y Gestión de Recursos Humanos, sobre permisos, licencias y reducciones de jornada del personal docente del ámbito de gestión de la Consejería de Desarrollo Educativo y Formación Profesional de la Junta de Andalucía.</a></p>
<p>• <strong><u>Aspecto 3</u>: «Incapacidad Temporal en caso de accidente laboral».</strong></p>
<p><a href="https://blogsaverroes.juntadeandalucia.es/ceperalmaden/files/2020/08/tramitacionpartesincapacidadtemporal.png">Procedimiento tramites partes Incapacidad Temporal</a> en caso de accidente laboral.</p>
<p>•<strong> <u>Aspecto 4</u>: «Enfermedades graves».</strong></p>
<p><a href="https://blogsaverroes.juntadeandalucia.es/ceperalmaden/files/2020/08/Listado-de-enfermdedades-graves.pdf">Listado de enfermedades graves</a> que dan lugar a la percepción del 100% de las retribuciones.</p>
<p>• <strong><u>Aspecto 5</u>: «Otros documentos relacionados».</strong></p>
<p>a) <a href="https://www.juntadeandalucia.es/educacion/portals/delegate/content/19169456-b3c2-45e9-827f-933ae186acee/Anexo%20I">ANEXO I: “Solicitud de permisos y licencias”</a>.</p>
<p>b) <a href="https://www.juntadeandalucia.es/educacion/portals/delegate/content/1dad2c94-2b01-407a-b93b-1991bcf03718/Anexo%20II%20-%20Cuadro%20Resumen%20de%20permisos,%20licencias%20y%20reducciones%20de%20jornada">ANEXO II: “Cuadro resumen”</a>.</p>
<p>c) <a href="https://blogsaverroes.juntadeandalucia.es/ceperalmaden/files/2020/08/Gradosdeparentesco.png">Grados de parentesco</a>.</p>

<p>INFORMACIÓN GENÉRICA PROFESORADO Protocolo de gestión de ausencias del profesorado. Para su visualización y descarga realice un clic en el icono documento. Aspectos sobre las licencias y permisos a considerar: • Aspecto 1: «Parte de&#46;&#46;&#46;</p>
