{"id":4976,"date":"2020-08-27T17:03:24","date_gmt":"2020-08-27T17:03:24","guid":{"rendered":"https:\/\/blogsaverroes.juntadeandalucia.es\/ceperalmaden\/?page_id=4976"},"modified":"2021-09-03T19:44:44","modified_gmt":"2021-09-03T19:44:44","slug":"laminas-explicativas","status":"publish","type":"page","link":"https:\/\/blogsaverroes.juntadeandalucia.es\/ceperalmaden\/laminas-explicativas\/","title":{"rendered":"L\u00e1minas explicativas."},"content":{"rendered":"<h2 style=\"text-align: center\"><strong><span style=\"color: #800080\">ACTUACIONES DE EDUCACI\u00d3N Y PROMOCI\u00d3N PARA LA SALUD<\/span><\/strong><\/h2>\n<h2 style=\"text-align: center\"><strong><span style=\"color: #800000\">Buenas pr\u00e1cticas preventivas<\/span><\/strong><\/h2>\n<p>&nbsp;<\/p>\n<h5 style=\"text-align: center\"><img loading=\"lazy\" decoding=\"async\" class=\"alignnone size-thumbnail wp-image-5456\" src=\"https:\/\/blogsaverroes.juntadeandalucia.es\/ceperalmaden\/files\/2021\/09\/CLic-rat\u00f3n-150x150.png\" alt=\"\" width=\"150\" height=\"150\" srcset=\"https:\/\/blogsaverroes.juntadeandalucia.es\/ceperalmaden\/files\/2021\/09\/CLic-rat\u00f3n-150x150.png 150w, https:\/\/blogsaverroes.juntadeandalucia.es\/ceperalmaden\/files\/2021\/09\/CLic-rat\u00f3n-300x300.png 300w, https:\/\/blogsaverroes.juntadeandalucia.es\/ceperalmaden\/files\/2021\/09\/CLic-rat\u00f3n-80x80.png 80w, https:\/\/blogsaverroes.juntadeandalucia.es\/ceperalmaden\/files\/2021\/09\/CLic-rat\u00f3n-320x320.png 320w, https:\/\/blogsaverroes.juntadeandalucia.es\/ceperalmaden\/files\/2021\/09\/CLic-rat\u00f3n.png 512w\" sizes=\"(max-width: 150px) 100vw, 150px\" \/>Haga clic sobre cada l\u00e1mina para verla a tama\u00f1o real, descargarla o imprimirla si as\u00ed lo desea.<\/h5>\n<p>&nbsp;<\/p>\n<p>&nbsp;<\/p>\n<h5 style=\"text-align: center\"><u>Lamina 1: \u00abBuenas pr\u00e1cticas de higiene\u00bb.<\/u><\/h5>\n<h1 style=\"text-align: center\"><a href=\"https:\/\/blogsaverroes.juntadeandalucia.es\/ceperalmaden\/files\/2020\/08\/02-BUENAS-PR\u00c1CTICAS-DE-HIGIENE.pdf\"><img loading=\"lazy\" decoding=\"async\" class=\"alignnone size-full wp-image-4986\" src=\"https:\/\/blogsaverroes.juntadeandalucia.es\/ceperalmaden\/files\/2020\/08\/Buenas-pr\u00e1cticas-de-higiene.png\" alt=\"\" width=\"502\" height=\"709\" srcset=\"https:\/\/blogsaverroes.juntadeandalucia.es\/ceperalmaden\/files\/2020\/08\/Buenas-pr\u00e1cticas-de-higiene.png 502w, https:\/\/blogsaverroes.juntadeandalucia.es\/ceperalmaden\/files\/2020\/08\/Buenas-pr\u00e1cticas-de-higiene-212x300.png 212w, https:\/\/blogsaverroes.juntadeandalucia.es\/ceperalmaden\/files\/2020\/08\/Buenas-pr\u00e1cticas-de-higiene-17x24.png 17w, https:\/\/blogsaverroes.juntadeandalucia.es\/ceperalmaden\/files\/2020\/08\/Buenas-pr\u00e1cticas-de-higiene-25x36.png 25w, https:\/\/blogsaverroes.juntadeandalucia.es\/ceperalmaden\/files\/2020\/08\/Buenas-pr\u00e1cticas-de-higiene-34x48.png 34w\" sizes=\"(max-width: 502px) 100vw, 502px\" \/><\/a><\/h1>\n<h5 style=\"text-align: center\"><u>Lamina 2<\/u>: \u00abDesinfecci\u00f3n de manos\u00bb.<\/h5>\n<h1 style=\"text-align: center\"><a href=\"https:\/\/blogsaverroes.juntadeandalucia.es\/ceperalmaden\/files\/2020\/08\/03-DESINFECTARSE-LAS-MANOS.pdf\"><img loading=\"lazy\" decoding=\"async\" class=\"alignnone size-full wp-image-4998\" src=\"https:\/\/blogsaverroes.juntadeandalucia.es\/ceperalmaden\/files\/2020\/08\/Desinfecci\u00f3n-de-manos.png\" alt=\"\" width=\"557\" height=\"777\" srcset=\"https:\/\/blogsaverroes.juntadeandalucia.es\/ceperalmaden\/files\/2020\/08\/Desinfecci\u00f3n-de-manos.png 557w, https:\/\/blogsaverroes.juntadeandalucia.es\/ceperalmaden\/files\/2020\/08\/Desinfecci\u00f3n-de-manos-215x300.png 215w, https:\/\/blogsaverroes.juntadeandalucia.es\/ceperalmaden\/files\/2020\/08\/Desinfecci\u00f3n-de-manos-17x24.png 17w, https:\/\/blogsaverroes.juntadeandalucia.es\/ceperalmaden\/files\/2020\/08\/Desinfecci\u00f3n-de-manos-26x36.png 26w, https:\/\/blogsaverroes.juntadeandalucia.es\/ceperalmaden\/files\/2020\/08\/Desinfecci\u00f3n-de-manos-34x48.png 34w\" sizes=\"(max-width: 557px) 100vw, 557px\" \/><\/a><\/h1>\n<h5 style=\"text-align: center\"><u>Lamina 3<\/u>: \u00abLavado las manos\u00bb.<\/h5>\n<h1 style=\"text-align: center\"><a href=\"https:\/\/blogsaverroes.juntadeandalucia.es\/ceperalmaden\/files\/2020\/08\/07-LAVADO-DE-MANOS.pdf\"><img loading=\"lazy\" decoding=\"async\" class=\"alignnone size-full wp-image-5003\" src=\"https:\/\/blogsaverroes.juntadeandalucia.es\/ceperalmaden\/files\/2020\/08\/Lavado-de-manos.png\" alt=\"\" width=\"586\" height=\"828\" srcset=\"https:\/\/blogsaverroes.juntadeandalucia.es\/ceperalmaden\/files\/2020\/08\/Lavado-de-manos.png 586w, https:\/\/blogsaverroes.juntadeandalucia.es\/ceperalmaden\/files\/2020\/08\/Lavado-de-manos-212x300.png 212w, https:\/\/blogsaverroes.juntadeandalucia.es\/ceperalmaden\/files\/2020\/08\/Lavado-de-manos-17x24.png 17w, https:\/\/blogsaverroes.juntadeandalucia.es\/ceperalmaden\/files\/2020\/08\/Lavado-de-manos-25x36.png 25w, https:\/\/blogsaverroes.juntadeandalucia.es\/ceperalmaden\/files\/2020\/08\/Lavado-de-manos-34x48.png 34w\" sizes=\"(max-width: 586px) 100vw, 586px\" \/><\/a><\/h1>\n<h5 style=\"text-align: center\"><u>Lamina 4<\/u>: \u00abColocaci\u00f3n correcta del EPI\u00bb.<\/h5>\n<h1 style=\"text-align: center\"><a href=\"https:\/\/blogsaverroes.juntadeandalucia.es\/ceperalmaden\/files\/2020\/08\/04-COLOCACI\u00d3N-CORRECTA-EPI.pdf\"><img loading=\"lazy\" decoding=\"async\" class=\"alignnone size-full wp-image-5008\" src=\"https:\/\/blogsaverroes.juntadeandalucia.es\/ceperalmaden\/files\/2020\/08\/Colocaci\u00f3n-EPI.png\" alt=\"\" width=\"585\" height=\"826\" srcset=\"https:\/\/blogsaverroes.juntadeandalucia.es\/ceperalmaden\/files\/2020\/08\/Colocaci\u00f3n-EPI.png 585w, https:\/\/blogsaverroes.juntadeandalucia.es\/ceperalmaden\/files\/2020\/08\/Colocaci\u00f3n-EPI-212x300.png 212w, https:\/\/blogsaverroes.juntadeandalucia.es\/ceperalmaden\/files\/2020\/08\/Colocaci\u00f3n-EPI-17x24.png 17w, https:\/\/blogsaverroes.juntadeandalucia.es\/ceperalmaden\/files\/2020\/08\/Colocaci\u00f3n-EPI-25x36.png 25w, https:\/\/blogsaverroes.juntadeandalucia.es\/ceperalmaden\/files\/2020\/08\/Colocaci\u00f3n-EPI-34x48.png 34w\" sizes=\"(max-width: 585px) 100vw, 585px\" \/><\/a><\/h1>\n<h5 style=\"text-align: center\"><u>Lamina 5<\/u>: \u00abQuitarse guantes\u00bb.<\/h5>\n<h1 style=\"text-align: center\"><a href=\"https:\/\/blogsaverroes.juntadeandalucia.es\/ceperalmaden\/files\/2020\/08\/05-QUITARSE-GUANTES.pdf\"><img loading=\"lazy\" decoding=\"async\" class=\"alignnone size-full wp-image-5011\" src=\"https:\/\/blogsaverroes.juntadeandalucia.es\/ceperalmaden\/files\/2020\/08\/Quitarse-guantes.png\" alt=\"\" width=\"586\" height=\"830\" srcset=\"https:\/\/blogsaverroes.juntadeandalucia.es\/ceperalmaden\/files\/2020\/08\/Quitarse-guantes.png 586w, https:\/\/blogsaverroes.juntadeandalucia.es\/ceperalmaden\/files\/2020\/08\/Quitarse-guantes-212x300.png 212w, https:\/\/blogsaverroes.juntadeandalucia.es\/ceperalmaden\/files\/2020\/08\/Quitarse-guantes-17x24.png 17w, https:\/\/blogsaverroes.juntadeandalucia.es\/ceperalmaden\/files\/2020\/08\/Quitarse-guantes-25x36.png 25w, https:\/\/blogsaverroes.juntadeandalucia.es\/ceperalmaden\/files\/2020\/08\/Quitarse-guantes-34x48.png 34w\" sizes=\"(max-width: 586px) 100vw, 586px\" \/><\/a><\/h1>\n<h5 style=\"text-align: center\"><u>Lamina 6<\/u>: \u00abColocaci\u00f3n y retirada de las mascarillas\u00bb.<\/h5>\n<h1 style=\"text-align: center\"><a href=\"https:\/\/blogsaverroes.juntadeandalucia.es\/ceperalmaden\/files\/2020\/08\/09-COLOCACI\u00d3N-DE-LA-MASCARILLA.pdf\"><img loading=\"lazy\" decoding=\"async\" class=\"alignnone size-full wp-image-5014\" src=\"https:\/\/blogsaverroes.juntadeandalucia.es\/ceperalmaden\/files\/2020\/08\/Colocaci\u00f3n-de-la-mascarilla.png\" alt=\"\" width=\"567\" height=\"799\" srcset=\"https:\/\/blogsaverroes.juntadeandalucia.es\/ceperalmaden\/files\/2020\/08\/Colocaci\u00f3n-de-la-mascarilla.png 567w, https:\/\/blogsaverroes.juntadeandalucia.es\/ceperalmaden\/files\/2020\/08\/Colocaci\u00f3n-de-la-mascarilla-213x300.png 213w, https:\/\/blogsaverroes.juntadeandalucia.es\/ceperalmaden\/files\/2020\/08\/Colocaci\u00f3n-de-la-mascarilla-17x24.png 17w, https:\/\/blogsaverroes.juntadeandalucia.es\/ceperalmaden\/files\/2020\/08\/Colocaci\u00f3n-de-la-mascarilla-26x36.png 26w, https:\/\/blogsaverroes.juntadeandalucia.es\/ceperalmaden\/files\/2020\/08\/Colocaci\u00f3n-de-la-mascarilla-34x48.png 34w\" sizes=\"(max-width: 567px) 100vw, 567px\" \/><\/a><\/h1>\n<h5 style=\"text-align: center\"><u>Lamina 7<\/u>: \u00abUso de las escaleras\u00bb.<\/h5>\n<h1 style=\"text-align: center\"><a href=\"https:\/\/blogsaverroes.juntadeandalucia.es\/ceperalmaden\/files\/2020\/08\/11-USO-DE-LAS-ESCALERAS.pdf\"><img loading=\"lazy\" decoding=\"async\" class=\"alignnone size-full wp-image-5019\" src=\"https:\/\/blogsaverroes.juntadeandalucia.es\/ceperalmaden\/files\/2020\/08\/Escaleras.png\" alt=\"\" width=\"585\" height=\"825\" srcset=\"https:\/\/blogsaverroes.juntadeandalucia.es\/ceperalmaden\/files\/2020\/08\/Escaleras.png 585w, https:\/\/blogsaverroes.juntadeandalucia.es\/ceperalmaden\/files\/2020\/08\/Escaleras-213x300.png 213w, https:\/\/blogsaverroes.juntadeandalucia.es\/ceperalmaden\/files\/2020\/08\/Escaleras-17x24.png 17w, https:\/\/blogsaverroes.juntadeandalucia.es\/ceperalmaden\/files\/2020\/08\/Escaleras-26x36.png 26w, https:\/\/blogsaverroes.juntadeandalucia.es\/ceperalmaden\/files\/2020\/08\/Escaleras-34x48.png 34w\" sizes=\"(max-width: 585px) 100vw, 585px\" \/><\/a><\/h1>\n<h5 style=\"text-align: center\"><u>Lamina 8<\/u>: \u00abUso de los aseos\u00bb.<\/h5>\n<h1 style=\"text-align: center\"><a href=\"https:\/\/blogsaverroes.juntadeandalucia.es\/ceperalmaden\/files\/2020\/08\/14-USO-ASEOS.pdf\"><img loading=\"lazy\" decoding=\"async\" class=\"alignnone size-full wp-image-5022\" src=\"https:\/\/blogsaverroes.juntadeandalucia.es\/ceperalmaden\/files\/2020\/08\/Aseos.png\" alt=\"\" width=\"587\" height=\"828\" srcset=\"https:\/\/blogsaverroes.juntadeandalucia.es\/ceperalmaden\/files\/2020\/08\/Aseos.png 587w, https:\/\/blogsaverroes.juntadeandalucia.es\/ceperalmaden\/files\/2020\/08\/Aseos-213x300.png 213w, https:\/\/blogsaverroes.juntadeandalucia.es\/ceperalmaden\/files\/2020\/08\/Aseos-17x24.png 17w, https:\/\/blogsaverroes.juntadeandalucia.es\/ceperalmaden\/files\/2020\/08\/Aseos-26x36.png 26w, https:\/\/blogsaverroes.juntadeandalucia.es\/ceperalmaden\/files\/2020\/08\/Aseos-34x48.png 34w\" sizes=\"(max-width: 587px) 100vw, 587px\" \/><\/a><\/h1>\n<h5 style=\"text-align: center\"><u>Lamina 9<\/u>: \u00abUso del ascensor\u00bb.<\/h5>\n<h1 style=\"text-align: center\"><a href=\"https:\/\/blogsaverroes.juntadeandalucia.es\/ceperalmaden\/files\/2020\/08\/15-USO-ASCENSOR.pdf\"><img loading=\"lazy\" decoding=\"async\" class=\"alignnone size-full wp-image-5025\" src=\"https:\/\/blogsaverroes.juntadeandalucia.es\/ceperalmaden\/files\/2020\/08\/Ascensor.png\" alt=\"\" width=\"586\" height=\"829\" srcset=\"https:\/\/blogsaverroes.juntadeandalucia.es\/ceperalmaden\/files\/2020\/08\/Ascensor.png 586w, https:\/\/blogsaverroes.juntadeandalucia.es\/ceperalmaden\/files\/2020\/08\/Ascensor-212x300.png 212w, https:\/\/blogsaverroes.juntadeandalucia.es\/ceperalmaden\/files\/2020\/08\/Ascensor-17x24.png 17w, https:\/\/blogsaverroes.juntadeandalucia.es\/ceperalmaden\/files\/2020\/08\/Ascensor-25x36.png 25w, https:\/\/blogsaverroes.juntadeandalucia.es\/ceperalmaden\/files\/2020\/08\/Ascensor-34x48.png 34w\" sizes=\"(max-width: 586px) 100vw, 586px\" \/><\/a><\/h1>\n<h5 style=\"text-align: center\"><u>Lamina 10<\/u>: \u00abAtenci\u00f3n al p\u00fablico\u00bb.<\/h5>\n<h1 style=\"text-align: center\"><a href=\"https:\/\/blogsaverroes.juntadeandalucia.es\/ceperalmaden\/files\/2020\/08\/01-ATENCI\u00d3N-AL-P\u00daBLICO.pdf\"><img loading=\"lazy\" decoding=\"async\" class=\"alignnone size-full wp-image-5028\" src=\"https:\/\/blogsaverroes.juntadeandalucia.es\/ceperalmaden\/files\/2020\/08\/Atenci\u00f3n-al-p\u00fablico.png\" alt=\"\" width=\"585\" height=\"829\" srcset=\"https:\/\/blogsaverroes.juntadeandalucia.es\/ceperalmaden\/files\/2020\/08\/Atenci\u00f3n-al-p\u00fablico.png 585w, https:\/\/blogsaverroes.juntadeandalucia.es\/ceperalmaden\/files\/2020\/08\/Atenci\u00f3n-al-p\u00fablico-212x300.png 212w, https:\/\/blogsaverroes.juntadeandalucia.es\/ceperalmaden\/files\/2020\/08\/Atenci\u00f3n-al-p\u00fablico-17x24.png 17w, https:\/\/blogsaverroes.juntadeandalucia.es\/ceperalmaden\/files\/2020\/08\/Atenci\u00f3n-al-p\u00fablico-25x36.png 25w, https:\/\/blogsaverroes.juntadeandalucia.es\/ceperalmaden\/files\/2020\/08\/Atenci\u00f3n-al-p\u00fablico-34x48.png 34w\" sizes=\"(max-width: 585px) 100vw, 585px\" \/><\/a><\/h1>\n<h5 style=\"text-align: center\"><u>Lamina 11<\/u>: \u00abPresencialidad adaptada\u00bb.<\/h5>\n<h1 style=\"text-align: center\"><a href=\"https:\/\/blogsaverroes.juntadeandalucia.es\/ceperalmaden\/files\/2020\/08\/06-PRESENCIALIDAD-ADAPTADA.pdf\"><img loading=\"lazy\" decoding=\"async\" class=\"alignnone size-full wp-image-5031\" src=\"https:\/\/blogsaverroes.juntadeandalucia.es\/ceperalmaden\/files\/2020\/08\/Presencialidad-adaptada.png\" alt=\"\" width=\"586\" height=\"829\" srcset=\"https:\/\/blogsaverroes.juntadeandalucia.es\/ceperalmaden\/files\/2020\/08\/Presencialidad-adaptada.png 586w, https:\/\/blogsaverroes.juntadeandalucia.es\/ceperalmaden\/files\/2020\/08\/Presencialidad-adaptada-212x300.png 212w, https:\/\/blogsaverroes.juntadeandalucia.es\/ceperalmaden\/files\/2020\/08\/Presencialidad-adaptada-17x24.png 17w, https:\/\/blogsaverroes.juntadeandalucia.es\/ceperalmaden\/files\/2020\/08\/Presencialidad-adaptada-25x36.png 25w, https:\/\/blogsaverroes.juntadeandalucia.es\/ceperalmaden\/files\/2020\/08\/Presencialidad-adaptada-34x48.png 34w\" sizes=\"(max-width: 586px) 100vw, 586px\" \/><\/a><\/h1>\n<h5 style=\"text-align: center\"><u>Lamina 12<\/u>: \u00abTeletrabajo\u00bb.<\/h5>\n<h1 style=\"text-align: center\"><a href=\"https:\/\/blogsaverroes.juntadeandalucia.es\/ceperalmaden\/files\/2020\/08\/13-TELETRABAJO.pdf\"><img loading=\"lazy\" decoding=\"async\" class=\"alignnone size-full wp-image-5034\" src=\"https:\/\/blogsaverroes.juntadeandalucia.es\/ceperalmaden\/files\/2020\/08\/Teletrabajo.png\" alt=\"\" width=\"586\" height=\"831\" srcset=\"https:\/\/blogsaverroes.juntadeandalucia.es\/ceperalmaden\/files\/2020\/08\/Teletrabajo.png 586w, https:\/\/blogsaverroes.juntadeandalucia.es\/ceperalmaden\/files\/2020\/08\/Teletrabajo-212x300.png 212w, https:\/\/blogsaverroes.juntadeandalucia.es\/ceperalmaden\/files\/2020\/08\/Teletrabajo-17x24.png 17w, https:\/\/blogsaverroes.juntadeandalucia.es\/ceperalmaden\/files\/2020\/08\/Teletrabajo-25x36.png 25w, https:\/\/blogsaverroes.juntadeandalucia.es\/ceperalmaden\/files\/2020\/08\/Teletrabajo-34x48.png 34w\" sizes=\"(max-width: 586px) 100vw, 586px\" \/><\/a><\/h1>\n<h5 style=\"text-align: center\"><u>Lamina 13<\/u>: \u00abRelajaci\u00f3n muscular y estiramientos\u00bb.<\/h5>\n<h1 style=\"text-align: center\"><a href=\"https:\/\/blogsaverroes.juntadeandalucia.es\/ceperalmaden\/files\/2020\/08\/12-RELAJACI\u00d3N-MUSCULAR-ESTIRAMIENTOS.pdf\"><img loading=\"lazy\" decoding=\"async\" class=\"alignnone size-full wp-image-5037\" src=\"https:\/\/blogsaverroes.juntadeandalucia.es\/ceperalmaden\/files\/2020\/08\/Relajaci\u00f3n.png\" alt=\"\" width=\"586\" height=\"826\" srcset=\"https:\/\/blogsaverroes.juntadeandalucia.es\/ceperalmaden\/files\/2020\/08\/Relajaci\u00f3n.png 586w, https:\/\/blogsaverroes.juntadeandalucia.es\/ceperalmaden\/files\/2020\/08\/Relajaci\u00f3n-213x300.png 213w, https:\/\/blogsaverroes.juntadeandalucia.es\/ceperalmaden\/files\/2020\/08\/Relajaci\u00f3n-17x24.png 17w, https:\/\/blogsaverroes.juntadeandalucia.es\/ceperalmaden\/files\/2020\/08\/Relajaci\u00f3n-26x36.png 26w, https:\/\/blogsaverroes.juntadeandalucia.es\/ceperalmaden\/files\/2020\/08\/Relajaci\u00f3n-34x48.png 34w\" sizes=\"(max-width: 586px) 100vw, 586px\" \/><\/a><\/h1>\n<h5 style=\"text-align: center\"><u>Lamina 14<\/u>: \u00abDec\u00e1logo sobre c\u00f3mo actuar en caso de<br \/>\ntener s\u00edntomas de COVID-19\u00bb.<\/h5>\n<h1 style=\"text-align: center\"><a href=\"https:\/\/blogsaverroes.juntadeandalucia.es\/ceperalmaden\/files\/2020\/08\/16-DEC\u00c1LOGO-COMO-ACTUA-CON-COVID19.pdf\"><img loading=\"lazy\" decoding=\"async\" class=\"alignnone size-full wp-image-5040\" src=\"https:\/\/blogsaverroes.juntadeandalucia.es\/ceperalmaden\/files\/2020\/08\/Dec\u00e1logo.png\" alt=\"\" width=\"597\" height=\"794\" srcset=\"https:\/\/blogsaverroes.juntadeandalucia.es\/ceperalmaden\/files\/2020\/08\/Dec\u00e1logo.png 597w, https:\/\/blogsaverroes.juntadeandalucia.es\/ceperalmaden\/files\/2020\/08\/Dec\u00e1logo-226x300.png 226w, https:\/\/blogsaverroes.juntadeandalucia.es\/ceperalmaden\/files\/2020\/08\/Dec\u00e1logo-18x24.png 18w, https:\/\/blogsaverroes.juntadeandalucia.es\/ceperalmaden\/files\/2020\/08\/Dec\u00e1logo-27x36.png 27w, https:\/\/blogsaverroes.juntadeandalucia.es\/ceperalmaden\/files\/2020\/08\/Dec\u00e1logo-36x48.png 36w\" sizes=\"(max-width: 597px) 100vw, 597px\" \/><\/a><\/h1>\n<h5 style=\"text-align: center\"><u>Lamina 15<\/u>: \u00abMovilidad y seguridad vial en tiempos de COVID-19\u00bb.<\/h5>\n<h1 style=\"text-align: center\"><a href=\"https:\/\/blogsaverroes.juntadeandalucia.es\/ceperalmaden\/files\/2020\/08\/17-MOVILIDAD-Y-SEGURIDAD-VIAL.pdf\"><img loading=\"lazy\" decoding=\"async\" class=\"alignnone size-full wp-image-5043\" src=\"https:\/\/blogsaverroes.juntadeandalucia.es\/ceperalmaden\/files\/2020\/08\/Movilidad.png\" alt=\"\" width=\"613\" height=\"819\" srcset=\"https:\/\/blogsaverroes.juntadeandalucia.es\/ceperalmaden\/files\/2020\/08\/Movilidad.png 613w, https:\/\/blogsaverroes.juntadeandalucia.es\/ceperalmaden\/files\/2020\/08\/Movilidad-225x300.png 225w, https:\/\/blogsaverroes.juntadeandalucia.es\/ceperalmaden\/files\/2020\/08\/Movilidad-18x24.png 18w, https:\/\/blogsaverroes.juntadeandalucia.es\/ceperalmaden\/files\/2020\/08\/Movilidad-27x36.png 27w, https:\/\/blogsaverroes.juntadeandalucia.es\/ceperalmaden\/files\/2020\/08\/Movilidad-36x48.png 36w\" sizes=\"(max-width: 613px) 100vw, 613px\" \/><\/a><\/h1>\n<h5 style=\"text-align: center\"><u>Lamina 16<\/u>: \u00abLos virus no discriminan, las personas tampoco deber\u00edamos hacerlo\u00bb.<\/h5>\n<h1 style=\"text-align: center\"><a href=\"https:\/\/blogsaverroes.juntadeandalucia.es\/ceperalmaden\/files\/2020\/08\/18-LOS-VIRUS-NO-DISCRIMINAN_NOSOTROS-TAMPOCO.pdf\"><img loading=\"lazy\" decoding=\"async\" class=\"alignnone size-full wp-image-5046\" src=\"https:\/\/blogsaverroes.juntadeandalucia.es\/ceperalmaden\/files\/2020\/08\/Discriminaci\u00f3n.png\" alt=\"\" width=\"589\" height=\"831\" srcset=\"https:\/\/blogsaverroes.juntadeandalucia.es\/ceperalmaden\/files\/2020\/08\/Discriminaci\u00f3n.png 589w, https:\/\/blogsaverroes.juntadeandalucia.es\/ceperalmaden\/files\/2020\/08\/Discriminaci\u00f3n-213x300.png 213w, https:\/\/blogsaverroes.juntadeandalucia.es\/ceperalmaden\/files\/2020\/08\/Discriminaci\u00f3n-17x24.png 17w, https:\/\/blogsaverroes.juntadeandalucia.es\/ceperalmaden\/files\/2020\/08\/Discriminaci\u00f3n-26x36.png 26w, https:\/\/blogsaverroes.juntadeandalucia.es\/ceperalmaden\/files\/2020\/08\/Discriminaci\u00f3n-34x48.png 34w\" sizes=\"(max-width: 589px) 100vw, 589px\" \/><\/a><\/h1>\n","protected":false},"excerpt":{"rendered":"<p>ACTUACIONES DE EDUCACI\u00d3N Y PROMOCI\u00d3N PARA LA SALUD Buenas pr\u00e1cticas preventivas &nbsp; Haga clic sobre cada l\u00e1mina para verla a tama\u00f1o real, descargarla o imprimirla si as\u00ed lo desea. &nbsp; &nbsp; Lamina 1: \u00abBuenas pr\u00e1cticas&#46;&#46;&#46;<\/p>\n","protected":false},"author":6371,"featured_media":0,"parent":0,"menu_order":0,"comment_status":"closed","ping_status":"closed","template":"","meta":{"ngg_post_thumbnail":0,"footnotes":"","_mc_calendar":[]},"aioseo_notices":[],"_links":{"self":[{"href":"https:\/\/blogsaverroes.juntadeandalucia.es\/ceperalmaden\/wp-json\/wp\/v2\/pages\/4976"}],"collection":[{"href":"https:\/\/blogsaverroes.juntadeandalucia.es\/ceperalmaden\/wp-json\/wp\/v2\/pages"}],"about":[{"href":"https:\/\/blogsaverroes.juntadeandalucia.es\/ceperalmaden\/wp-json\/wp\/v2\/types\/page"}],"author":[{"embeddable":true,"href":"https:\/\/blogsaverroes.juntadeandalucia.es\/ceperalmaden\/wp-json\/wp\/v2\/users\/6371"}],"replies":[{"embeddable":true,"href":"https:\/\/blogsaverroes.juntadeandalucia.es\/ceperalmaden\/wp-json\/wp\/v2\/comments?post=4976"}],"version-history":[{"count":40,"href":"https:\/\/blogsaverroes.juntadeandalucia.es\/ceperalmaden\/wp-json\/wp\/v2\/pages\/4976\/revisions"}],"predecessor-version":[{"id":5458,"href":"https:\/\/blogsaverroes.juntadeandalucia.es\/ceperalmaden\/wp-json\/wp\/v2\/pages\/4976\/revisions\/5458"}],"wp:attachment":[{"href":"https:\/\/blogsaverroes.juntadeandalucia.es\/ceperalmaden\/wp-json\/wp\/v2\/media?parent=4976"}],"curies":[{"name":"wp","href":"https:\/\/api.w.org\/{rel}","templated":true}]}}