{"id":5108,"date":"2020-09-05T19:37:59","date_gmt":"2020-09-05T19:37:59","guid":{"rendered":"https:\/\/blogsaverroes.juntadeandalucia.es\/ceperalmaden\/?page_id=5108"},"modified":"2020-09-05T20:35:04","modified_gmt":"2020-09-05T20:35:04","slug":"programa-de-acogida-del-alumnado","status":"publish","type":"page","link":"https:\/\/blogsaverroes.juntadeandalucia.es\/ceperalmaden\/programa-de-acogida-del-alumnado\/","title":{"rendered":"PROGRAMA DE ACOGIDA DEL ALUMNADO"},"content":{"rendered":"<h1 style=\"text-align: center\"><strong><span style=\"color: #ff0000\">PROGRAMA DE ACOGIDA DEL ALUMNADO<\/span><\/strong><\/h1>\n<h4 style=\"text-align: center\"><strong><span style=\"color: #0000ff\">GU\u00cdAS ORIENTATIVAS DE PLAN EDUCATIVO DEL ALUMNADO<\/span><\/strong><\/h4>\n<p style=\"text-align: center\">Para acceder a las Gu\u00edas Orientativas de Plan Educativo del alumnado se cliquea sobre la imagen de la portada del documento que le interese y lo obtendr\u00e1 en formato pdf.<\/p>\n<p style=\"text-align: center\"><span style=\"color: #008080\"><strong>Gu\u00eda Orientativa del Alumnado del Plan Educativo de Tutor\u00eda Al Estudio de Educaci\u00f3n Secundaria de Personas Adultas Nivel II.<\/strong><\/span><\/p>\n<p style=\"text-align: center\"><a href=\"https:\/\/drive.google.com\/file\/d\/1Q21bDDS6arKBVdS_VeP8FGeLiSagrIO5\/view?usp=sharing\"><img loading=\"lazy\" decoding=\"async\" class=\"alignnone size-full wp-image-5109\" src=\"https:\/\/blogsaverroes.juntadeandalucia.es\/ceperalmaden\/files\/2020\/09\/Plan-Tae.png\" alt=\"\" width=\"396\" height=\"555\" srcset=\"https:\/\/blogsaverroes.juntadeandalucia.es\/ceperalmaden\/files\/2020\/09\/Plan-Tae.png 396w, https:\/\/blogsaverroes.juntadeandalucia.es\/ceperalmaden\/files\/2020\/09\/Plan-Tae-214x300.png 214w, https:\/\/blogsaverroes.juntadeandalucia.es\/ceperalmaden\/files\/2020\/09\/Plan-Tae-17x24.png 17w, https:\/\/blogsaverroes.juntadeandalucia.es\/ceperalmaden\/files\/2020\/09\/Plan-Tae-26x36.png 26w, https:\/\/blogsaverroes.juntadeandalucia.es\/ceperalmaden\/files\/2020\/09\/Plan-Tae-34x48.png 34w\" sizes=\"(max-width: 396px) 100vw, 396px\" \/><\/a><\/p>\n<p style=\"text-align: center\"><span style=\"color: #008080\"><strong>Gu\u00eda Orientativa del Alumnado del Plan Educativo de Preparaci\u00f3n para la Prueba Libre de ESO.<\/strong><\/span><\/p>\n<p style=\"text-align: center\"><a href=\"https:\/\/drive.google.com\/file\/d\/1kfuH0lzs9dSOOqOimiynDs3wcj2DmcZY\/view?usp=sharing\"><img loading=\"lazy\" decoding=\"async\" class=\"alignnone size-full wp-image-5109\" src=\"https:\/\/blogsaverroes.juntadeandalucia.es\/ceperalmaden\/files\/2020\/09\/Plan-ESO-LIBRE.png\" alt=\"\" width=\"396\" height=\"555\" \/><\/a><\/p>\n<p style=\"text-align: center\"><span style=\"color: #008080\"><strong>Gu\u00eda Orientativa del Alumnado del Plan Educativo de Preparaci\u00f3n para lal Pruebas de Acceso a la Universidad para Mayores de 25 a\u00f1os.<\/strong><\/span><\/p>\n<p style=\"text-align: center\"><a href=\"https:\/\/drive.google.com\/file\/d\/1hAXRQrafXNZ0c9yqiWA3IvvcmY6xFvJ3\/view?usp=sharing\"><img loading=\"lazy\" decoding=\"async\" class=\"alignnone size-full wp-image-5109\" src=\"https:\/\/blogsaverroes.juntadeandalucia.es\/ceperalmaden\/files\/2020\/09\/PAU.png\" alt=\"\" width=\"396\" height=\"555\" \/><\/a><\/p>\n<p style=\"text-align: center\"><span style=\"color: #008080\"><strong>Gu\u00eda Orientativa del Alumnado del Plan Educativo de Uso B\u00e1sico de Idiomas.<\/strong><\/span><\/p>\n<p style=\"text-align: center\"><a href=\"https:\/\/drive.google.com\/file\/d\/10lXDsP6Wd2vsE2E6Ln6RArLdKVDgzehh\/view?usp=sharing\"><img loading=\"lazy\" decoding=\"async\" class=\"alignnone size-full wp-image-5109\" src=\"https:\/\/blogsaverroes.juntadeandalucia.es\/ceperalmaden\/files\/2020\/09\/UBI.png\" alt=\"\" width=\"396\" height=\"555\" \/><\/a><\/p>\n<p style=\"text-align: center\"><span style=\"color: #008080\"><strong>Gu\u00eda Orientativa del Alumnado del Plan Educativo de Uso B\u00e1sico de las Tecnolog\u00edas de la Informaci\u00f3n y Comunicaci\u00f3n.<\/strong><\/span><\/p>\n<p style=\"text-align: center\"><a href=\"https:\/\/drive.google.com\/file\/d\/17_zGIXcLTKZPk88bxXUXMxBhpAV83uzQ\/view?usp=sharing\"><img loading=\"lazy\" decoding=\"async\" class=\"alignnone size-full wp-image-5109\" src=\"https:\/\/blogsaverroes.juntadeandalucia.es\/ceperalmaden\/files\/2020\/09\/TIC.png\" alt=\"\" width=\"396\" height=\"555\" \/><\/a><\/p>\n<p style=\"text-align: center\"><span style=\"color: #008080\"><strong>Gu\u00eda Orientativa del Alumnado del Plan Educativo de Interculturalidad, Cultura y Lengua Espa\u00f1ola para Extranjeros.<\/strong><\/span><\/p>\n<p style=\"text-align: center\"><a href=\"https:\/\/drive.google.com\/file\/d\/1hf34UpgzPA5yox-M2PtMe3Q3rZaeDJmN\/view?usp=sharing\"><img loading=\"lazy\" decoding=\"async\" class=\"alignnone size-full wp-image-5109\" src=\"https:\/\/blogsaverroes.juntadeandalucia.es\/ceperalmaden\/files\/2020\/09\/Interculturalidad.png\" alt=\"\" width=\"396\" height=\"555\" \/><\/a><\/p>\n","protected":false},"excerpt":{"rendered":"<p>PROGRAMA DE ACOGIDA DEL ALUMNADO GU\u00cdAS ORIENTATIVAS DE PLAN EDUCATIVO DEL ALUMNADO Para acceder a las Gu\u00edas Orientativas de Plan Educativo del alumnado se cliquea sobre la imagen de la portada del documento que le&#46;&#46;&#46;<\/p>\n","protected":false},"author":6371,"featured_media":0,"parent":0,"menu_order":0,"comment_status":"closed","ping_status":"closed","template":"","meta":{"ngg_post_thumbnail":0,"footnotes":"","_mc_calendar":[]},"aioseo_notices":[],"_links":{"self":[{"href":"https:\/\/blogsaverroes.juntadeandalucia.es\/ceperalmaden\/wp-json\/wp\/v2\/pages\/5108"}],"collection":[{"href":"https:\/\/blogsaverroes.juntadeandalucia.es\/ceperalmaden\/wp-json\/wp\/v2\/pages"}],"about":[{"href":"https:\/\/blogsaverroes.juntadeandalucia.es\/ceperalmaden\/wp-json\/wp\/v2\/types\/page"}],"author":[{"embeddable":true,"href":"https:\/\/blogsaverroes.juntadeandalucia.es\/ceperalmaden\/wp-json\/wp\/v2\/users\/6371"}],"replies":[{"embeddable":true,"href":"https:\/\/blogsaverroes.juntadeandalucia.es\/ceperalmaden\/wp-json\/wp\/v2\/comments?post=5108"}],"version-history":[{"count":23,"href":"https:\/\/blogsaverroes.juntadeandalucia.es\/ceperalmaden\/wp-json\/wp\/v2\/pages\/5108\/revisions"}],"predecessor-version":[{"id":5112,"href":"https:\/\/blogsaverroes.juntadeandalucia.es\/ceperalmaden\/wp-json\/wp\/v2\/pages\/5108\/revisions\/5112"}],"wp:attachment":[{"href":"https:\/\/blogsaverroes.juntadeandalucia.es\/ceperalmaden\/wp-json\/wp\/v2\/media?parent=5108"}],"curies":[{"name":"wp","href":"https:\/\/api.w.org\/{rel}","templated":true}]}}

<h1 style="text-align: center"><strong><span style="color: #ff0000">PROGRAMA DE ACOGIDA DEL ALUMNADO</span></strong></h1>
<h4 style="text-align: center"><strong><span style="color: #0000ff">GUÍAS ORIENTATIVAS DE PLAN EDUCATIVO DEL ALUMNADO</span></strong></h4>
<p style="text-align: center">Para acceder a las Guías Orientativas de Plan Educativo del alumnado se cliquea sobre la imagen de la portada del documento que le interese y lo obtendrá en formato pdf.</p>
<p style="text-align: center"><span style="color: #008080"><strong>Guía Orientativa del Alumnado del Plan Educativo de Tutoría Al Estudio de Educación Secundaria de Personas Adultas Nivel II.</strong></span></p>
<p style="text-align: center"><a href="https://drive.google.com/file/d/1Q21bDDS6arKBVdS_VeP8FGeLiSagrIO5/view?usp=sharing"><img loading="lazy" decoding="async" class="alignnone size-full wp-image-5109" src="https://blogsaverroes.juntadeandalucia.es/ceperalmaden/files/2020/09/Plan-Tae.png" alt="" width="396" height="555" srcset="https://blogsaverroes.juntadeandalucia.es/ceperalmaden/files/2020/09/Plan-Tae.png 396w, https://blogsaverroes.juntadeandalucia.es/ceperalmaden/files/2020/09/Plan-Tae-214x300.png 214w, https://blogsaverroes.juntadeandalucia.es/ceperalmaden/files/2020/09/Plan-Tae-17x24.png 17w, https://blogsaverroes.juntadeandalucia.es/ceperalmaden/files/2020/09/Plan-Tae-26x36.png 26w, https://blogsaverroes.juntadeandalucia.es/ceperalmaden/files/2020/09/Plan-Tae-34x48.png 34w" sizes="(max-width: 396px) 100vw, 396px" /></a></p>
<p style="text-align: center"><span style="color: #008080"><strong>Guía Orientativa del Alumnado del Plan Educativo de Preparación para la Prueba Libre de ESO.</strong></span></p>
<p style="text-align: center"><a href="https://drive.google.com/file/d/1kfuH0lzs9dSOOqOimiynDs3wcj2DmcZY/view?usp=sharing"><img loading="lazy" decoding="async" class="alignnone size-full wp-image-5109" src="https://blogsaverroes.juntadeandalucia.es/ceperalmaden/files/2020/09/Plan-ESO-LIBRE.png" alt="" width="396" height="555" /></a></p>
<p style="text-align: center"><span style="color: #008080"><strong>Guía Orientativa del Alumnado del Plan Educativo de Preparación para lal Pruebas de Acceso a la Universidad para Mayores de 25 años.</strong></span></p>
<p style="text-align: center"><a href="https://drive.google.com/file/d/1hAXRQrafXNZ0c9yqiWA3IvvcmY6xFvJ3/view?usp=sharing"><img loading="lazy" decoding="async" class="alignnone size-full wp-image-5109" src="https://blogsaverroes.juntadeandalucia.es/ceperalmaden/files/2020/09/PAU.png" alt="" width="396" height="555" /></a></p>
<p style="text-align: center"><span style="color: #008080"><strong>Guía Orientativa del Alumnado del Plan Educativo de Uso Básico de Idiomas.</strong></span></p>
<p style="text-align: center"><a href="https://drive.google.com/file/d/10lXDsP6Wd2vsE2E6Ln6RArLdKVDgzehh/view?usp=sharing"><img loading="lazy" decoding="async" class="alignnone size-full wp-image-5109" src="https://blogsaverroes.juntadeandalucia.es/ceperalmaden/files/2020/09/UBI.png" alt="" width="396" height="555" /></a></p>
<p style="text-align: center"><span style="color: #008080"><strong>Guía Orientativa del Alumnado del Plan Educativo de Uso Básico de las Tecnologías de la Información y Comunicación.</strong></span></p>
<p style="text-align: center"><a href="https://drive.google.com/file/d/17_zGIXcLTKZPk88bxXUXMxBhpAV83uzQ/view?usp=sharing"><img loading="lazy" decoding="async" class="alignnone size-full wp-image-5109" src="https://blogsaverroes.juntadeandalucia.es/ceperalmaden/files/2020/09/TIC.png" alt="" width="396" height="555" /></a></p>
<p style="text-align: center"><span style="color: #008080"><strong>Guía Orientativa del Alumnado del Plan Educativo de Interculturalidad, Cultura y Lengua Española para Extranjeros.</strong></span></p>
<p style="text-align: center"><a href="https://drive.google.com/file/d/1hf34UpgzPA5yox-M2PtMe3Q3rZaeDJmN/view?usp=sharing"><img loading="lazy" decoding="async" class="alignnone size-full wp-image-5109" src="https://blogsaverroes.juntadeandalucia.es/ceperalmaden/files/2020/09/Interculturalidad.png" alt="" width="396" height="555" /></a></p>

<p>PROGRAMA DE ACOGIDA DEL ALUMNADO GUÍAS ORIENTATIVAS DE PLAN EDUCATIVO DEL ALUMNADO Para acceder a las Guías Orientativas de Plan Educativo del alumnado se cliquea sobre la imagen de la portada del documento que le&#46;&#46;&#46;</p>
