{"id":5645,"date":"2022-02-04T09:55:17","date_gmt":"2022-02-04T09:55:17","guid":{"rendered":"https:\/\/blogsaverroes.juntadeandalucia.es\/ceperalmaden\/?page_id=5645"},"modified":"2022-11-16T16:27:22","modified_gmt":"2022-11-16T16:27:22","slug":"plan-anual-de-centro-2","status":"publish","type":"page","link":"https:\/\/blogsaverroes.juntadeandalucia.es\/ceperalmaden\/plan-anual-de-centro-2\/","title":{"rendered":"Plan Anual de Centro"},"content":{"rendered":"<h1 style=\"text-align: center\"><strong><span style=\"color: #ff0000\">PLAN ANUAL DE CENTRO<\/span><\/strong><\/h1>\n<h1 style=\"text-align: center\"><strong><span style=\"color: #008000\">Curso acad\u00e9mico 2022-2023<\/span><\/strong><\/h1>\n<p><img loading=\"lazy\" decoding=\"async\" class=\"alignnone wp-image-6035\" src=\"https:\/\/blogsaverroes.juntadeandalucia.es\/ceperalmaden\/files\/2022\/03\/Plan-Anual-de-Centro.jpg\" alt=\"\" width=\"1167\" height=\"384\" srcset=\"https:\/\/blogsaverroes.juntadeandalucia.es\/ceperalmaden\/files\/2022\/03\/Plan-Anual-de-Centro.jpg 960w, https:\/\/blogsaverroes.juntadeandalucia.es\/ceperalmaden\/files\/2022\/03\/Plan-Anual-de-Centro-300x99.jpg 300w, https:\/\/blogsaverroes.juntadeandalucia.es\/ceperalmaden\/files\/2022\/03\/Plan-Anual-de-Centro-768x253.jpg 768w\" sizes=\"(max-width: 1167px) 100vw, 1167px\" \/><\/p>\n<h3>&nbsp;<\/h3>\n<h3 style=\"text-align: center\"><strong><span style=\"color: #0000ff\">DOCUMENTO MARCO DE PLANIFICACI\u00d3N E IMPLIMENTACI\u00d3N DE CENTRO.<\/span><\/strong><\/h3>\n<p>&nbsp;<\/p>\n<p style=\"text-align: center\"><a href=\"https:\/\/drive.google.com\/file\/d\/1eH_2sKZh3S7JxNDrvsPhDG5J6_DMILsI\/view?usp=share_link\"><img loading=\"lazy\" decoding=\"async\" class=\"alignnone size-full wp-image-7381\" src=\"https:\/\/blogsaverroes.juntadeandalucia.es\/ceperalmaden\/files\/2022\/10\/Plan-Anual-de-Centro-22_23.png\" alt=\"\" width=\"601\" height=\"845\" srcset=\"https:\/\/blogsaverroes.juntadeandalucia.es\/ceperalmaden\/files\/2022\/10\/Plan-Anual-de-Centro-22_23.png 601w, https:\/\/blogsaverroes.juntadeandalucia.es\/ceperalmaden\/files\/2022\/10\/Plan-Anual-de-Centro-22_23-213x300.png 213w\" sizes=\"(max-width: 601px) 100vw, 601px\" \/><\/a><\/p>\n<p>&nbsp;<\/p>\n<h3 style=\"text-align: center\"><strong><span style=\"color: #0000ff\">DOCUMENTOS SUPLEMENTARIOS DE PLANIFICACI\u00d3N E IMPLEMENTACI\u00d3N ESPEC\u00cdFICA DE PLANES EDUCATIVOS IMPARTIDOS EN EL CENTRO.<\/span><\/strong><\/h3>\n<p>&nbsp;<\/p>\n<table style=\"border-collapse: collapse;width: 100%\">\n<tbody>\n<tr>\n<td style=\"width: 15.2586%;text-align: center\">\n<h4><span style=\"color: #ff0000\"><strong>BLOQUE DOCUMENTAL<\/strong><\/span><span style=\"color: #ff0000\"><strong> 1<\/strong><\/span><\/h4>\n<\/td>\n<td style=\"width: 84.7414%;text-align: center\">\n<h4><span style=\"color: #993366\"><strong><a style=\"color: #993366\" href=\"https:\/\/wp.me\/Pb340B-1t8\"><img loading=\"lazy\" decoding=\"async\" class=\"alignnone wp-image-6039\" src=\"https:\/\/blogsaverroes.juntadeandalucia.es\/ceperalmaden\/files\/2022\/03\/icono-tic.png\" alt=\"\" width=\"121\" height=\"121\" srcset=\"https:\/\/blogsaverroes.juntadeandalucia.es\/ceperalmaden\/files\/2022\/03\/icono-tic.png 1600w, https:\/\/blogsaverroes.juntadeandalucia.es\/ceperalmaden\/files\/2022\/03\/icono-tic-300x300.png 300w, https:\/\/blogsaverroes.juntadeandalucia.es\/ceperalmaden\/files\/2022\/03\/icono-tic-1024x1024.png 1024w, https:\/\/blogsaverroes.juntadeandalucia.es\/ceperalmaden\/files\/2022\/03\/icono-tic-150x150.png 150w, https:\/\/blogsaverroes.juntadeandalucia.es\/ceperalmaden\/files\/2022\/03\/icono-tic-768x768.png 768w, https:\/\/blogsaverroes.juntadeandalucia.es\/ceperalmaden\/files\/2022\/03\/icono-tic-1536x1536.png 1536w, https:\/\/blogsaverroes.juntadeandalucia.es\/ceperalmaden\/files\/2022\/03\/icono-tic-2048x2048.png 2048w, https:\/\/blogsaverroes.juntadeandalucia.es\/ceperalmaden\/files\/2022\/03\/icono-tic-80x80.png 80w, https:\/\/blogsaverroes.juntadeandalucia.es\/ceperalmaden\/files\/2022\/03\/icono-tic-320x320.png 320w\" sizes=\"(max-width: 121px) 100vw, 121px\" \/><\/a><\/strong><\/span><\/h4>\n<h4><span style=\"color: #993366\"><strong><a style=\"color: #993366\" href=\"https:\/\/wp.me\/Pb340B-1t8\">Plan educativo de uso b\u00e1sico de las tecnolog\u00edas de la informaci\u00f3n y comunicaci\u00f3n.<\/a><\/strong><\/span><\/h4>\n<\/td>\n<\/tr>\n<tr>\n<td style=\"width: 15.2586%;text-align: center\">\n<h4><span style=\"color: #ff0000\"><strong>BLOQUE DOCUMENTAL 2<\/strong><\/span><\/h4>\n<\/td>\n<td style=\"width: 84.7414%;text-align: center\">\n<h4><span style=\"color: #993366\"><strong><a style=\"color: #993366\" href=\"https:\/\/blogsaverroes.juntadeandalucia.es\/ceperalmaden\/plan-educativo-de-interculturalidad-cultura-y-lengua-espanola-para-personas-procedentes-de-otros-paises\/\"><img loading=\"lazy\" decoding=\"async\" class=\"alignnone wp-image-6042\" src=\"https:\/\/blogsaverroes.juntadeandalucia.es\/ceperalmaden\/files\/2022\/03\/icono-interculturalidad.jpg\" alt=\"\" width=\"120\" height=\"120\" srcset=\"https:\/\/blogsaverroes.juntadeandalucia.es\/ceperalmaden\/files\/2022\/03\/icono-interculturalidad.jpg 600w, https:\/\/blogsaverroes.juntadeandalucia.es\/ceperalmaden\/files\/2022\/03\/icono-interculturalidad-300x300.jpg 300w, https:\/\/blogsaverroes.juntadeandalucia.es\/ceperalmaden\/files\/2022\/03\/icono-interculturalidad-150x150.jpg 150w, https:\/\/blogsaverroes.juntadeandalucia.es\/ceperalmaden\/files\/2022\/03\/icono-interculturalidad-80x80.jpg 80w, https:\/\/blogsaverroes.juntadeandalucia.es\/ceperalmaden\/files\/2022\/03\/icono-interculturalidad-320x320.jpg 320w\" sizes=\"(max-width: 120px) 100vw, 120px\" \/><\/a><\/strong><\/span><\/h4>\n<h4><span style=\"color: #993366\"><strong><a style=\"color: #993366\" href=\"https:\/\/blogsaverroes.juntadeandalucia.es\/ceperalmaden\/plan-educativo-de-interculturalidad-cultura-y-lengua-espanola-para-personas-procedentes-de-otros-paises\/\">Plan educativo de acercamiento al fen\u00f3meno intercultural y el conocimiento de la cultura y lengua espa\u00f1ola para personas procedentes de otros pa\u00edses.<\/a><\/strong><\/span><\/h4>\n<\/td>\n<\/tr>\n<tr>\n<td style=\"width: 15.2586%;text-align: center\">\n<h4><span style=\"color: #ff0000\"><strong>BLOQUE DOCUMENTAL 3<\/strong><\/span><\/h4>\n<\/td>\n<td style=\"width: 84.7414%;text-align: center\">\n<h4>&nbsp;<\/h4>\n<p><a href=\"https:\/\/wp.me\/Pb340B-1tK\"><img loading=\"lazy\" decoding=\"async\" class=\" wp-image-6050\" src=\"https:\/\/blogsaverroes.juntadeandalucia.es\/ceperalmaden\/files\/2022\/03\/icono-Riesgos-laborales.jpg\" alt=\"\" width=\"120\" height=\"120\" srcset=\"https:\/\/blogsaverroes.juntadeandalucia.es\/ceperalmaden\/files\/2022\/03\/icono-Riesgos-laborales.jpg 612w, https:\/\/blogsaverroes.juntadeandalucia.es\/ceperalmaden\/files\/2022\/03\/icono-Riesgos-laborales-300x300.jpg 300w, https:\/\/blogsaverroes.juntadeandalucia.es\/ceperalmaden\/files\/2022\/03\/icono-Riesgos-laborales-150x150.jpg 150w, https:\/\/blogsaverroes.juntadeandalucia.es\/ceperalmaden\/files\/2022\/03\/icono-Riesgos-laborales-80x80.jpg 80w, https:\/\/blogsaverroes.juntadeandalucia.es\/ceperalmaden\/files\/2022\/03\/icono-Riesgos-laborales-320x320.jpg 320w\" sizes=\"(max-width: 120px) 100vw, 120px\" \/><\/a><\/p>\n<h4><span style=\"color: #993366\"><strong><a style=\"color: #993366\" href=\"https:\/\/wp.me\/Pb340B-1tK\">Plan educativo para la adquisici\u00f3n de h\u00e1bitos de vida saludable y prevenci\u00f3n de enfermedades y riesgos profesionales.<\/a><\/strong><\/span><\/h4>\n<\/td>\n<\/tr>\n<tr>\n<td style=\"width: 15.2586%;text-align: center\">\n<h4><span style=\"color: #ff0000\"><strong>BLOQUE DOCUMENTAL 4<\/strong><\/span><\/h4>\n<\/td>\n<td style=\"width: 84.7414%;text-align: center\">\n<h4><span style=\"color: #993366\"><strong><a style=\"color: #993366\" href=\"https:\/\/wp.me\/Pb340B-1tT\"><img loading=\"lazy\" decoding=\"async\" class=\"alignnone wp-image-6052\" src=\"https:\/\/blogsaverroes.juntadeandalucia.es\/ceperalmaden\/files\/2022\/03\/Icono-patrimonio.jpg\" alt=\"\" width=\"120\" height=\"135\" srcset=\"https:\/\/blogsaverroes.juntadeandalucia.es\/ceperalmaden\/files\/2022\/03\/Icono-patrimonio.jpg 912w, https:\/\/blogsaverroes.juntadeandalucia.es\/ceperalmaden\/files\/2022\/03\/Icono-patrimonio-267x300.jpg 267w, https:\/\/blogsaverroes.juntadeandalucia.es\/ceperalmaden\/files\/2022\/03\/Icono-patrimonio-768x862.jpg 768w\" sizes=\"(max-width: 120px) 100vw, 120px\" \/><\/a><\/strong><\/span><\/h4>\n<h4><span style=\"color: #993366\"><strong><a style=\"color: #993366\" href=\"https:\/\/wp.me\/Pb340B-1tT\">Plan educativo de fomento del conocimiento y conservaci\u00f3n del patrimonio cultural andaluz y su entorno natural.<\/a><\/strong><\/span><\/h4>\n<\/td>\n<\/tr>\n<tr>\n<td style=\"width: 15.2586%;text-align: center\">\n<h4><span style=\"color: #ff0000\"><strong>BLOQUE DOCUMENTAL 5<\/strong><\/span><\/h4>\n<\/td>\n<td style=\"width: 84.7414%;text-align: center\">\n<h4><span style=\"color: #993366\"><strong><a style=\"color: #993366\" href=\"https:\/\/wp.me\/Pb340B-1u5\"><img loading=\"lazy\" decoding=\"async\" class=\"alignnone wp-image-6055\" src=\"https:\/\/blogsaverroes.juntadeandalucia.es\/ceperalmaden\/files\/2022\/03\/Icono-cultura-emprendedora.jpg\" alt=\"\" width=\"227\" height=\"120\"\/><\/a><\/strong><\/span><\/h4>\n<h4><span style=\"color: #993366\"><strong><a style=\"color: #993366\" href=\"https:\/\/wp.me\/Pb340B-1u5\">Plan educativo de fomento de la cultura emprendedora.<\/a><\/strong><\/span><\/h4>\n<\/td>\n<\/tr>\n<tr>\n<td style=\"width: 15.2586%;text-align: center\">\n<h4><span style=\"color: #ff0000\"><strong>BLOQUE DOCUMENTAL 6<\/strong><\/span><\/h4>\n<\/td>\n<td style=\"width: 84.7414%;text-align: center\">\n<h4><a href=\"https:\/\/wp.me\/Pb340B-1C5\"><img loading=\"lazy\" decoding=\"async\" class=\"alignnone wp-image-6140\" src=\"https:\/\/blogsaverroes.juntadeandalucia.es\/ceperalmaden\/files\/2022\/03\/idiomas.png\" alt=\"\" width=\"153\" height=\"153\" srcset=\"https:\/\/blogsaverroes.juntadeandalucia.es\/ceperalmaden\/files\/2022\/03\/idiomas.png 150w, https:\/\/blogsaverroes.juntadeandalucia.es\/ceperalmaden\/files\/2022\/03\/idiomas-80x80.png 80w\" sizes=\"(max-width: 153px) 100vw, 153px\" \/><\/a><\/h4>\n<h4><a href=\"https:\/\/wp.me\/Pb340B-1C5\"><span style=\"color: #993366\"><strong>Plan educativo de uso b\u00e1sico de idiomas.<\/strong><\/span><\/a><\/h4>\n<\/td>\n<\/tr>\n<tr>\n<td style=\"width: 15.2586%;text-align: center\">\n<h4><span style=\"color: #ff0000\"><strong>BLOQUE DOCUMENTAL 7<\/strong><\/span><\/h4>\n<\/td>\n<td style=\"width: 84.7414%;text-align: center\">\n<h4><a href=\"https:\/\/wp.me\/Pb340B-1yV\"><img loading=\"lazy\" decoding=\"async\" class=\"alignnone wp-image-6162\" src=\"https:\/\/blogsaverroes.juntadeandalucia.es\/ceperalmaden\/files\/2022\/03\/ESO.jpg\" alt=\"\" width=\"150\" height=\"150\" srcset=\"https:\/\/blogsaverroes.juntadeandalucia.es\/ceperalmaden\/files\/2022\/03\/ESO.jpg 800w, https:\/\/blogsaverroes.juntadeandalucia.es\/ceperalmaden\/files\/2022\/03\/ESO-300x300.jpg 300w, https:\/\/blogsaverroes.juntadeandalucia.es\/ceperalmaden\/files\/2022\/03\/ESO-150x150.jpg 150w, https:\/\/blogsaverroes.juntadeandalucia.es\/ceperalmaden\/files\/2022\/03\/ESO-768x768.jpg 768w, https:\/\/blogsaverroes.juntadeandalucia.es\/ceperalmaden\/files\/2022\/03\/ESO-80x80.jpg 80w, https:\/\/blogsaverroes.juntadeandalucia.es\/ceperalmaden\/files\/2022\/03\/ESO-320x320.jpg 320w\" sizes=\"(max-width: 150px) 100vw, 150px\" \/><\/a><\/h4>\n<h4><a href=\"https:\/\/wp.me\/Pb340B-1yV\"><span style=\"color: #993366\"><strong>Plan educativo de tutor\u00eda de apoyo al estudio para la Educaci\u00f3n Secundaria Obligatoria para personas adultas nivel I modalidad semipresencial.<\/strong><\/span><\/a><\/h4>\n<\/td>\n<\/tr>\n<tr>\n<td style=\"width: 15.2586%;text-align: center\">\n<h4><span style=\"color: #ff0000\"><strong>BLOQUE DOCUMENTAL 8<\/strong><\/span><\/h4>\n<\/td>\n<td style=\"width: 84.7414%;text-align: center\">\n<h4><a href=\"https:\/\/wp.me\/Pb340B-1B4\"><span style=\"color: #993366\"><strong><img loading=\"lazy\" decoding=\"async\" class=\"alignnone wp-image-6057\" src=\"https:\/\/blogsaverroes.juntadeandalucia.es\/ceperalmaden\/files\/2022\/03\/Icono-E.S.O.png\" alt=\"\" width=\"257\" height=\"119\" srcset=\"https:\/\/blogsaverroes.juntadeandalucia.es\/ceperalmaden\/files\/2022\/03\/Icono-E.S.O.png 400w, https:\/\/blogsaverroes.juntadeandalucia.es\/ceperalmaden\/files\/2022\/03\/Icono-E.S.O-300x139.png 300w\" sizes=\"(max-width: 257px) 100vw, 257px\" \/><\/strong><\/span><\/a><\/h4>\n<h4><a href=\"https:\/\/wp.me\/Pb340B-1B4\"><span style=\"color: #993366\"><strong>Plan educativo de tutor\u00eda de apoyo al estudio para la Educaci\u00f3n Secundaria Obligatoria para personas adultas nivel II modalidad semipresencial.<\/strong><\/span><\/a><\/h4>\n<\/td>\n<\/tr>\n<tr>\n<td style=\"width: 15.2586%;text-align: center\">\n<h4><span style=\"color: #ff0000\"><strong>BLOQUE DOCUMENTAL 9<\/strong><\/span><\/h4>\n<\/td>\n<td style=\"width: 84.7414%;text-align: center\">\n<h4><a href=\"https:\/\/wp.me\/Pb340B-1By\"><img loading=\"lazy\" decoding=\"async\" class=\"alignnone wp-image-4775\" src=\"https:\/\/blogsaverroes.juntadeandalucia.es\/ceperalmaden\/files\/2020\/06\/universidad1.png\" alt=\"\" width=\"150\" height=\"149\" srcset=\"https:\/\/blogsaverroes.juntadeandalucia.es\/ceperalmaden\/files\/2020\/06\/universidad1.png 500w, https:\/\/blogsaverroes.juntadeandalucia.es\/ceperalmaden\/files\/2020\/06\/universidad1-150x150.png 150w, https:\/\/blogsaverroes.juntadeandalucia.es\/ceperalmaden\/files\/2020\/06\/universidad1-300x300.png 300w, https:\/\/blogsaverroes.juntadeandalucia.es\/ceperalmaden\/files\/2020\/06\/universidad1-100x100.png 100w, https:\/\/blogsaverroes.juntadeandalucia.es\/ceperalmaden\/files\/2020\/06\/universidad1-160x160.png 160w, https:\/\/blogsaverroes.juntadeandalucia.es\/ceperalmaden\/files\/2020\/06\/universidad1-320x320.png 320w, https:\/\/blogsaverroes.juntadeandalucia.es\/ceperalmaden\/files\/2020\/06\/universidad1-24x24.png 24w, https:\/\/blogsaverroes.juntadeandalucia.es\/ceperalmaden\/files\/2020\/06\/universidad1-36x36.png 36w, https:\/\/blogsaverroes.juntadeandalucia.es\/ceperalmaden\/files\/2020\/06\/universidad1-48x48.png 48w\" sizes=\"(max-width: 150px) 100vw, 150px\" \/><\/a><\/h4>\n<h4><a href=\"https:\/\/wp.me\/Pb340B-1By\"><span style=\"color: #993366\"><strong>Plan educativo para la preparaci\u00f3n para el acceso a la universidad para mayores de 25 a\u00f1os.<\/strong><\/span><\/a><\/h4>\n<\/td>\n<\/tr>\n<\/tbody>\n<\/table>\n<p>&nbsp;<\/p>\n","protected":false},"excerpt":{"rendered":"<p>PLAN ANUAL DE CENTRO Curso acad\u00e9mico 2022-2023 &nbsp; DOCUMENTO MARCO DE PLANIFICACI\u00d3N E IMPLIMENTACI\u00d3N DE CENTRO. &nbsp; &nbsp; DOCUMENTOS SUPLEMENTARIOS DE PLANIFICACI\u00d3N E IMPLEMENTACI\u00d3N ESPEC\u00cdFICA DE PLANES EDUCATIVOS IMPARTIDOS EN EL CENTRO. &nbsp; BLOQUE DOCUMENTAL&#46;&#46;&#46;<\/p>\n","protected":false},"author":6371,"featured_media":0,"parent":0,"menu_order":0,"comment_status":"closed","ping_status":"closed","template":"","meta":{"ngg_post_thumbnail":0,"footnotes":"","_mc_calendar":[]},"aioseo_notices":[],"_links":{"self":[{"href":"https:\/\/blogsaverroes.juntadeandalucia.es\/ceperalmaden\/wp-json\/wp\/v2\/pages\/5645"}],"collection":[{"href":"https:\/\/blogsaverroes.juntadeandalucia.es\/ceperalmaden\/wp-json\/wp\/v2\/pages"}],"about":[{"href":"https:\/\/blogsaverroes.juntadeandalucia.es\/ceperalmaden\/wp-json\/wp\/v2\/types\/page"}],"author":[{"embeddable":true,"href":"https:\/\/blogsaverroes.juntadeandalucia.es\/ceperalmaden\/wp-json\/wp\/v2\/users\/6371"}],"replies":[{"embeddable":true,"href":"https:\/\/blogsaverroes.juntadeandalucia.es\/ceperalmaden\/wp-json\/wp\/v2\/comments?post=5645"}],"version-history":[{"count":48,"href":"https:\/\/blogsaverroes.juntadeandalucia.es\/ceperalmaden\/wp-json\/wp\/v2\/pages\/5645\/revisions"}],"predecessor-version":[{"id":7389,"href":"https:\/\/blogsaverroes.juntadeandalucia.es\/ceperalmaden\/wp-json\/wp\/v2\/pages\/5645\/revisions\/7389"}],"wp:attachment":[{"href":"https:\/\/blogsaverroes.juntadeandalucia.es\/ceperalmaden\/wp-json\/wp\/v2\/media?parent=5645"}],"curies":[{"name":"wp","href":"https:\/\/api.w.org\/{rel}","templated":true}]}}