{"id":5891,"date":"2022-02-28T12:08:34","date_gmt":"2022-02-28T12:08:34","guid":{"rendered":"https:\/\/blogsaverroes.juntadeandalucia.es\/ceperalmaden\/?page_id=5891"},"modified":"2022-08-29T14:53:28","modified_gmt":"2022-08-29T14:53:28","slug":"ipasen","status":"publish","type":"page","link":"https:\/\/blogsaverroes.juntadeandalucia.es\/ceperalmaden\/ipasen\/","title":{"rendered":"iPasen"},"content":{"rendered":"<p><img loading=\"lazy\" decoding=\"async\" class=\"alignnone wp-image-5892 aligncenter\" src=\"https:\/\/blogsaverroes.juntadeandalucia.es\/ceperalmaden\/files\/2022\/02\/ipasen.jpg\" alt=\"\" width=\"425\" height=\"294\" srcset=\"https:\/\/blogsaverroes.juntadeandalucia.es\/ceperalmaden\/files\/2022\/02\/ipasen.jpg 336w, https:\/\/blogsaverroes.juntadeandalucia.es\/ceperalmaden\/files\/2022\/02\/ipasen-300x207.jpg 300w\" sizes=\"(max-width: 425px) 100vw, 425px\" \/><\/p>\n<h3 style=\"text-align: center\"><span style=\"color: #800000\"><strong>Cuesti\u00f3n 1: <\/strong><\/span><\/h3>\n<h3 style=\"text-align: center\"><span style=\"color: #000080\"><strong>\u00ab\u00bfQu\u00e9 es Pasen\/iPasen?\u00bb<\/strong><\/span><\/h3>\n<p style=\"text-align: justify\">iPasen es la aplicaci\u00f3n m\u00f3vil de la Consejer\u00eda de Educaci\u00f3n y Deporte que permite la comunicaci\u00f3n entre los distintos miembros de la comunidad educativa (tutores\/as legales, alumnado, cargos directivos y profesorado).<\/p>\n<p style=\"text-align: justify\">Esta aplicaci\u00f3n dispone de muchas funcionalidades, entre las que se pueden destacar:<\/p>\n<ul>\n<li style=\"text-align: justify\">El seguimiento de las calificaciones, observaciones y faltas de asistencia e incidencias del alumnado.<\/li>\n<li style=\"text-align: justify\">La comunicaci\u00f3n directa entre el profesorado y los tutores\/as legales.<\/li>\n<li style=\"text-align: justify\">La visualizaci\u00f3n del calendario de ex\u00e1menes y los horarios de clase.<\/li>\n<li style=\"text-align: justify\">Tr\u00e1mites como acceso al Punto de Recogida, acceso a la Secretar\u00eda Virtual, firmas de autorizaciones y documentos.<\/li>\n<li style=\"text-align: justify\">Un muro de los centros educativos en el que se muestra su calendario de eventos, las noticias y novedades, la informaci\u00f3n del centro\u2026<\/li>\n<\/ul>\n<h3>&nbsp;<\/h3>\n<h3 style=\"text-align: center\"><span style=\"color: #800000\"><strong>Cuesti\u00f3n 2: <\/strong><\/span><\/h3>\n<h3 style=\"text-align: center\"><span style=\"color: #000080\"><strong>\u00abUtilidades.\u00bb<\/strong><\/span><\/h3>\n<p><iframe class=\"wp-embedded-content\" sandbox=\"allow-scripts\" security=\"restricted\" title=\"iPasen\" frameborder='0' width='1200' height='675' src='https:\/\/view.genial.ly\/5e2ea8fa35ef460490c50afd#?secret=fIRZq5i8di' data-secret='fIRZq5i8di' scrolling='yes'><\/iframe><\/p>\n<p>&nbsp;<\/p>\n<h3 style=\"text-align: center\"><span style=\"color: #800000\"><strong>Cuesti\u00f3n 3: <\/strong><\/span><\/h3>\n<h3 style=\"text-align: center\"><span style=\"color: #000080\"><strong>\u00abDescarga la app de iPasen y generaci\u00f3n de contrase\u00f1a (autologin) tambi\u00e9n v\u00e1lida para la plataforma educativa.\u00bb<\/strong><\/span><\/h3>\n<h4>&nbsp;<\/h4>\n<h4 style=\"text-align: center\"><span style=\"color: #008000\"><strong>Tel\u00e9fono android: \u00abInstrucciones de instalaci\u00f3n y autologin\u00bb.<\/strong><\/span><\/h4>\n<p style=\"text-align: center\"><iframe loading=\"lazy\" src=\"https:\/\/www.youtube.com\/embed\/mGCRcWytg_8\" width=\"560\" height=\"315\" frameborder=\"0\"><\/iframe>&nbsp;<\/p>\n<p style=\"text-align: center\"><strong>Google Play: <a href=\"https:\/\/play.google.com\/store\/apps\/details?id=juntadeandalucia.ced.pasen&amp;hl=es\" target=\"_blank\" rel=\"noopener noreferrer\">enlace a la descarga de la app iPasen<\/a>.<\/strong><\/p>\n<h4>&nbsp;<\/h4>\n<h4 style=\"text-align: center\"><span style=\"color: #008000\"><strong>Tel\u00e9fono iPhone: \u00abInstrucciones de instalaci\u00f3n y autologin\u00bb.<\/strong><\/span><\/h4>\n<p style=\"text-align: center\"><iframe loading=\"lazy\" src=\"https:\/\/www.youtube.com\/embed\/_XII2JuwEF8\" width=\"560\" height=\"315\" frameborder=\"0\"><\/iframe>&nbsp;<\/p>\n<p style=\"text-align: center\"><strong>App Store:<\/strong>&nbsp;<a href=\"https:\/\/apps.apple.com\/es\/app\/ipasen\/id511127024\" target=\"_blank\" rel=\"noopener noreferrer\">enlace a la descarga de la app iPasen<\/a>.&nbsp;<\/p>\n<p>&nbsp;<\/p>\n<h3 style=\"text-align: center\"><span style=\"color: #800000\"><strong>Cuesti\u00f3n 4: <\/strong><\/span><\/h3>\n<h3 style=\"text-align: center\"><span style=\"color: #000080\"><strong>\u00abEnv\u00edo de comunicaciones.\u00bb<\/strong><\/span><\/h3>\n<p style=\"text-align: center\"><iframe loading=\"lazy\" src=\"https:\/\/www.youtube.com\/embed\/RnQz2uH3EtM\" width=\"560\" height=\"315\" frameborder=\"0\"><\/iframe>&nbsp;<\/p>\n<p>&nbsp;<\/p>\n<h3 style=\"text-align: center\"><span style=\"color: #800000\"><strong>Cuesti\u00f3n 5: <\/strong><\/span><\/h3>\n<h3 style=\"text-align: center\"><span style=\"color: #000080\"><strong>\u00abC\u00f3mo recuperar tu contrase\u00f1a Pasen si la has olvidado y tienes instalada la aplicaci\u00f3n en el m\u00f3vil.\u00bb<\/strong><\/span><\/h3>\n<h4 class=\"fittexted_for_content_h4\" style=\"text-align: center\">&nbsp;<iframe loading=\"lazy\" src=\"https:\/\/www.youtube.com\/embed\/4wpfNUIgK6k\" width=\"560\" height=\"315\" frameborder=\"0\"><\/iframe><\/h4>\n","protected":false},"excerpt":{"rendered":"<p>Cuesti\u00f3n 1: \u00ab\u00bfQu\u00e9 es Pasen\/iPasen?\u00bb iPasen es la aplicaci\u00f3n m\u00f3vil de la Consejer\u00eda de Educaci\u00f3n y Deporte que permite la comunicaci\u00f3n entre los distintos miembros de la comunidad educativa (tutores\/as legales, alumnado, cargos directivos y&#46;&#46;&#46;<\/p>\n","protected":false},"author":6371,"featured_media":0,"parent":0,"menu_order":0,"comment_status":"closed","ping_status":"closed","template":"","meta":{"ngg_post_thumbnail":0,"footnotes":"","_mc_calendar":[]},"aioseo_notices":[],"_links":{"self":[{"href":"https:\/\/blogsaverroes.juntadeandalucia.es\/ceperalmaden\/wp-json\/wp\/v2\/pages\/5891"}],"collection":[{"href":"https:\/\/blogsaverroes.juntadeandalucia.es\/ceperalmaden\/wp-json\/wp\/v2\/pages"}],"about":[{"href":"https:\/\/blogsaverroes.juntadeandalucia.es\/ceperalmaden\/wp-json\/wp\/v2\/types\/page"}],"author":[{"embeddable":true,"href":"https:\/\/blogsaverroes.juntadeandalucia.es\/ceperalmaden\/wp-json\/wp\/v2\/users\/6371"}],"replies":[{"embeddable":true,"href":"https:\/\/blogsaverroes.juntadeandalucia.es\/ceperalmaden\/wp-json\/wp\/v2\/comments?post=5891"}],"version-history":[{"count":19,"href":"https:\/\/blogsaverroes.juntadeandalucia.es\/ceperalmaden\/wp-json\/wp\/v2\/pages\/5891\/revisions"}],"predecessor-version":[{"id":7321,"href":"https:\/\/blogsaverroes.juntadeandalucia.es\/ceperalmaden\/wp-json\/wp\/v2\/pages\/5891\/revisions\/7321"}],"wp:attachment":[{"href":"https:\/\/blogsaverroes.juntadeandalucia.es\/ceperalmaden\/wp-json\/wp\/v2\/media?parent=5891"}],"curies":[{"name":"wp","href":"https:\/\/api.w.org\/{rel}","templated":true}]}}