{"id":5946,"date":"2022-03-02T13:07:24","date_gmt":"2022-03-02T13:07:24","guid":{"rendered":"https:\/\/blogsaverroes.juntadeandalucia.es\/ceperalmaden\/?page_id=5946"},"modified":"2022-08-29T14:55:57","modified_gmt":"2022-08-29T14:55:57","slug":"iande","status":"publish","type":"page","link":"https:\/\/blogsaverroes.juntadeandalucia.es\/ceperalmaden\/iande\/","title":{"rendered":"IANDE."},"content":{"rendered":"<p><img loading=\"lazy\" decoding=\"async\" class=\"alignnone wp-image-5947 aligncenter\" src=\"https:\/\/blogsaverroes.juntadeandalucia.es\/ceperalmaden\/files\/2022\/03\/iande.png\" alt=\"\" width=\"402\" height=\"293\"\/><\/p>\n<p>&nbsp;<\/p>\n<h3 style=\"text-align: center\"><strong><span style=\"color: #800000\">Cuesti\u00f3n 1:<\/span> \u00ab<span style=\"color: #000080\">\u00bfQu\u00e9 es la clave iANDe?\u00bb<\/span><\/strong><\/h3>\n<p style=\"text-align: center\"><iframe loading=\"lazy\" src=\"https:\/\/www.youtube.com\/embed\/5b0TRhYDrOM\" width=\"560\" height=\"315\" frameborder=\"0\"><\/iframe>&nbsp;<\/p>\n<p>&nbsp;<\/p>\n<h3 style=\"text-align: center\"><strong><span style=\"color: #800000\">Cuesti\u00f3n 2:<\/span> \u00ab<span style=\"color: #000080\">Petici\u00f3n y consecuci\u00f3n de la clave iANDe.\u00bb<\/span><\/strong><\/h3>\n<p style=\"text-align: center\"><iframe loading=\"lazy\" src=\"https:\/\/www.youtube.com\/embed\/NNpBF548YsY\" width=\"560\" height=\"315\" frameborder=\"0\"><\/iframe>&nbsp;<\/p>\n<p>&nbsp;<\/p>\n<h4 style=\"text-align: center\"><strong>\u00bfD\u00f3nde localizar el c\u00f3digo IDESP, el n\u00famero de Soporte y el IXESP?<\/strong><\/h4>\n<div class=\"row\">\n<div>\n<table style=\"border-collapse: collapse;width: 100%;height: 72px\">\n<tbody>\n<tr style=\"height: 24px\">\n<td style=\"width: 13.6781%;text-align: center;height: 24px\"><strong>IDESP<\/strong><\/td>\n<td style=\"width: 45.3161%;height: 24px;text-align: center\">En el primer DNI electr\u00f3nico, se denomina IDESP y aparece debajo del apartado IDESP tal y como se muestra en la imagen.<\/td>\n<td style=\"width: 41.0057%;height: 24px\"><img loading=\"lazy\" decoding=\"async\" class=\"alignnone wp-image-5954 aligncenter\" src=\"https:\/\/blogsaverroes.juntadeandalucia.es\/ceperalmaden\/files\/2022\/03\/idesp.jpg\" alt=\"\" width=\"377\" height=\"241\" srcset=\"https:\/\/blogsaverroes.juntadeandalucia.es\/ceperalmaden\/files\/2022\/03\/idesp.jpg 370w, https:\/\/blogsaverroes.juntadeandalucia.es\/ceperalmaden\/files\/2022\/03\/idesp-300x193.jpg 300w\" sizes=\"(max-width: 377px) 100vw, 377px\" \/><\/td>\n<\/tr>\n<tr style=\"height: 24px\">\n<td style=\"width: 13.6781%;text-align: center;height: 24px\"><strong>N\u00famero soporte<\/strong><\/td>\n<td style=\"width: 45.3161%;height: 24px;text-align: center\">En el DNI 3.0 se denomina n\u00famero de soporte y aparece debajo del apartado \u00abNUM SOPORT\u00bb tal y como se muestra en la imagen.<\/td>\n<td style=\"width: 41.0057%;height: 24px;text-align: center\"><img loading=\"lazy\" decoding=\"async\" class=\"alignnone wp-image-5958\" src=\"https:\/\/blogsaverroes.juntadeandalucia.es\/ceperalmaden\/files\/2022\/03\/idesp2.jpg\" alt=\"\" width=\"401\" height=\"290\" srcset=\"https:\/\/blogsaverroes.juntadeandalucia.es\/ceperalmaden\/files\/2022\/03\/idesp2.jpg 373w, https:\/\/blogsaverroes.juntadeandalucia.es\/ceperalmaden\/files\/2022\/03\/idesp2-300x216.jpg 300w\" sizes=\"(max-width: 401px) 100vw, 401px\" \/><\/td>\n<\/tr>\n<tr style=\"height: 24px\">\n<td style=\"width: 13.6781%;text-align: center;height: 24px\"><strong>IXESP<\/strong><\/td>\n<td style=\"width: 45.3161%;height: 24px\">\n<div class=\"row\">\n<div class=\"col-sm-5\" style=\"text-align: center\">S\u00f3lo para documentos NIE. El IXESP es el c\u00f3digo que aparece en las tarjetas del NIE, situado arriba a la derecha como se muestra en la imagen.<\/div>\n<\/div>\n<\/td>\n<td style=\"width: 41.0057%;height: 24px\"><img loading=\"lazy\" decoding=\"async\" class=\"alignnone size-full wp-image-5959 aligncenter\" src=\"https:\/\/blogsaverroes.juntadeandalucia.es\/ceperalmaden\/files\/2022\/03\/xidesp.jpg\" alt=\"\" width=\"399\" height=\"260\" srcset=\"https:\/\/blogsaverroes.juntadeandalucia.es\/ceperalmaden\/files\/2022\/03\/xidesp.jpg 399w, https:\/\/blogsaverroes.juntadeandalucia.es\/ceperalmaden\/files\/2022\/03\/xidesp-300x195.jpg 300w\" sizes=\"(max-width: 399px) 100vw, 399px\" \/><\/td>\n<\/tr>\n<\/tbody>\n<\/table>\n<\/div>\n<div class=\"col-sm-5\">&nbsp;<\/div>\n<\/div>\n<h3 style=\"text-align: center\"><strong><span style=\"color: #800000\">Cuesti\u00f3n 3:<\/span> \u00ab<span style=\"color: #000080\">Registro de usuario en la Secretar\u00eda Virtual y nueva clave iANDe.\u00bb<\/span><\/strong><\/h3>\n<table style=\"border-collapse: collapse;width: 100%\">\n<tbody>\n<tr>\n<td style=\"width: 8.62074%;text-align: center\"><strong>Paso 1<\/strong><\/td>\n<td style=\"width: 29.4397%\">\n<ul>\n<li style=\"text-align: justify\">Accede al sitio web de la SECRETAR\u00cdA VIRTUAL de los centros educativos.<\/li>\n<\/ul>\n<\/td>\n<td style=\"width: 61.9397%\"><a href=\"https:\/\/www.juntadeandalucia.es\/educacion\/secretariavirtual\/\"><img loading=\"lazy\" decoding=\"async\" class=\"aligncenter\" src=\"https:\/\/blogsaverroes.juntadeandalucia.es\/ceperalmaden\/files\/2022\/03\/Secretar%C3%ADa_Virtual.png\" width=\"502\" height=\"94\"\/><\/a><\/td>\n<\/tr>\n<tr>\n<td style=\"width: 8.62074%;text-align: center\"><strong>Paso 2<\/strong><\/td>\n<td style=\"width: 29.4397%;text-align: justify\">\n<ul>\n<li style=\"text-align: justify\">Haz clic en Acceso \/ Registro \u2013 Clave iANDE, como muestra esta imagen.<\/li>\n<\/ul>\n<\/td>\n<td style=\"width: 61.9397%\">&nbsp;<\/p>\n<p><img loading=\"lazy\" decoding=\"async\" class=\"wp-image-5964 aligncenter\" src=\"https:\/\/blogsaverroes.juntadeandalucia.es\/ceperalmaden\/files\/2022\/03\/tutorial_iande1.jpg\" alt=\"\" width=\"654\" height=\"335\" srcset=\"https:\/\/blogsaverroes.juntadeandalucia.es\/ceperalmaden\/files\/2022\/03\/tutorial_iande1.jpg 800w, https:\/\/blogsaverroes.juntadeandalucia.es\/ceperalmaden\/files\/2022\/03\/tutorial_iande1-300x154.jpg 300w, https:\/\/blogsaverroes.juntadeandalucia.es\/ceperalmaden\/files\/2022\/03\/tutorial_iande1-768x394.jpg 768w\" sizes=\"(max-width: 654px) 100vw, 654px\" \/><\/p>\n<p>&nbsp;<\/td>\n<\/tr>\n<tr>\n<td style=\"width: 8.62074%;text-align: center\"><strong>Paso 3<\/strong><\/td>\n<td style=\"width: 29.4397%\">\n<ul>\n<li style=\"text-align: justify\">Completa tus datos en la pantalla siguiente:\n<ul>\n<li style=\"text-align: justify\">Aseg\u00farate de seleccionar \u201cEducaci\u00f3n Permanente\u201d en el campo Procedimiento.<\/li>\n<li style=\"text-align: justify\">Ten a mano tu DNI y haz clic en el bot\u00f3n \u201ci\u201d de ayuda en el campo IDESP para saber el dato de tu DNI que tendr\u00e1s que cuando tengas todo relleno.<\/li>\n<li style=\"text-align: justify\">Pulsa finalmente en \u201cSolicitar\u201d \u2026<\/li>\n<\/ul>\n<\/li>\n<\/ul>\n<\/td>\n<td style=\"width: 61.9397%;text-align: center\">&nbsp;<\/p>\n<p><img loading=\"lazy\" decoding=\"async\" class=\"alignnone wp-image-5970\" src=\"https:\/\/blogsaverroes.juntadeandalucia.es\/ceperalmaden\/files\/2022\/03\/tutorial_iande2.jpg\" alt=\"\" width=\"655\" height=\"510\" srcset=\"https:\/\/blogsaverroes.juntadeandalucia.es\/ceperalmaden\/files\/2022\/03\/tutorial_iande2.jpg 800w, https:\/\/blogsaverroes.juntadeandalucia.es\/ceperalmaden\/files\/2022\/03\/tutorial_iande2-300x234.jpg 300w, https:\/\/blogsaverroes.juntadeandalucia.es\/ceperalmaden\/files\/2022\/03\/tutorial_iande2-768x598.jpg 768w\" sizes=\"(max-width: 655px) 100vw, 655px\" \/><\/p>\n<p>&nbsp;<\/td>\n<\/tr>\n<tr>\n<td style=\"width: 8.62074%;text-align: center\"><strong>Paso 4<\/strong><\/td>\n<td style=\"width: 29.4397%\">\n<ul>\n<li style=\"text-align: justify\">Recibir\u00e1s un mensaje diciendo que el registro ha sido exitoso y que se te ha enviado tu nueva clave iANDe v\u00eda sms. B\u00fascala en tu tel\u00e9fono y ap\u00fantala.<\/li>\n<\/ul>\n<\/td>\n<td style=\"width: 61.9397%;text-align: center\">&nbsp;<\/p>\n<p><img loading=\"lazy\" decoding=\"async\" class=\"alignnone wp-image-5974\" src=\"https:\/\/blogsaverroes.juntadeandalucia.es\/ceperalmaden\/files\/2022\/03\/tutorial_iande3.jpg\" alt=\"\" width=\"698\" height=\"357\" srcset=\"https:\/\/blogsaverroes.juntadeandalucia.es\/ceperalmaden\/files\/2022\/03\/tutorial_iande3.jpg 800w, https:\/\/blogsaverroes.juntadeandalucia.es\/ceperalmaden\/files\/2022\/03\/tutorial_iande3-300x154.jpg 300w, https:\/\/blogsaverroes.juntadeandalucia.es\/ceperalmaden\/files\/2022\/03\/tutorial_iande3-768x394.jpg 768w\" sizes=\"(max-width: 698px) 100vw, 698px\" \/><\/p>\n<p>&nbsp;<\/td>\n<\/tr>\n<\/tbody>\n<\/table>\n<p>&nbsp;<\/p>\n","protected":false},"excerpt":{"rendered":"<p>&nbsp; Cuesti\u00f3n 1: \u00ab\u00bfQu\u00e9 es la clave iANDe?\u00bb &nbsp; &nbsp; Cuesti\u00f3n 2: \u00abPetici\u00f3n y consecuci\u00f3n de la clave iANDe.\u00bb &nbsp; &nbsp; \u00bfD\u00f3nde localizar el c\u00f3digo IDESP, el n\u00famero de Soporte y el IXESP? IDESP En&#46;&#46;&#46;<\/p>\n","protected":false},"author":6371,"featured_media":0,"parent":0,"menu_order":0,"comment_status":"closed","ping_status":"closed","template":"","meta":{"ngg_post_thumbnail":0,"footnotes":"","_mc_calendar":[]},"aioseo_notices":[],"_links":{"self":[{"href":"https:\/\/blogsaverroes.juntadeandalucia.es\/ceperalmaden\/wp-json\/wp\/v2\/pages\/5946"}],"collection":[{"href":"https:\/\/blogsaverroes.juntadeandalucia.es\/ceperalmaden\/wp-json\/wp\/v2\/pages"}],"about":[{"href":"https:\/\/blogsaverroes.juntadeandalucia.es\/ceperalmaden\/wp-json\/wp\/v2\/types\/page"}],"author":[{"embeddable":true,"href":"https:\/\/blogsaverroes.juntadeandalucia.es\/ceperalmaden\/wp-json\/wp\/v2\/users\/6371"}],"replies":[{"embeddable":true,"href":"https:\/\/blogsaverroes.juntadeandalucia.es\/ceperalmaden\/wp-json\/wp\/v2\/comments?post=5946"}],"version-history":[{"count":23,"href":"https:\/\/blogsaverroes.juntadeandalucia.es\/ceperalmaden\/wp-json\/wp\/v2\/pages\/5946\/revisions"}],"predecessor-version":[{"id":7322,"href":"https:\/\/blogsaverroes.juntadeandalucia.es\/ceperalmaden\/wp-json\/wp\/v2\/pages\/5946\/revisions\/7322"}],"wp:attachment":[{"href":"https:\/\/blogsaverroes.juntadeandalucia.es\/ceperalmaden\/wp-json\/wp\/v2\/media?parent=5946"}],"curies":[{"name":"wp","href":"https:\/\/api.w.org\/{rel}","templated":true}]}}