{"id":6755,"date":"2022-04-05T11:31:25","date_gmt":"2022-04-05T11:31:25","guid":{"rendered":"https:\/\/blogsaverroes.juntadeandalucia.es\/ceperalmaden\/?page_id=6755"},"modified":"2022-04-05T19:14:22","modified_gmt":"2022-04-05T19:14:22","slug":"proceso-de-matriculacion","status":"publish","type":"page","link":"https:\/\/blogsaverroes.juntadeandalucia.es\/ceperalmaden\/proceso-de-matriculacion\/","title":{"rendered":"PROCESO DE MATRICULACI\u00d3N."},"content":{"rendered":"<h1 style=\"text-align: center\"><span style=\"color: #800000\"><strong>PROCESO DE MATRICULACI\u00d3N<\/strong><\/span><\/h1>\n<h3 style=\"text-align: center\"><span style=\"color: #0000ff\"><strong>CALENDARIO DE ACTUACIONES<\/strong><\/span><\/h3>\n<p style=\"text-align: center\"><img loading=\"lazy\" decoding=\"async\" class=\"alignnone size-full wp-image-5917\" src=\"https:\/\/blogsaverroes.juntadeandalucia.es\/ceperalmaden\/files\/2022\/03\/matricula-2.png\" alt=\"\" width=\"420\" height=\"316\" srcset=\"https:\/\/blogsaverroes.juntadeandalucia.es\/ceperalmaden\/files\/2022\/03\/matricula-2.png 420w, https:\/\/blogsaverroes.juntadeandalucia.es\/ceperalmaden\/files\/2022\/03\/matricula-2-300x226.png 300w\" sizes=\"(max-width: 420px) 100vw, 420px\" \/><\/p>\n<p><span style=\"color: #008000\"><strong>CALENDARIO DE SEPTIEMBRE<\/strong><\/span><\/p>\n<ol class=\"n8H08c BKnRcf\">\n<li class=\"TYR86d wXCUfe zfr3Q\">\n<p class=\"CDt4Ke zfr3Q\" dir=\"ltr\" style=\"text-align: justify\"><strong>Del 1 de septiembre al 15 de octubre \u2192<\/strong>&nbsp;Se abre el <strong>plazo extraordinario de matr\u00edcula<\/strong>. Solo se matricular\u00e1 el alumnado en aquellos planes en el que queden plazas libres. El criterio de selecci\u00f3n es por orden de llegada (al alumnado de TAE le recogemos tambi\u00e9n la inscripci\u00f3n en el IES para entregarla en el IES correspondiente).<\/p>\n<\/li>\n<li class=\"TYR86d wXCUfe zfr3Q\" style=\"text-align: justify\">\n<p class=\"CDt4Ke zfr3Q\" dir=\"ltr\"><strong>Hasta el 20 de diciembre<\/strong> se pueden seguir recogiendo matr\u00edculas en el caso de que existan plazas libres (periodo adicional de matr\u00edcula).<\/p>\n<\/li>\n<li class=\"TYR86d wXCUfe zfr3Q\" style=\"text-align: justify\">\n<p class=\"CDt4Ke zfr3Q\" dir=\"ltr\"><strong>CERTIFICACI\u00d3N DE MATR\u00cdCULA<\/strong><strong>: <\/strong>Tenemos que hacer la certificaci\u00f3n de la matr\u00edcula en tres momentos diferentes en S\u00c9NECA. Este a\u00f1o, en la orden de matriculaci\u00f3n no vienen fechas, solo que se han de realizar al finalizar los tres periodos de matriculaci\u00f3n. Estos fueron los plazos del curso pasado:<\/p>\n<ul class=\"n8H08c UVNKR\" style=\"list-style-type: disc\">\n<li class=\"TYR86d wXCUfe zfr3Q\">\n<p class=\"CDt4Ke zfr3Q\" dir=\"ltr\">1 -13 de septiembre, para los datos de matr\u00edcula del procedimiento ordinario.<\/p>\n<\/li>\n<li class=\"TYR86d wXCUfe zfr3Q\">\n<p class=\"CDt4Ke zfr3Q\" dir=\"ltr\">Del 15 de octubre al 9 de noviembre, para el procedimiento extraordinario.<\/p>\n<\/li>\n<li class=\"TYR86d wXCUfe zfr3Q\">\n<p class=\"CDt4Ke zfr3Q\" dir=\"ltr\">Del 20 de diciembre al 22 de enero para el periodo adicional de matr\u00edcula.<\/p>\n<\/li>\n<\/ul>\n<\/li>\n<li class=\"TYR86d wXCUfe zfr3Q\" style=\"text-align: justify\">\n<p class=\"CDt4Ke zfr3Q\" dir=\"ltr\"><strong>REGISTRO DE MATR\u00cdCULAS EN S\u00c9NECA<\/strong> durante los primeros d\u00edas de septiembre o en el momento en que se realicen las nuevas matr\u00edculas.<\/p>\n<\/li>\n<li class=\"TYR86d wXCUfe zfr3Q\" style=\"text-align: justify\">\n<p class=\"CDt4Ke zfr3Q\" dir=\"ltr\">Entrega de documentaci\u00f3n del alumnado de TAE al IES correspondiente cuanto antes.<\/p>\n<\/li>\n<\/ol>\n<p style=\"text-align: justify\">&nbsp;<\/p>\n<p style=\"text-align: justify\"><span style=\"color: #008000\"><strong>MATR\u00cdCULA FUERA DE LOS PLAZOS ESTABLECIDOS<\/strong><\/span><\/p>\n<p class=\"CDt4Ke zfr3Q\" dir=\"ltr\" style=\"text-align: justify\">Se podr\u00e1 matricular en las ense\u00f1anzas y en los planes educativos para personas adultas, fuera de los plazos establecidos en la normativa vigente, a personas que no est\u00e9n en el sistema educativo en las siguientes situaciones:<\/p>\n<ol class=\"n8H08c BKnRcf\" style=\"text-align: justify\">\n<li class=\"TYR86d wXCUfe zfr3Q\">\n<p class=\"CDt4Ke zfr3Q\" dir=\"ltr\">Personas internas en instituciones, sujetas a privaci\u00f3n de libertad total o parcial como consecuencia de la aplicaci\u00f3n de una medida judicial.<\/p>\n<\/li>\n<li class=\"TYR86d wXCUfe zfr3Q\">\n<p class=\"CDt4Ke zfr3Q\" dir=\"ltr\">Personas acogidas en determinadas instituciones de atenci\u00f3n social con las que exista un acuerdo por parte de la Administraci\u00f3n auton\u00f3mica.<\/p>\n<\/li>\n<li class=\"TYR86d wXCUfe zfr3Q\">\n<p class=\"CDt4Ke zfr3Q\" dir=\"ltr\">Personas afectadas por situaciones sobrevenidas como las que por proceder de otros pa\u00edses o por cualquier otro motivo similar justificado requieran la incorporaci\u00f3n tard\u00eda a la educaci\u00f3n de personas adultas.<\/p>\n<\/li>\n<\/ol>\n<p class=\"CDt4Ke zfr3Q\" dir=\"ltr\" style=\"text-align: justify\">Todos estos casos deber\u00e1n ser justificados documentalmente mediante las certificaciones que procedan y contar con los informes positivos de los Servicios de Inspecci\u00f3n educativa correspondientes antes de ser resueltos por la Direcci\u00f3n General competente en materia de Educaci\u00f3n Permanente.<\/p>\n<p dir=\"ltr\" style=\"text-align: justify\">&nbsp;<\/p>\n<p dir=\"ltr\" style=\"text-align: justify\"><span style=\"color: #008000\"><strong>CALENDARIO DE JUNIO<\/strong><\/span><\/p>\n<ol class=\"n8H08c BKnRcf\" style=\"text-align: justify\">\n<li class=\"TYR86d wXCUfe zfr3Q\">\n<p class=\"CDt4Ke zfr3Q\" dir=\"ltr\"><strong>Del 1 al 15 de junio<\/strong> <strong>\u2192<\/strong> Plazo ordinario de matriculaci\u00f3n (al alumnado de TAE le recogemos tambi\u00e9n la inscripci\u00f3n en el IES para entregarla posteriormente en el IES correspondiente, su periodo de matr\u00edcula es del 1 al 10 de julio).<\/p>\n<\/li>\n<li class=\"TYR86d wXCUfe zfr3Q\">\n<p class=\"CDt4Ke zfr3Q\" dir=\"ltr\"><strong>Despu\u00e9s del d\u00eda 15 de junio<\/strong> <strong>\u2192<\/strong> Seguimos recogiendo impresos de matr\u00edcula, en esta ocasi\u00f3n la admisi\u00f3n en los planes educativos ser\u00e1 por riguroso orden de llegada.<\/p>\n<\/li>\n<li class=\"TYR86d wXCUfe zfr3Q\">\n<p class=\"CDt4Ke zfr3Q\" dir=\"ltr\"><strong>El d\u00eda 22 de junio \u2192<\/strong>&nbsp;Ponemos en el tabl\u00f3n de anuncios de cada secci\u00f3n la lista provisional de personas admitidas tras el periodo de matriculaci\u00f3n ordinario.<\/p>\n<\/li>\n<li class=\"TYR86d wXCUfe zfr3Q\">\n<p class=\"CDt4Ke zfr3Q\" dir=\"ltr\"><strong>Del 23 al 24 de junio<\/strong> <strong>\u2192<\/strong> Se abre un periodo de alegaciones, en el caso de que alguna persona no haya sido admitida y quiera hacer una reclamaci\u00f3n.<\/p>\n<\/li>\n<li class=\"TYR86d wXCUfe zfr3Q\">\n<p class=\"CDt4Ke zfr3Q\" dir=\"ltr\"><strong>El d\u00eda 30 de junio \u2192<\/strong>&nbsp;Ponemos en el tabl\u00f3n de anuncios de cada secci\u00f3n la lista definitiva de personas admitidas en los planes educativos.<\/p>\n<\/li>\n<\/ol>\n<p class=\"CDt4Ke zfr3Q\" dir=\"ltr\" style=\"text-align: justify\"><strong>IMPORTANTE<\/strong>: A partir del 15 de junio comenzamos a <strong>registrar las matr\u00edculas en S\u00e9neca. <\/strong>El d\u00eda 30 deben estar todas registradas.<\/p>\n<p dir=\"ltr\" style=\"text-align: justify\">&nbsp;<\/p>\n<p dir=\"ltr\" style=\"text-align: justify\"><span style=\"color: #008000\"><strong>CALENDARIO DE MAYO<\/strong><\/span><\/p>\n<ol class=\"n8H08c BKnRcf\">\n<li class=\"TYR86d wXCUfe zfr3Q\" style=\"text-align: justify\">\n<p class=\"CDt4Ke zfr3Q\" dir=\"ltr\"><strong>Antes del d\u00eda 14 de mayo<\/strong> en cada Secci\u00f3n se determinar\u00e1 la oferta educativa para cada localidad que atienda con indicaci\u00f3n de:<\/p>\n<ul class=\"n8H08c UVNKR\" style=\"list-style-type: disc\">\n<li class=\"TYR86d wXCUfe zfr3Q\">\n<p class=\"CDt4Ke zfr3Q\" dir=\"ltr\"><em>Planes ofertados<\/em> (teniendo en cuenta la prioridad de los mismos).<\/p>\n<\/li>\n<li class=\"TYR86d wXCUfe zfr3Q\">\n<p class=\"CDt4Ke zfr3Q\" dir=\"ltr\"><em>N\u00famero de plazas<\/em> ofertados para cada plan.<\/p>\n<\/li>\n<\/ul>\n<\/li>\n<li class=\"TYR86d wXCUfe zfr3Q\" style=\"text-align: justify\">\n<p class=\"CDt4Ke zfr3Q\" dir=\"ltr\"><strong>Antes del 14 de mayo<\/strong> cada Jefe\/a de Estudios Delegado\/a introducir\u00e1 los datos de oferta educativa de su Centro en el <a href=\"https:\/\/docs.google.com\/spreadsheets\/d\/1KIa9M8EDtdhuTvWURA_yHcP_GE2FE4sOEkzvrLyIkP0\/edit?usp=sharing\">modelo de <span class=\" aw5Odc\">hoja de c\u00e1lculo<\/span> com\u00fan<\/a> que se publica para todo el Centro y que se encuentra en esta <a href=\"https:\/\/docs.google.com\/spreadsheets\/d\/1JRjQijqoC--EUtEm2Ci2zSzP3yKv9KklLWdiu6iIRDg\/edit?usp=sharing\">direcci\u00f3n<\/a>.<\/p>\n<\/li>\n<li class=\"TYR86d wXCUfe zfr3Q\" style=\"text-align: justify\">\n<p class=\"CDt4Ke zfr3Q\" dir=\"ltr\">El d\u00eda <strong>14 de mayo <\/strong>se aprueba la oferta educativa en el Consejo de Centro que se celebrar\u00e1 con ese fin.<\/p>\n<\/li>\n<li class=\"TYR86d wXCUfe zfr3Q\" style=\"text-align: justify\">\n<p class=\"CDt4Ke zfr3Q\" dir=\"ltr\"><strong>El d\u00eda 14 de mayo<\/strong> \u2192 Poner en el tabl\u00f3n de anuncios de cada secci\u00f3n la oferta educativa de la S.E.P.<\/p>\n<\/li>\n<li class=\"TYR86d wXCUfe zfr3Q\" style=\"text-align: justify\">\n<p class=\"CDt4Ke zfr3Q\" dir=\"ltr\"><strong>Antes del 22 de mayo \u2192<\/strong>&nbsp;Env\u00edo a la Delegaci\u00f3n de la oferta educativa del Centro (desde la direcci\u00f3n del CEPER).<\/p>\n<\/li>\n<li class=\"TYR86d wXCUfe zfr3Q\">\n<p class=\"CDt4Ke zfr3Q\" dir=\"ltr\" style=\"text-align: justify\"><strong>Antes del d\u00eda 1 de junio<\/strong> se planifica y desarrolla la campa\u00f1a de captaci\u00f3n:<\/p>\n<ul class=\"n8H08c UVNKR\" style=\"list-style-type: disc\">\n<li class=\"TYR86d wXCUfe zfr3Q\" style=\"text-align: justify\">\n<p class=\"CDt4Ke zfr3Q\" dir=\"ltr\">Publicaci\u00f3n en WEB del Centro, WEB locales, redes sociales&#8230;<\/p>\n<\/li>\n<li class=\"TYR86d wXCUfe zfr3Q\" style=\"text-align: justify\">\n<p class=\"CDt4Ke zfr3Q\" dir=\"ltr\">Difusi\u00f3n a trav\u00e9s de grupos de Whatsapp del Centro y de organismos locales.<\/p>\n<\/li>\n<li class=\"TYR86d wXCUfe zfr3Q\" style=\"text-align: justify\">\n<p class=\"CDt4Ke zfr3Q\" dir=\"ltr\">Reproducci\u00f3n y puesta de carteler\u00eda.<\/p>\n<\/li>\n<li class=\"TYR86d wXCUfe zfr3Q\" style=\"text-align: justify\">\n<p class=\"CDt4Ke zfr3Q\" dir=\"ltr\">Reproducci\u00f3n y distribuci\u00f3n de octavillas.<\/p>\n<\/li>\n<li class=\"TYR86d wXCUfe zfr3Q\" style=\"text-align: justify\">\n<p class=\"CDt4Ke zfr3Q\" dir=\"ltr\">Anuncios en la radio, participaci\u00f3n en programas de radio locales.<\/p>\n<\/li>\n<li class=\"TYR86d wXCUfe zfr3Q\" style=\"text-align: justify\">\n<p class=\"CDt4Ke zfr3Q\" dir=\"ltr\">Cartas\/mensajes a antiguos alumnos\/as.<\/p>\n<\/li>\n<li class=\"TYR86d wXCUfe zfr3Q\">\n<p class=\"CDt4Ke zfr3Q\" dir=\"ltr\" style=\"text-align: justify\">Elaboraci\u00f3n y difusi\u00f3n de v\u00eddeos y anuncios digitales&#8230;<\/p>\n<\/li>\n<\/ul>\n<\/li>\n<\/ol>\n","protected":false},"excerpt":{"rendered":"<p>PROCESO DE MATRICULACI\u00d3N CALENDARIO DE ACTUACIONES CALENDARIO DE SEPTIEMBRE Del 1 de septiembre al 15 de octubre \u2192&nbsp;Se abre el plazo extraordinario de matr\u00edcula. Solo se matricular\u00e1 el alumnado en aquellos planes en el que&#46;&#46;&#46;<\/p>\n","protected":false},"author":6371,"featured_media":0,"parent":0,"menu_order":0,"comment_status":"closed","ping_status":"closed","template":"","meta":{"ngg_post_thumbnail":0,"footnotes":"","_mc_calendar":[]},"aioseo_notices":[],"_links":{"self":[{"href":"https:\/\/blogsaverroes.juntadeandalucia.es\/ceperalmaden\/wp-json\/wp\/v2\/pages\/6755"}],"collection":[{"href":"https:\/\/blogsaverroes.juntadeandalucia.es\/ceperalmaden\/wp-json\/wp\/v2\/pages"}],"about":[{"href":"https:\/\/blogsaverroes.juntadeandalucia.es\/ceperalmaden\/wp-json\/wp\/v2\/types\/page"}],"author":[{"embeddable":true,"href":"https:\/\/blogsaverroes.juntadeandalucia.es\/ceperalmaden\/wp-json\/wp\/v2\/users\/6371"}],"replies":[{"embeddable":true,"href":"https:\/\/blogsaverroes.juntadeandalucia.es\/ceperalmaden\/wp-json\/wp\/v2\/comments?post=6755"}],"version-history":[{"count":10,"href":"https:\/\/blogsaverroes.juntadeandalucia.es\/ceperalmaden\/wp-json\/wp\/v2\/pages\/6755\/revisions"}],"predecessor-version":[{"id":6767,"href":"https:\/\/blogsaverroes.juntadeandalucia.es\/ceperalmaden\/wp-json\/wp\/v2\/pages\/6755\/revisions\/6767"}],"wp:attachment":[{"href":"https:\/\/blogsaverroes.juntadeandalucia.es\/ceperalmaden\/wp-json\/wp\/v2\/media?parent=6755"}],"curies":[{"name":"wp","href":"https:\/\/api.w.org\/{rel}","templated":true}]}}

PROCESO DE MATRICULACIÓN.

<h1 style="text-align: center"><span style="color: #800000"><strong>PROCESO DE MATRICULACIÓN</strong></span></h1>
<h3 style="text-align: center"><span style="color: #0000ff"><strong>CALENDARIO DE ACTUACIONES</strong></span></h3>
<p style="text-align: center"><img loading="lazy" decoding="async" class="alignnone size-full wp-image-5917" src="https://blogsaverroes.juntadeandalucia.es/ceperalmaden/files/2022/03/matricula-2.png" alt="" width="420" height="316" srcset="https://blogsaverroes.juntadeandalucia.es/ceperalmaden/files/2022/03/matricula-2.png 420w, https://blogsaverroes.juntadeandalucia.es/ceperalmaden/files/2022/03/matricula-2-300x226.png 300w" sizes="(max-width: 420px) 100vw, 420px" /></p>
<p><span style="color: #008000"><strong>CALENDARIO DE SEPTIEMBRE</strong></span></p>
<ol class="n8H08c BKnRcf">
<li class="TYR86d wXCUfe zfr3Q">
<p class="CDt4Ke zfr3Q" dir="ltr" style="text-align: justify"><strong>Del 1 de septiembre al 15 de octubre →</strong>&nbsp;Se abre el <strong>plazo extraordinario de matrícula</strong>. Solo se matriculará el alumnado en aquellos planes en el que queden plazas libres. El criterio de selección es por orden de llegada (al alumnado de TAE le recogemos también la inscripción en el IES para entregarla en el IES correspondiente).</p>
</li>
<li class="TYR86d wXCUfe zfr3Q" style="text-align: justify">
<p class="CDt4Ke zfr3Q" dir="ltr"><strong>Hasta el 20 de diciembre</strong> se pueden seguir recogiendo matrículas en el caso de que existan plazas libres (periodo adicional de matrícula).</p>
</li>
<li class="TYR86d wXCUfe zfr3Q" style="text-align: justify">
<p class="CDt4Ke zfr3Q" dir="ltr"><strong>CERTIFICACIÓN DE MATRÍCULA</strong><strong>: </strong>Tenemos que hacer la certificación de la matrícula en tres momentos diferentes en SÉNECA. Este año, en la orden de matriculación no vienen fechas, solo que se han de realizar al finalizar los tres periodos de matriculación. Estos fueron los plazos del curso pasado:</p>
<ul class="n8H08c UVNKR" style="list-style-type: disc">
<li class="TYR86d wXCUfe zfr3Q">
<p class="CDt4Ke zfr3Q" dir="ltr">1 -13 de septiembre, para los datos de matrícula del procedimiento ordinario.</p>
</li>
<li class="TYR86d wXCUfe zfr3Q">
<p class="CDt4Ke zfr3Q" dir="ltr">Del 15 de octubre al 9 de noviembre, para el procedimiento extraordinario.</p>
</li>
<li class="TYR86d wXCUfe zfr3Q">
<p class="CDt4Ke zfr3Q" dir="ltr">Del 20 de diciembre al 22 de enero para el periodo adicional de matrícula.</p>
</li>
</ul>
</li>
<li class="TYR86d wXCUfe zfr3Q" style="text-align: justify">
<p class="CDt4Ke zfr3Q" dir="ltr"><strong>REGISTRO DE MATRÍCULAS EN SÉNECA</strong> durante los primeros días de septiembre o en el momento en que se realicen las nuevas matrículas.</p>
</li>
<li class="TYR86d wXCUfe zfr3Q" style="text-align: justify">
<p class="CDt4Ke zfr3Q" dir="ltr">Entrega de documentación del alumnado de TAE al IES correspondiente cuanto antes.</p>
</li>
</ol>
<p style="text-align: justify">&nbsp;</p>
<p style="text-align: justify"><span style="color: #008000"><strong>MATRÍCULA FUERA DE LOS PLAZOS ESTABLECIDOS</strong></span></p>
<p class="CDt4Ke zfr3Q" dir="ltr" style="text-align: justify">Se podrá matricular en las enseñanzas y en los planes educativos para personas adultas, fuera de los plazos establecidos en la normativa vigente, a personas que no estén en el sistema educativo en las siguientes situaciones:</p>
<ol class="n8H08c BKnRcf" style="text-align: justify">
<li class="TYR86d wXCUfe zfr3Q">
<p class="CDt4Ke zfr3Q" dir="ltr">Personas internas en instituciones, sujetas a privación de libertad total o parcial como consecuencia de la aplicación de una medida judicial.</p>
</li>
<li class="TYR86d wXCUfe zfr3Q">
<p class="CDt4Ke zfr3Q" dir="ltr">Personas acogidas en determinadas instituciones de atención social con las que exista un acuerdo por parte de la Administración autonómica.</p>
</li>
<li class="TYR86d wXCUfe zfr3Q">
<p class="CDt4Ke zfr3Q" dir="ltr">Personas afectadas por situaciones sobrevenidas como las que por proceder de otros países o por cualquier otro motivo similar justificado requieran la incorporación tardía a la educación de personas adultas.</p>
</li>
</ol>
<p class="CDt4Ke zfr3Q" dir="ltr" style="text-align: justify">Todos estos casos deberán ser justificados documentalmente mediante las certificaciones que procedan y contar con los informes positivos de los Servicios de Inspección educativa correspondientes antes de ser resueltos por la Dirección General competente en materia de Educación Permanente.</p>
<p dir="ltr" style="text-align: justify">&nbsp;</p>
<p dir="ltr" style="text-align: justify"><span style="color: #008000"><strong>CALENDARIO DE JUNIO</strong></span></p>
<ol class="n8H08c BKnRcf" style="text-align: justify">
<li class="TYR86d wXCUfe zfr3Q">
<p class="CDt4Ke zfr3Q" dir="ltr"><strong>Del 1 al 15 de junio</strong> <strong>→</strong> Plazo ordinario de matriculación (al alumnado de TAE le recogemos también la inscripción en el IES para entregarla posteriormente en el IES correspondiente, su periodo de matrícula es del 1 al 10 de julio).</p>
</li>
<li class="TYR86d wXCUfe zfr3Q">
<p class="CDt4Ke zfr3Q" dir="ltr"><strong>Después del día 15 de junio</strong> <strong>→</strong> Seguimos recogiendo impresos de matrícula, en esta ocasión la admisión en los planes educativos será por riguroso orden de llegada.</p>
</li>
<li class="TYR86d wXCUfe zfr3Q">
<p class="CDt4Ke zfr3Q" dir="ltr"><strong>El día 22 de junio →</strong>&nbsp;Ponemos en el tablón de anuncios de cada sección la lista provisional de personas admitidas tras el periodo de matriculación ordinario.</p>
</li>
<li class="TYR86d wXCUfe zfr3Q">
<p class="CDt4Ke zfr3Q" dir="ltr"><strong>Del 23 al 24 de junio</strong> <strong>→</strong> Se abre un periodo de alegaciones, en el caso de que alguna persona no haya sido admitida y quiera hacer una reclamación.</p>
</li>
<li class="TYR86d wXCUfe zfr3Q">
<p class="CDt4Ke zfr3Q" dir="ltr"><strong>El día 30 de junio →</strong>&nbsp;Ponemos en el tablón de anuncios de cada sección la lista definitiva de personas admitidas en los planes educativos.</p>
</li>
</ol>
<p class="CDt4Ke zfr3Q" dir="ltr" style="text-align: justify"><strong>IMPORTANTE</strong>: A partir del 15 de junio comenzamos a <strong>registrar las matrículas en Séneca. </strong>El día 30 deben estar todas registradas.</p>
<p dir="ltr" style="text-align: justify">&nbsp;</p>
<p dir="ltr" style="text-align: justify"><span style="color: #008000"><strong>CALENDARIO DE MAYO</strong></span></p>
<ol class="n8H08c BKnRcf">
<li class="TYR86d wXCUfe zfr3Q" style="text-align: justify">
<p class="CDt4Ke zfr3Q" dir="ltr"><strong>Antes del día 14 de mayo</strong> en cada Sección se determinará la oferta educativa para cada localidad que atienda con indicación de:</p>
<ul class="n8H08c UVNKR" style="list-style-type: disc">
<li class="TYR86d wXCUfe zfr3Q">
<p class="CDt4Ke zfr3Q" dir="ltr"><em>Planes ofertados</em> (teniendo en cuenta la prioridad de los mismos).</p>
</li>
<li class="TYR86d wXCUfe zfr3Q">
<p class="CDt4Ke zfr3Q" dir="ltr"><em>Número de plazas</em> ofertados para cada plan.</p>
</li>
</ul>
</li>
<li class="TYR86d wXCUfe zfr3Q" style="text-align: justify">
<p class="CDt4Ke zfr3Q" dir="ltr"><strong>Antes del 14 de mayo</strong> cada Jefe/a de Estudios Delegado/a introducirá los datos de oferta educativa de su Centro en el <a href="https://docs.google.com/spreadsheets/d/1KIa9M8EDtdhuTvWURA_yHcP_GE2FE4sOEkzvrLyIkP0/edit?usp=sharing">modelo de <span class=" aw5Odc">hoja de cálculo</span> común</a> que se publica para todo el Centro y que se encuentra en esta <a href="https://docs.google.com/spreadsheets/d/1JRjQijqoC--EUtEm2Ci2zSzP3yKv9KklLWdiu6iIRDg/edit?usp=sharing">dirección</a>.</p>
</li>
<li class="TYR86d wXCUfe zfr3Q" style="text-align: justify">
<p class="CDt4Ke zfr3Q" dir="ltr">El día <strong>14 de mayo </strong>se aprueba la oferta educativa en el Consejo de Centro que se celebrará con ese fin.</p>
</li>
<li class="TYR86d wXCUfe zfr3Q" style="text-align: justify">
<p class="CDt4Ke zfr3Q" dir="ltr"><strong>El día 14 de mayo</strong> → Poner en el tablón de anuncios de cada sección la oferta educativa de la S.E.P.</p>
</li>
<li class="TYR86d wXCUfe zfr3Q" style="text-align: justify">
<p class="CDt4Ke zfr3Q" dir="ltr"><strong>Antes del 22 de mayo →</strong>&nbsp;Envío a la Delegación de la oferta educativa del Centro (desde la dirección del CEPER).</p>
</li>
<li class="TYR86d wXCUfe zfr3Q">
<p class="CDt4Ke zfr3Q" dir="ltr" style="text-align: justify"><strong>Antes del día 1 de junio</strong> se planifica y desarrolla la campaña de captación:</p>
<ul class="n8H08c UVNKR" style="list-style-type: disc">
<li class="TYR86d wXCUfe zfr3Q" style="text-align: justify">
<p class="CDt4Ke zfr3Q" dir="ltr">Publicación en WEB del Centro, WEB locales, redes sociales&#8230;</p>
</li>
<li class="TYR86d wXCUfe zfr3Q" style="text-align: justify">
<p class="CDt4Ke zfr3Q" dir="ltr">Difusión a través de grupos de Whatsapp del Centro y de organismos locales.</p>
</li>
<li class="TYR86d wXCUfe zfr3Q" style="text-align: justify">
<p class="CDt4Ke zfr3Q" dir="ltr">Reproducción y puesta de cartelería.</p>
</li>
<li class="TYR86d wXCUfe zfr3Q" style="text-align: justify">
<p class="CDt4Ke zfr3Q" dir="ltr">Reproducción y distribución de octavillas.</p>
</li>
<li class="TYR86d wXCUfe zfr3Q" style="text-align: justify">
<p class="CDt4Ke zfr3Q" dir="ltr">Anuncios en la radio, participación en programas de radio locales.</p>
</li>
<li class="TYR86d wXCUfe zfr3Q" style="text-align: justify">
<p class="CDt4Ke zfr3Q" dir="ltr">Cartas/mensajes a antiguos alumnos/as.</p>
</li>
<li class="TYR86d wXCUfe zfr3Q">
<p class="CDt4Ke zfr3Q" dir="ltr" style="text-align: justify">Elaboración y difusión de vídeos y anuncios digitales&#8230;</p>
</li>
</ul>
</li>
</ol>

<p>PROCESO DE MATRICULACIÓN CALENDARIO DE ACTUACIONES CALENDARIO DE SEPTIEMBRE Del 1 de septiembre al 15 de octubre →&nbsp;Se abre el plazo extraordinario de matrícula. Solo se matriculará el alumnado en aquellos planes en el que&#46;&#46;&#46;</p>
