{"id":1244,"date":"2021-10-06T09:03:10","date_gmt":"2021-10-06T09:03:10","guid":{"rendered":"https:\/\/ceperalmazara.wordpress.com\/?page_id=1244"},"modified":"2021-10-06T09:03:10","modified_gmt":"2021-10-06T09:03:10","slug":"cambios-de-grupo","status":"publish","type":"page","link":"https:\/\/blogsaverroes.juntadeandalucia.es\/ceperalmazara\/cambios-de-grupo\/","title":{"rendered":"CAMBIOS DE GRUPO Y TRASLADOS DE MATR\u00cdCULA"},"content":{"rendered":"\n<p>El procedimiento de cambio de grupo se encuentra regulado por el ROF de centro.<\/p>\n\n\n\n<p class=\"has-text-align-justify\">Antes de proceder a realizar la matriculaci\u00f3n en un plan educativo impartido por el centro, <strong>se debe comprobar exhaustivamente<\/strong> <strong>el horario<\/strong> en que se va a impartir, no obstante, si durante el desarrollo del curso surgen <strong>eventualidades imprevistas y sobrevenidas<\/strong> tales como enfermedad, cambio de turnos de trabajo o responsabilidades familiares no preexistentes, es posible solicitar el cambio en la matr\u00edcula para asistir a otro grupo del mismo plan educativo.<\/p>\n\n\n\n<p class=\"has-text-align-justify\">Para realizar este tr\u00e1mite se debe acudir personalmente a la direcci\u00f3n del centro en el horario de atenci\u00f3n al p\u00fablico y solicitar el impreso a tal efecto. Si el cambio est\u00e1 justificado y hay <strong>plazas vacantes<\/strong> en el grupo al que se desea asistir, la direcci\u00f3n proceder\u00e1 a autorizarlo.<\/p>\n\n\n\n<p class=\"has-text-align-justify\">Todos los horarios de los planes impartidos en el centro y las secciones est\u00e1n expuestos en el tabl\u00f3n de anuncios.<\/p>\n\n\n\n<p>TRASLADO DE MATR\u00cdCULA<\/p>\n\n\n\n<p class=\"has-text-align-justify\">Si se desea solicitar un <strong>cambio de centro o un cambio de secci\u00f3n<\/strong>, se deber\u00e1 realizar el procedimiento de <strong>traslado de matr\u00edcula<\/strong> regulado por la <a rel=\"noreferrer noopener\" href=\"https:\/\/www.adideandalucia.es\/normas\/ordenes\/Orden25mayo2012EducacionPermanenteconsolidado.pdf\" target=\"_blank\">ORDEN de 25 de mayo de 2012<\/a>, por la que se desarrolla el procedimiento de admisi\u00f3n y matriculaci\u00f3n del alumnado en los centros docentes p\u00fablicos para cursar las ense\u00f1anzas de Educaci\u00f3n Permanente de Personas Adultas en las modalidades presencial y semipresencial (Texto consolidado, 24-02-2018). Seg\u00fan la cual solo es posible realizar el traslado durante el 1er y 2\u00ba trimestre del curso escolar.<\/p>\n\n\n\n<p class=\"has-text-align-justify\">Para solicitar un traslado de matr\u00edcula se debe acudir directamente al centro o secci\u00f3n a la que se desea asistir a clase y rellenar los impresos de matr\u00edcula y entregar la documentaci\u00f3n requerida.<\/p>\n","protected":false},"excerpt":{"rendered":"<p>El procedimiento de cambio de grupo se encuentra regulado por el ROF de centro. Antes de proceder a realizar la matriculaci\u00f3n en un plan educativo&hellip;<\/p>\n","protected":false},"author":6259,"featured_media":0,"parent":0,"menu_order":0,"comment_status":"closed","ping_status":"closed","template":"","meta":{"ngg_post_thumbnail":0,"footnotes":"","_mc_calendar":[]},"aioseo_notices":[],"_links":{"self":[{"href":"https:\/\/blogsaverroes.juntadeandalucia.es\/ceperalmazara\/wp-json\/wp\/v2\/pages\/1244"}],"collection":[{"href":"https:\/\/blogsaverroes.juntadeandalucia.es\/ceperalmazara\/wp-json\/wp\/v2\/pages"}],"about":[{"href":"https:\/\/blogsaverroes.juntadeandalucia.es\/ceperalmazara\/wp-json\/wp\/v2\/types\/page"}],"author":[{"embeddable":true,"href":"https:\/\/blogsaverroes.juntadeandalucia.es\/ceperalmazara\/wp-json\/wp\/v2\/users\/6259"}],"replies":[{"embeddable":true,"href":"https:\/\/blogsaverroes.juntadeandalucia.es\/ceperalmazara\/wp-json\/wp\/v2\/comments?post=1244"}],"version-history":[{"count":0,"href":"https:\/\/blogsaverroes.juntadeandalucia.es\/ceperalmazara\/wp-json\/wp\/v2\/pages\/1244\/revisions"}],"wp:attachment":[{"href":"https:\/\/blogsaverroes.juntadeandalucia.es\/ceperalmazara\/wp-json\/wp\/v2\/media?parent=1244"}],"curies":[{"name":"wp","href":"https:\/\/api.w.org\/{rel}","templated":true}]}}

CAMBIOS DE GRUPO Y TRASLADOS DE MATRÍCULA

<p>El procedimiento de cambio de grupo se encuentra regulado por el ROF de centro.</p>



<p class="has-text-align-justify">Antes de proceder a realizar la matriculación en un plan educativo impartido por el centro, <strong>se debe comprobar exhaustivamente</strong> <strong>el horario</strong> en que se va a impartir, no obstante, si durante el desarrollo del curso surgen <strong>eventualidades imprevistas y sobrevenidas</strong> tales como enfermedad, cambio de turnos de trabajo o responsabilidades familiares no preexistentes, es posible solicitar el cambio en la matrícula para asistir a otro grupo del mismo plan educativo.</p>



<p class="has-text-align-justify">Para realizar este trámite se debe acudir personalmente a la dirección del centro en el horario de atención al público y solicitar el impreso a tal efecto. Si el cambio está justificado y hay <strong>plazas vacantes</strong> en el grupo al que se desea asistir, la dirección procederá a autorizarlo.</p>



<p class="has-text-align-justify">Todos los horarios de los planes impartidos en el centro y las secciones están expuestos en el tablón de anuncios.</p>



<p>TRASLADO DE MATRÍCULA</p>



<p class="has-text-align-justify">Si se desea solicitar un <strong>cambio de centro o un cambio de sección</strong>, se deberá realizar el procedimiento de <strong>traslado de matrícula</strong> regulado por la <a rel="noreferrer noopener" href="https://www.adideandalucia.es/normas/ordenes/Orden25mayo2012EducacionPermanenteconsolidado.pdf" target="_blank">ORDEN de 25 de mayo de 2012</a>, por la que se desarrolla el procedimiento de admisión y matriculación del alumnado en los centros docentes públicos para cursar las enseñanzas de Educación Permanente de Personas Adultas en las modalidades presencial y semipresencial (Texto consolidado, 24-02-2018). Según la cual solo es posible realizar el traslado durante el 1er y 2º trimestre del curso escolar.</p>



<p class="has-text-align-justify">Para solicitar un traslado de matrícula se debe acudir directamente al centro o sección a la que se desea asistir a clase y rellenar los impresos de matrícula y entregar la documentación requerida.</p>

<p>El procedimiento de cambio de grupo se encuentra regulado por el ROF de centro. Antes de proceder a realizar la matriculación en un plan educativo&hellip;</p>
