{"id":1303,"date":"2022-01-20T13:31:14","date_gmt":"2022-01-20T13:31:14","guid":{"rendered":"https:\/\/ceperalmazara.wordpress.com\/?page_id=1303"},"modified":"2022-01-20T13:31:14","modified_gmt":"2022-01-20T13:31:14","slug":"orientacion-3","status":"publish","type":"page","link":"https:\/\/blogsaverroes.juntadeandalucia.es\/ceperalmazara\/orientacion-3\/","title":{"rendered":"ORIENTACI\u00d3N"},"content":{"rendered":"\n<p class=\"has-black-color has-light-gray-background-color has-text-color has-background has-x-large-font-size\">Accede a la secci\u00f3n de <a href=\"https:\/\/ceperalmazara.wordpress.com\/orientacion-academica\/\">ORIENTACI\u00d3N ACAD\u00c9MICA<\/a><\/p>\n","protected":false},"excerpt":{"rendered":"<p>Accede a la secci\u00f3n de ORIENTACI\u00d3N ACAD\u00c9MICA<\/p>\n","protected":false},"author":6259,"featured_media":0,"parent":0,"menu_order":0,"comment_status":"closed","ping_status":"closed","template":"","meta":{"ngg_post_thumbnail":0,"footnotes":"","_mc_calendar":[]},"aioseo_notices":[],"_links":{"self":[{"href":"https:\/\/blogsaverroes.juntadeandalucia.es\/ceperalmazara\/wp-json\/wp\/v2\/pages\/1303"}],"collection":[{"href":"https:\/\/blogsaverroes.juntadeandalucia.es\/ceperalmazara\/wp-json\/wp\/v2\/pages"}],"about":[{"href":"https:\/\/blogsaverroes.juntadeandalucia.es\/ceperalmazara\/wp-json\/wp\/v2\/types\/page"}],"author":[{"embeddable":true,"href":"https:\/\/blogsaverroes.juntadeandalucia.es\/ceperalmazara\/wp-json\/wp\/v2\/users\/6259"}],"replies":[{"embeddable":true,"href":"https:\/\/blogsaverroes.juntadeandalucia.es\/ceperalmazara\/wp-json\/wp\/v2\/comments?post=1303"}],"version-history":[{"count":0,"href":"https:\/\/blogsaverroes.juntadeandalucia.es\/ceperalmazara\/wp-json\/wp\/v2\/pages\/1303\/revisions"}],"wp:attachment":[{"href":"https:\/\/blogsaverroes.juntadeandalucia.es\/ceperalmazara\/wp-json\/wp\/v2\/media?parent=1303"}],"curies":[{"name":"wp","href":"https:\/\/api.w.org\/{rel}","templated":true}]}}