{"id":2618,"date":"2021-04-28T09:12:04","date_gmt":"2021-04-28T09:12:04","guid":{"rendered":"https:\/\/ceperalmazara.wordpress.com\/?page_id=1134"},"modified":"2021-04-28T09:12:04","modified_gmt":"2021-04-28T09:12:04","slug":"clave-pasen","status":"publish","type":"page","link":"https:\/\/blogsaverroes.juntadeandalucia.es\/ceperalmazara\/clave-pasen\/","title":{"rendered":"CLAVE PASEN"},"content":{"rendered":"\n<p><strong>\u00bfQu\u00e9 es?<\/strong><\/p>\n\n\n\n<p>Los credenciales PASEN (usuario y contrase\u00f1a) permiten al alumnado escolarizado en un centro educativo p\u00fablico de Andaluc\u00eda (o a sus padres en el caso de alumnos menores de edad) acceder a los plataformas PASEN y a las plataformas MOODLE. <\/p>\n\n\n\n<p><strong>\u00bfPara qu\u00e9 sirve?<\/strong><\/p>\n\n\n\n<p class=\"has-text-align-justify\">En la plataforma PASEN web y en la aplicaci\u00f3n m\u00f3vil iPASEN, el alumno podr\u00e1 comunicarse con su tutor, profesorado y con la direcci\u00f3n del centro donde se encuentra matriculado. Asimismo, podr\u00e1 recibir comunicaciones del centro, consultar el tabl\u00f3n de anuncios virtual, obtener informaci\u00f3n sobre las ausencias a clase y justificar las mismas en caso de que proceda.<\/p>\n\n\n\n<p class=\"has-text-align-justify\">Los credenciales PASEN tambi\u00e9n permiten el acceso a las plataformas MOODLE al alumnado matriculado en planes educativos en su modalidad semipresencial y a distancia, como por ejemplo, el alumnado de la ESPA (Educaci\u00f3n Secundaria para adultos) que se imparte en este centro.<\/p>\n\n\n\n<p class=\"has-text-align-justify\">En la plataforma MOODLE podr\u00e1 encontrar y realizar las tareas de cada \u00e1mbito, comunicarse con los tutores TAE y profesores del IES a trav\u00e9s del sistema de mensajer\u00eda, y tambi\u00e9n podr\u00e1 consultar informaci\u00f3n como fechas de examen, orientaciones para cada \u00e1mbito, temario, calendario, modelos de examen, etc.<\/p>\n\n\n\n<p><strong>\u00bfC\u00f3mo puedo obtener mis credenciales?<\/strong><\/p>\n\n\n\n<p>Si ya ten\u00edas tus credenciales de cursos anteriores o por ser padre o madre de un menor escolarizado, ser\u00e1n los mismos y no tendr\u00e1s que generarlos. Si no est\u00e1s en el caso anterior, tendr\u00e1s que generar tus credenciales por primera vez a trav\u00e9s del proceso de AUTOLOGIN.<\/p>\n\n\n\n<p>Para realizar el proceso de AUTOLOGIN accede al siguiente enlace y clickea en el bot\u00f3n \u00abNO TENGO ACCESO\u00bb, o descarga la app en tu m\u00f3vil y pulsa el mismo bot\u00f3n.<\/p>\n\n\n\n<p><a href=\"https:\/\/seneca.juntadeandalucia.es\/seneca\/jsp\/portalpasen\/\" target=\"_blank\" rel=\"noreferrer noopener\">https:\/\/seneca.juntadeandalucia.es\/seneca\/jsp\/portalpasen\/<\/a><\/p>\n\n\n\n<figure class=\"wp-block-image size-large\"><img loading=\"lazy\" decoding=\"async\" width=\"251\" height=\"288\" src=\"https:\/\/blogsaverroes.juntadeandalucia.es\/ceperalmazara\/files\/2021\/04\/pasen.png?w=251\" alt=\"\" class=\"wp-image-1145\" \/><\/figure>\n\n\n\n<p>Se requerir\u00e1n tres datos: El NIF, una fecha de nacimiento y un n\u00famero de tel\u00e9fono m\u00f3vil donde recibir\u00e1 por SMS las credenciales. Este \u00faltimo deber\u00e1 coincidir con el que consta en S\u00e9neca para los tutores legales o para el alumnado. Si eres menor de edad, el proceso de AUTOLOGIN lo tendr\u00e1 que realizar tu padre, madre o tutor legal con sus propios datos.<\/p>\n\n\n\n<p>En el siguiente v\u00eddeo puedes ver un v\u00eddeo tutorial de como descargar, instalar, hacer el autologin y configurar la aplicaci\u00f3n iPASEN en un dispositivo m\u00f3vil:<\/p>\n\n\n\n<figure class=\"wp-block-embed is-type-video is-provider-youtube wp-block-embed-youtube wp-embed-aspect-16-9 wp-has-aspect-ratio\"><div class=\"wp-block-embed__wrapper\">\n<iframe loading=\"lazy\" title=\"Autologin, instalaci\u00f3n y configuraci\u00f3n ipasen\" width=\"843\" height=\"474\" src=\"https:\/\/www.youtube.com\/embed\/bjQmLlB_v14?feature=oembed\" frameborder=\"0\" allow=\"accelerometer; autoplay; clipboard-write; encrypted-media; gyroscope; picture-in-picture; web-share\" allowfullscreen><\/iframe>\n<\/div><\/figure>\n\n\n\n<p><\/p>\n\n\n\n<p>Si tienes problemas para generar los credenciales mediante AUTOLOGIN, probablemente se deba a que los datos introducidos no coinciden con los datos en S\u00e9neca de tu ficha de alumno. Para reportar la incidencia a la direcci\u00f3n del centro y solucionar el problema debes rellenar el siguiente <strong><a href=\"https:\/\/docs.google.com\/forms\/d\/e\/1FAIpQLSfXOQX7O0eJq3qcK3llUbiasYQC-QKLyyQclYxQyzoiKKDSFw\/viewform\">FORMULARIO DE INCIDENCIAS<\/a><\/strong><\/p>\n\n\n\n<p><\/p>\n\n\n\n<p><\/p>\n\n\n\n<p><strong>He perdido mis credenciales, \u00bfc\u00f3mo puedo recuperarlos?<\/strong><\/p>\n\n\n\n<p>Es muy importante guardar nuestro usuario y nuestra contrase\u00f1a en un lugar seguro para poder acudir a ellos en caso de olvido.<\/p>\n\n\n\n<p>Cada d\u00eda nos llegan a secretar\u00eda DOS TIPOS DE INCIDENCIAS CON IPASEN:<\/p>\n\n\n\n<ol id=\"clavepasen\" class=\"ipasen claveipasen clave usuario contrase\u00f1a credenciales autologin\"><li>Personas que SABEN SU USUARIO pero NO SU CONTRASE\u00d1A.<\/li><li>Personas que NO SABEN NI SU USARIO NI SU CONTRASE\u00d1A.<\/li><\/ol>\n\n\n\n<p>A continuaci\u00f3n les indicamos como proceder en cada caso.<\/p>\n\n\n\n<p><\/p>\n\n\n\n<ol><li><strong>Sabes tu usuario pero no tu contrase\u00f1a<\/strong><\/li><\/ol>\n\n\n\n<p>En este caso deberemos seguir el siguiente videotutorial:<\/p>\n\n\n\n<figure class=\"wp-block-embed is-type-rich is-provider-gestor-del-servicio wp-block-embed-gestor-del-servicio wp-embed-aspect-16-9 wp-has-aspect-ratio\"><div class=\"wp-block-embed__wrapper\">\n<iframe loading=\"lazy\" title=\"iPasen. Restablecer contrase\u00f1a.\" width=\"843\" height=\"474\" src=\"https:\/\/www.youtube.com\/embed\/4wpfNUIgK6k?feature=oembed\" frameborder=\"0\" allow=\"accelerometer; autoplay; clipboard-write; encrypted-media; gyroscope; picture-in-picture; web-share\" allowfullscreen><\/iframe>\n<\/div><\/figure>\n\n\n\n<p><\/p>\n\n\n\n<p><\/p>\n\n\n\n<p><strong>2. Has olvidado tu usuario y tu contrase\u00f1a<\/strong><\/p>\n\n\n\n<p>En este caso tendr\u00e1s que empezar de cero.&nbsp; A trav\u00e9s de este sistema, cualquier padre\/madre o alumno\/a podr\u00e1 realizar un proceso de \u00abautologin\u00bb&nbsp;<strong>para obtener las credenciales de acceso a PASEN<\/strong>.<\/p>\n\n\n\n<p>Para realizar el \u00abautologin\u00bb a trav\u00e9s de la aplicaci\u00f3n web o de la app, las familias deber\u00e1n pinchar en el enlace \u2018<strong>No tengo acceso<\/strong>\u2018 de la pantalla de login.<\/p>\n\n\n\n<p>Se requerir\u00e1n tres datos: El&nbsp;<strong>NIF<\/strong>, fecha de nacimiento y un&nbsp;<strong>n\u00famero de tel\u00e9fono m\u00f3vil<\/strong>&nbsp;donde recibir\u00e1 por SMS las credenciales. IMPORTANTE:&nbsp;<strong>Estos datos deber\u00e1n coincidir con los que has proporcionado en la matr\u00edcula.<\/strong><\/p>\n\n\n\n<p>En el siguiente videotutorial puedes ver como realizar el proceso de AUTOLOGIN desde cero en la aplicaci\u00f3n m\u00f3vil iPASEN:<\/p>\n\n\n\n<figure class=\"wp-block-embed is-type-rich is-provider-gestor-del-servicio wp-block-embed-gestor-del-servicio wp-embed-aspect-16-9 wp-has-aspect-ratio\"><div class=\"wp-block-embed__wrapper\">\n<iframe loading=\"lazy\" title=\"Autologin, instalaci\u00f3n y configuraci\u00f3n ipasen\" width=\"843\" height=\"474\" src=\"https:\/\/www.youtube.com\/embed\/bjQmLlB_v14?feature=oembed\" frameborder=\"0\" allow=\"accelerometer; autoplay; clipboard-write; encrypted-media; gyroscope; picture-in-picture; web-share\" allowfullscreen><\/iframe>\n<\/div><\/figure>\n","protected":false},"excerpt":{"rendered":"<p>\u00bfQu\u00e9 es? Los credenciales PASEN (usuario y contrase\u00f1a) permiten al alumnado escolarizado en un centro educativo p\u00fablico de Andaluc\u00eda (o a sus padres en el&hellip;<\/p>\n","protected":false},"author":6259,"featured_media":0,"parent":0,"menu_order":0,"comment_status":"closed","ping_status":"closed","template":"","meta":{"ngg_post_thumbnail":0,"footnotes":"","_mc_calendar":[]},"aioseo_notices":[],"_links":{"self":[{"href":"https:\/\/blogsaverroes.juntadeandalucia.es\/ceperalmazara\/wp-json\/wp\/v2\/pages\/2618"}],"collection":[{"href":"https:\/\/blogsaverroes.juntadeandalucia.es\/ceperalmazara\/wp-json\/wp\/v2\/pages"}],"about":[{"href":"https:\/\/blogsaverroes.juntadeandalucia.es\/ceperalmazara\/wp-json\/wp\/v2\/types\/page"}],"author":[{"embeddable":true,"href":"https:\/\/blogsaverroes.juntadeandalucia.es\/ceperalmazara\/wp-json\/wp\/v2\/users\/6259"}],"replies":[{"embeddable":true,"href":"https:\/\/blogsaverroes.juntadeandalucia.es\/ceperalmazara\/wp-json\/wp\/v2\/comments?post=2618"}],"version-history":[{"count":0,"href":"https:\/\/blogsaverroes.juntadeandalucia.es\/ceperalmazara\/wp-json\/wp\/v2\/pages\/2618\/revisions"}],"wp:attachment":[{"href":"https:\/\/blogsaverroes.juntadeandalucia.es\/ceperalmazara\/wp-json\/wp\/v2\/media?parent=2618"}],"curies":[{"name":"wp","href":"https:\/\/api.w.org\/{rel}","templated":true}]}}