{"id":414,"date":"2018-12-06T13:16:15","date_gmt":"2018-12-06T13:16:15","guid":{"rendered":"https:\/\/ceperalmazara.wordpress.com\/?page_id=414"},"modified":"2018-12-06T13:16:15","modified_gmt":"2018-12-06T13:16:15","slug":"normas-del-centro","status":"publish","type":"page","link":"https:\/\/blogsaverroes.juntadeandalucia.es\/ceperalmazara\/normas-del-centro\/","title":{"rendered":"NORMAS DEL CENTRO"},"content":{"rendered":"<p>Puedes consultar todas las normas del centro en el Reglamento de Orden y Funcionamiento.<\/p>\n<p>No obstante, al comienzo de cada curso acad\u00e9mico se celebra una sesi\u00f3n de presentaci\u00f3n de asistencia obligatoria donde se exponen las normas m\u00e1s importantes y se visualiza una presentaci\u00f3n de diapositivas con los aspectos m\u00e1s relevantes.<\/p>\n<p>Recuerda que el desconocimiento de las normas no exime de su cumplimiento.<\/p>\n<p>Si no te incorporaste al curso m\u00e1s tarde o no pudiste asistir, puedes visualizarla a continuaci\u00f3n:<\/p>\n[googleapps domain=\u00bbdocs\u00bb dir=\u00bbpresentation\/d\/e\/2PACX-1vQ7JH4DKqt2SFhYTZnfLOhvvzlGtNMl8fz8XW4hRNjNxz4bDO0DXv_cgGe306cKZ5AAF-3S5XDUQt5E\/embed\u00bb query=\u00bbstart=false&amp;loop=false&amp;delayms=10000&#8243; width=\u00bb960&#8243; height=\u00bb569&#8243; \/]\n","protected":false},"excerpt":{"rendered":"<p>Puedes consultar todas las normas del centro en el Reglamento de Orden y Funcionamiento. No obstante, al comienzo de cada curso acad\u00e9mico se celebra una&hellip;<\/p>\n","protected":false},"author":6259,"featured_media":0,"parent":0,"menu_order":0,"comment_status":"closed","ping_status":"closed","template":"","meta":{"ngg_post_thumbnail":0,"footnotes":"","_mc_calendar":[]},"aioseo_notices":[],"_links":{"self":[{"href":"https:\/\/blogsaverroes.juntadeandalucia.es\/ceperalmazara\/wp-json\/wp\/v2\/pages\/414"}],"collection":[{"href":"https:\/\/blogsaverroes.juntadeandalucia.es\/ceperalmazara\/wp-json\/wp\/v2\/pages"}],"about":[{"href":"https:\/\/blogsaverroes.juntadeandalucia.es\/ceperalmazara\/wp-json\/wp\/v2\/types\/page"}],"author":[{"embeddable":true,"href":"https:\/\/blogsaverroes.juntadeandalucia.es\/ceperalmazara\/wp-json\/wp\/v2\/users\/6259"}],"replies":[{"embeddable":true,"href":"https:\/\/blogsaverroes.juntadeandalucia.es\/ceperalmazara\/wp-json\/wp\/v2\/comments?post=414"}],"version-history":[{"count":0,"href":"https:\/\/blogsaverroes.juntadeandalucia.es\/ceperalmazara\/wp-json\/wp\/v2\/pages\/414\/revisions"}],"wp:attachment":[{"href":"https:\/\/blogsaverroes.juntadeandalucia.es\/ceperalmazara\/wp-json\/wp\/v2\/media?parent=414"}],"curies":[{"name":"wp","href":"https:\/\/api.w.org\/{rel}","templated":true}]}}