{"id":96,"date":"2018-07-30T13:41:36","date_gmt":"2018-07-30T13:41:36","guid":{"rendered":"https:\/\/ceperalmazara.wordpress.com\/?page_id=96"},"modified":"2018-07-30T13:41:36","modified_gmt":"2018-07-30T13:41:36","slug":"graduado-en-secundaria","status":"publish","type":"page","link":"https:\/\/blogsaverroes.juntadeandalucia.es\/ceperalmazara\/graduado-en-secundaria\/","title":{"rendered":"GRADUADO EN SECUNDARIA"},"content":{"rendered":"<p><img loading=\"lazy\" decoding=\"async\" class=\"alignnone size-full wp-image-292\" src=\"https:\/\/blogsaverroes.juntadeandalucia.es\/ceperalmazara\/files\/2018\/08\/eso.jpg\" alt=\"eso\" width=\"700\" height=\"350\" \/><\/p>\n<p style=\"text-align:justify\">Uno de los planes educativos prioritarios ofertados por el centro es el Plan para la obtenci\u00f3n del Graduado en secundaria para mayores de 18 a\u00f1os.<\/p>\n<p>El CEPER Almazara imparte actualmente dos modalidades que te pueden permitir obtener la titulaci\u00f3n. A continuaci\u00f3n te explicamos las diferencias entre una y otra:<\/p>\n<h2><strong>Modalidad semipresencial- Tutor\u00eda de Apoyo al Estudio (TAE):\u00a0<\/strong><\/h2>\n<p style=\"padding-left:30px;text-align:justify\">Esta modalidad se compone de dos niveles: nivel 1 y nivel 2.\u00a0 Cada nivel se puede superar en un curso escolar, pero puedes acceder <strong>directamente al nivel 2<\/strong> si cumples uno de estos requisitos:<\/p>\n<ol>\n<li>Haber superado 2\u00ba de la ESO.<\/li>\n<li>Tener el t\u00edtulo de Graduado Escolar<\/li>\n<li style=\"text-align:justify\">Superar una prueba de valoraci\u00f3n inicial (prueba VIA) que se convoca a final de septiembre. Cualquier persona puede presentarse a esta prueba, si la superas podr\u00e1s acceder directamente al nivel 2.<\/li>\n<\/ol>\n<p style=\"text-align:justify\">En caso de no cumplir ninguno de esos requisitos tendr\u00e1s que cursar en primer lugar nivel 1.<\/p>\n<p>Una vez comenzado el curso, en esta modalidad, tanto en el nivel 1 como en el 2, tendr\u00e1s que cursar y aprobar 3 \u00e1mbitos:<\/p>\n<ul>\n<li>\u00c1mbito de comunicaci\u00f3n (lengua e ingl\u00e9s)<\/li>\n<li>\u00c1mbito social<\/li>\n<li>\u00c1mbito cient\u00edfico-tecnol\u00f3gico<\/li>\n<\/ul>\n<p style=\"text-align:justify\">Esta se trata de una ense\u00f1anza modular, donde cada trimestre es considerado un m\u00f3dulo. Se realiza un examen de cada \u00e1mbito en cada trimestre. Una vez aprobados todos los trimestres de los tres \u00e1mbitos se obtiene la titulaci\u00f3n de Graduado en secundaria.<\/p>\n<p>En esta modalidad se tienen en cuenta para la nota tres factores:<\/p>\n<ul>\n<li>La nota del examen<\/li>\n<li>La asistencia a clase (la carga lectiva es de 12 horas semanales aproximadamente)<\/li>\n<li style=\"text-align:justify\">La parte NO PRESENCIAL que consiste en la realizaci\u00f3n de tareas trimestrales a trav\u00e9s de una plataforma online. Se recomienda disponer de ordenador y conexi\u00f3n a internet en casa, as\u00ed como un m\u00ednimo de conocimientos inform\u00e1ticos. Para los alumnos que no dispongan de estos medios, nuestro centro cuenta con aula de inform\u00e1tica que se podr\u00e1 usar en el horario estipulado.<\/li>\n<\/ul>\n<p style=\"text-align:justify\">Al tratarse de una <strong>ense\u00f1anza modular<\/strong>, los trimestres o m\u00f3dulos se aprueban de manera independiente y se conserva el aprobado para el curso siguiente. Por ejemplo, si durante un curso apruebas el primer y el segundo trimestre de un \u00e1mbito de nivel 2 (m\u00f3dulos 4 y 5), pero suspendes el tercer trimestre (m\u00f3dulo 6), el curso siguiente solo tendr\u00e1s que cursar ese m\u00f3dulo y conservar\u00e1s los dos primeros como m\u00f3dulos aprobados.<\/p>\n<p style=\"text-align:justify\"><strong>IMPORTANTE:\u00a0 Solo podr\u00e1s estar un m\u00e1ximo de 3 cursos en esta modalidad. Aunque dejes de ir a clase y no te presentes a los ex\u00e1menes pierdes un curso igualmente. Una vez agotado el m\u00e1ximo de 3 cursos solo podr\u00e1s obtener el t\u00edtulo de graduado en secundaria v\u00eda la prueba libre.<\/strong><\/p>\n<p style=\"text-align:justify\">El nivel 1 lo impartimos como centro adscrito y en coordinaci\u00f3n con el IES Rodrigo Caro de Coria del r\u00edo.<\/p>\n<p style=\"text-align:justify\">El nivel 2 lo impartimos como centro adscrito y en coordinaci\u00f3n con el IES Mateo Alem\u00e1n de San Juan de Aznalfarache.<\/p>\n<p style=\"text-align:justify\">Una de las ventajas de esta MODALIDAD SEMIPRESENCIAL es que adem\u00e1s de los profesores del IES que te evaluar\u00e1n, tambi\u00e9n tendr\u00e1s un tutor TAE que te impartir\u00e1 las clases y te guiar\u00e1 en todo el proceso hasta la obtenci\u00f3n de la titulaci\u00f3n.<\/p>\n<p><img loading=\"lazy\" decoding=\"async\" class=\"aligncenter  wp-image-290\" src=\"https:\/\/blogsaverroes.juntadeandalucia.es\/ceperalmazara\/files\/2018\/08\/92954-20180602pruebas-tc3adtulo-eso.jpg?w=450\" alt=\"92954-20180602Pruebas t\u00edtulo ESO\" width=\"251\" height=\"335\" srcset=\"https:\/\/blogsaverroes.juntadeandalucia.es\/ceperalmazara\/files\/2018\/08\/92954-20180602pruebas-tc3adtulo-eso.jpg 540w, https:\/\/blogsaverroes.juntadeandalucia.es\/ceperalmazara\/files\/2018\/08\/92954-20180602pruebas-tc3adtulo-eso-225x300.jpg 225w\" sizes=\"(max-width: 251px) 100vw, 251px\" \/><\/p>\n<h2><\/h2>\n<h2><strong>Modalidad preparaci\u00f3n para la prueba libre<\/strong><\/h2>\n<p style=\"text-align:justify\">En esta modalidad te preparamos para realizar un \u00fanico examen que convoca la Consejer\u00eda de Educaci\u00f3n de la Junta de Andaluc\u00eda dos veces al a\u00f1o, una en abril y otra en junio.<\/p>\n<p>Tendr\u00e1s que realizar en el mismo d\u00eda el examen de los tres \u00e1mbitos:<\/p>\n<ul>\n<li>\u00c1mbito de comunicaci\u00f3n (lengua e ingl\u00e9s)<\/li>\n<li>\u00c1mbito social<\/li>\n<li>\u00c1mbito cient\u00edfico-tecnol\u00f3gico<\/li>\n<\/ul>\n<p style=\"text-align:justify\">Los \u00e1mbitos se pueden aprobar de manera independiente, es decir, en una convocatoria puedes aprobar un \u00e1mbito y lo mantendr\u00e1s aprobado siempre, en las siguientes convocatorias solo tendr\u00edas que examinarte de los \u00e1mbitos que no has aprobado.<\/p>\n<p style=\"text-align:justify\">Si ya tienes aprobado alg\u00fan \u00e1mbito previamente en otra modalidad, no tendr\u00e1s que examinarte del mismo.<\/p>\n<p style=\"text-align:justify\">Ten en cuenta que en esta modalidad entran los contenidos de los <strong>dos niveles de la ESPA\u00a0<\/strong> y que tu nota solo depende del examen, no llevar\u00e1s puntuaci\u00f3n por asistencia a clase ni por realizaci\u00f3n de tareas, por lo que solemos recomendar la modalidad semipresencial TAE antes que esta.<\/p>\n<p style=\"text-align:justify\">Si quieres realizar la prueba libre de abril tendr\u00e1s que rellenar la solicitud durante el mes de febrero y para realizar la de junio tendr\u00e1s que rellenar la solicitud durante los meses de abril y mayo. La solicitud es gratuita y no se ha de pagar tasa. Los centros no somos receptores de solicitudes para la realizaci\u00f3n de la prueba libre por lo que tendr\u00e1s que rellenar por tu cuenta y entregarla de manera telem\u00e1tica o remiti\u00e9ndola a la Delegaci\u00f3n Territorial de Educaci\u00f3n a trav\u00e9s de un registro oficial o por correo ordinario.<\/p>\n<p>Los ex\u00e1menes se suelen realizar un s\u00e1bado.<\/p>\n<p style=\"text-align:justify\">El curso de preparaci\u00f3n para el examen comienza a mediados de septiembre y termina en abril. Para aquellos que hayan suspendido alg\u00fan \u00e1mbito seguiremos dando clase durante los meses de mayo y junio.<\/p>\n<p><strong>Requisitos<\/strong>: no hay ning\u00fan requisito para cursar esta modalidad salvo el ser mayor de 18 a\u00f1os o cumplirlos en el a\u00f1o natural de realizaci\u00f3n de la prueba.<\/p>\n<h2>DOCUMENTACI\u00d3N A ENTREGAR PARA REALIZAR LA MATRICULACI\u00d3N<\/h2>\n<p><strong>MODALIDAD SEMIPRESENCIAL TAE<\/strong><\/p>\n<ul>\n<li>2 fotocopias del DNI, NIE o pasaporte<\/li>\n<li>2 fotograf\u00edas tama\u00f1o carn\u00e9<\/li>\n<li>Los menores de 25 a\u00f1os deber\u00e1n abonar 2 euros en concepto de seguro escolar.<\/li>\n<\/ul>\n<p style=\"padding-left:30px;text-align:justify\"><strong>*<\/strong> En caso de solicitar matriculaci\u00f3n en el nivel 2 estando en posesi\u00f3n del t\u00edtulo de Graduado Escolar, se debe aportar original y fotocopia de este.<\/p>\n<p><strong>MODALIDAD PREPARACI\u00d3N PARA LA PRUEBA LIBRE<\/strong><\/p>\n<ul>\n<li>1 fotocopia del DNI, NIE o pasaporte<\/li>\n<li>1 fotograf\u00eda tama\u00f1o carn\u00e9<\/li>\n<\/ul>\n<p><strong>PLAZO DE MATRICULACI\u00d3N\u00a0<\/strong><\/p>\n<p>Ordinario: entre 1 y el 15 de junio<\/p>\n<p>Extraordinario: entre 1 y el 15 de septiembre<\/p>\n<p style=\"text-align:justify\">Si quedar\u00e1n plazas seguir\u00edamos admitiendo nuevas matr\u00edculas hasta el 22 de diciembre, pero ten en cuenta que las clases comienzan a mediados de septiembre y que si te incorporas m\u00e1s tarde te habr\u00e1s perdido las primeras semanas de clase que son las m\u00e1s importantes, disminuyendo en gran medidas las posibilidades de aprobar.<\/p>\n<p style=\"text-align:justify\">No se admiten matr\u00edculas fuera de plazo salvo las circunstancias excepcionales demostrables descritas en la normativa.<\/p>\n<p><strong>HORARIO DE ATENCI\u00d3N AL P\u00daBLICO<\/strong><\/p>\n<p>Durante la primera quincena de septiembre: Lunes a viernes de 12 a 13.30 horas<\/p>\n<p>Durante el resto del curso: Consultar en el apartado horarios o en tabl\u00f3n de informaci\u00f3n del centro.<\/p>\n<p>\u00bfEs posible presentarme a las Pruebas Libres sin asistir a clase?<\/p>\n<p style=\"text-align:justify\">S\u00ed. Cualquier persona que cumpla el requisito de la edad puede presentarse a las pruebas. Puedes presentarte sin haber estado matriculado en nuestro centro y habi\u00e9ndote preparado el temario por tu cuenta, pero tendr\u00e1s que rellenar la solicitud en el plazo correspondiente a trav\u00e9s de la Secretar\u00eda Virtual.<\/p>\n<p style=\"text-align:justify\">Habitualmente los plazos para la entrega de la solicitudes son los siguientes.<\/p>\n<ul>\n<li>CONVOCATORIA DE ABRIL: Del 1 al 15 de febrero<\/li>\n<li>CONVOCATORIA DE JUNIO: Del 15 de abril al 10 de mayo.<\/li>\n<\/ul>\n<p><strong>\u00bfC\u00f3mo se entrega la solicitud?<\/strong><\/p>\n<h3><span style=\"color:#ff0000\"><strong>LOS CENTROS EDUCATIVOS NO SON CENTROS RECEPTORES DE SOLICITUDES.<\/strong><\/span><\/h3>\n<p>Tendr\u00e1s que rellenarla y entregarla a trav\u00e9s de la Secretar\u00eda Virtual accediendo con certificado digital o clave iCat, o bien imprimiendo la solicitud una vez rellena y entreg\u00e1ndola en cualquier registro oficial.<\/p>\n<h3><strong><span style=\"color:#ff0000\">NUESTRO CENTRO NO PUEDE RECOGER SOLICITUDES<\/span><\/strong><\/h3>\n<p>Puedes consultar m\u00e1s informaci\u00f3n y el temario de las pruebas libres <strong><span style=\"color:#0000ff\"><a style=\"color:#0000ff\" href=\"https:\/\/ceperalmazara.wordpress.com\/prueba-libre-secundaria\/\">aqu\u00ed<\/a>.<\/span><\/strong><\/p>\n<h1 style=\"text-align:justify\">Otras v\u00edas para obtener el t\u00edtulo de Graduado en Secundaria<\/h1>\n<p style=\"text-align:justify\">Adem\u00e1s de estas dos modalidades que oferta el CEPER Almazara, existen otras dos que tambi\u00e9n te permiten la obtenci\u00f3n de esta titulaci\u00f3n:<\/p>\n<ul>\n<li style=\"text-align:justify\"><strong>Modalidad presencial:<\/strong> compuesta tambi\u00e9n de NIVEL I Y NIVEL 2. Con una carga lectiva superior a la modalidad semipresencial: 20 horas semanales. Carece de parte no presencial y de realizaci\u00f3n de tareas online. La ofertan algunos IES como el IES Rodrigo Caro de Coria del r\u00edo.<\/li>\n<\/ul>\n<ul>\n<li style=\"text-align:justify\"><strong>Modalidad a distancia<\/strong>: solo la imparte el IEDA (Instituto de Ense\u00f1anzas a distancia de Andaluc\u00eda). Tendr\u00e1s que seguir el temario de manera online, y tendr\u00e1s un tutor a distancia. Los ex\u00e1menes trimestrales son presenciales. Consta de nivel 1 y nivel 2. Las plazas son muy limitadas.<\/li>\n<\/ul>\n","protected":false},"excerpt":{"rendered":"<p>Uno de los planes educativos prioritarios ofertados por el centro es el Plan para la obtenci\u00f3n del Graduado en secundaria para mayores de 18 a\u00f1os.&hellip;<\/p>\n","protected":false},"author":6259,"featured_media":0,"parent":0,"menu_order":0,"comment_status":"closed","ping_status":"closed","template":"","meta":{"ngg_post_thumbnail":0,"footnotes":"","_mc_calendar":[]},"aioseo_notices":[],"_links":{"self":[{"href":"https:\/\/blogsaverroes.juntadeandalucia.es\/ceperalmazara\/wp-json\/wp\/v2\/pages\/96"}],"collection":[{"href":"https:\/\/blogsaverroes.juntadeandalucia.es\/ceperalmazara\/wp-json\/wp\/v2\/pages"}],"about":[{"href":"https:\/\/blogsaverroes.juntadeandalucia.es\/ceperalmazara\/wp-json\/wp\/v2\/types\/page"}],"author":[{"embeddable":true,"href":"https:\/\/blogsaverroes.juntadeandalucia.es\/ceperalmazara\/wp-json\/wp\/v2\/users\/6259"}],"replies":[{"embeddable":true,"href":"https:\/\/blogsaverroes.juntadeandalucia.es\/ceperalmazara\/wp-json\/wp\/v2\/comments?post=96"}],"version-history":[{"count":0,"href":"https:\/\/blogsaverroes.juntadeandalucia.es\/ceperalmazara\/wp-json\/wp\/v2\/pages\/96\/revisions"}],"wp:attachment":[{"href":"https:\/\/blogsaverroes.juntadeandalucia.es\/ceperalmazara\/wp-json\/wp\/v2\/media?parent=96"}],"curies":[{"name":"wp","href":"https:\/\/api.w.org\/{rel}","templated":true}]}}

<p><img loading="lazy" decoding="async" class="alignnone size-full wp-image-292" src="https://blogsaverroes.juntadeandalucia.es/ceperalmazara/files/2018/08/eso.jpg" alt="eso" width="700" height="350" /></p>
<p style="text-align:justify">Uno de los planes educativos prioritarios ofertados por el centro es el Plan para la obtención del Graduado en secundaria para mayores de 18 años.</p>
<p>El CEPER Almazara imparte actualmente dos modalidades que te pueden permitir obtener la titulación. A continuación te explicamos las diferencias entre una y otra:</p>
<h2><strong>Modalidad semipresencial- Tutoría de Apoyo al Estudio (TAE): </strong></h2>
<p style="padding-left:30px;text-align:justify">Esta modalidad se compone de dos niveles: nivel 1 y nivel 2.  Cada nivel se puede superar en un curso escolar, pero puedes acceder <strong>directamente al nivel 2</strong> si cumples uno de estos requisitos:</p>
<ol>
<li>Haber superado 2º de la ESO.</li>
<li>Tener el título de Graduado Escolar</li>
<li style="text-align:justify">Superar una prueba de valoración inicial (prueba VIA) que se convoca a final de septiembre. Cualquier persona puede presentarse a esta prueba, si la superas podrás acceder directamente al nivel 2.</li>
</ol>
<p style="text-align:justify">En caso de no cumplir ninguno de esos requisitos tendrás que cursar en primer lugar nivel 1.</p>
<p>Una vez comenzado el curso, en esta modalidad, tanto en el nivel 1 como en el 2, tendrás que cursar y aprobar 3 ámbitos:</p>
<ul>
<li>Ámbito de comunicación (lengua e inglés)</li>
<li>Ámbito social</li>
<li>Ámbito científico-tecnológico</li>
</ul>
<p style="text-align:justify">Esta se trata de una enseñanza modular, donde cada trimestre es considerado un módulo. Se realiza un examen de cada ámbito en cada trimestre. Una vez aprobados todos los trimestres de los tres ámbitos se obtiene la titulación de Graduado en secundaria.</p>
<p>En esta modalidad se tienen en cuenta para la nota tres factores:</p>
<ul>
<li>La nota del examen</li>
<li>La asistencia a clase (la carga lectiva es de 12 horas semanales aproximadamente)</li>
<li style="text-align:justify">La parte NO PRESENCIAL que consiste en la realización de tareas trimestrales a través de una plataforma online. Se recomienda disponer de ordenador y conexión a internet en casa, así como un mínimo de conocimientos informáticos. Para los alumnos que no dispongan de estos medios, nuestro centro cuenta con aula de informática que se podrá usar en el horario estipulado.</li>
</ul>
<p style="text-align:justify">Al tratarse de una <strong>enseñanza modular</strong>, los trimestres o módulos se aprueban de manera independiente y se conserva el aprobado para el curso siguiente. Por ejemplo, si durante un curso apruebas el primer y el segundo trimestre de un ámbito de nivel 2 (módulos 4 y 5), pero suspendes el tercer trimestre (módulo 6), el curso siguiente solo tendrás que cursar ese módulo y conservarás los dos primeros como módulos aprobados.</p>
<p style="text-align:justify"><strong>IMPORTANTE:  Solo podrás estar un máximo de 3 cursos en esta modalidad. Aunque dejes de ir a clase y no te presentes a los exámenes pierdes un curso igualmente. Una vez agotado el máximo de 3 cursos solo podrás obtener el título de graduado en secundaria vía la prueba libre.</strong></p>
<p style="text-align:justify">El nivel 1 lo impartimos como centro adscrito y en coordinación con el IES Rodrigo Caro de Coria del río.</p>
<p style="text-align:justify">El nivel 2 lo impartimos como centro adscrito y en coordinación con el IES Mateo Alemán de San Juan de Aznalfarache.</p>
<p style="text-align:justify">Una de las ventajas de esta MODALIDAD SEMIPRESENCIAL es que además de los profesores del IES que te evaluarán, también tendrás un tutor TAE que te impartirá las clases y te guiará en todo el proceso hasta la obtención de la titulación.</p>
<p><img loading="lazy" decoding="async" class="aligncenter  wp-image-290" src="https://blogsaverroes.juntadeandalucia.es/ceperalmazara/files/2018/08/92954-20180602pruebas-tc3adtulo-eso.jpg?w=450" alt="92954-20180602Pruebas título ESO" width="251" height="335" srcset="https://blogsaverroes.juntadeandalucia.es/ceperalmazara/files/2018/08/92954-20180602pruebas-tc3adtulo-eso.jpg 540w, https://blogsaverroes.juntadeandalucia.es/ceperalmazara/files/2018/08/92954-20180602pruebas-tc3adtulo-eso-225x300.jpg 225w" sizes="(max-width: 251px) 100vw, 251px" /></p>
<h2></h2>
<h2><strong>Modalidad preparación para la prueba libre</strong></h2>
<p style="text-align:justify">En esta modalidad te preparamos para realizar un único examen que convoca la Consejería de Educación de la Junta de Andalucía dos veces al año, una en abril y otra en junio.</p>
<p>Tendrás que realizar en el mismo día el examen de los tres ámbitos:</p>
<ul>
<li>Ámbito de comunicación (lengua e inglés)</li>
<li>Ámbito social</li>
<li>Ámbito científico-tecnológico</li>
</ul>
<p style="text-align:justify">Los ámbitos se pueden aprobar de manera independiente, es decir, en una convocatoria puedes aprobar un ámbito y lo mantendrás aprobado siempre, en las siguientes convocatorias solo tendrías que examinarte de los ámbitos que no has aprobado.</p>
<p style="text-align:justify">Si ya tienes aprobado algún ámbito previamente en otra modalidad, no tendrás que examinarte del mismo.</p>
<p style="text-align:justify">Ten en cuenta que en esta modalidad entran los contenidos de los <strong>dos niveles de la ESPA </strong> y que tu nota solo depende del examen, no llevarás puntuación por asistencia a clase ni por realización de tareas, por lo que solemos recomendar la modalidad semipresencial TAE antes que esta.</p>
<p style="text-align:justify">Si quieres realizar la prueba libre de abril tendrás que rellenar la solicitud durante el mes de febrero y para realizar la de junio tendrás que rellenar la solicitud durante los meses de abril y mayo. La solicitud es gratuita y no se ha de pagar tasa. Los centros no somos receptores de solicitudes para la realización de la prueba libre por lo que tendrás que rellenar por tu cuenta y entregarla de manera telemática o remitiéndola a la Delegación Territorial de Educación a través de un registro oficial o por correo ordinario.</p>
<p>Los exámenes se suelen realizar un sábado.</p>
<p style="text-align:justify">El curso de preparación para el examen comienza a mediados de septiembre y termina en abril. Para aquellos que hayan suspendido algún ámbito seguiremos dando clase durante los meses de mayo y junio.</p>
<p><strong>Requisitos</strong>: no hay ningún requisito para cursar esta modalidad salvo el ser mayor de 18 años o cumplirlos en el año natural de realización de la prueba.</p>
<h2>DOCUMENTACIÓN A ENTREGAR PARA REALIZAR LA MATRICULACIÓN</h2>
<p><strong>MODALIDAD SEMIPRESENCIAL TAE</strong></p>
<ul>
<li>2 fotocopias del DNI, NIE o pasaporte</li>
<li>2 fotografías tamaño carné</li>
<li>Los menores de 25 años deberán abonar 2 euros en concepto de seguro escolar.</li>
</ul>
<p style="padding-left:30px;text-align:justify"><strong>*</strong> En caso de solicitar matriculación en el nivel 2 estando en posesión del título de Graduado Escolar, se debe aportar original y fotocopia de este.</p>
<p><strong>MODALIDAD PREPARACIÓN PARA LA PRUEBA LIBRE</strong></p>
<ul>
<li>1 fotocopia del DNI, NIE o pasaporte</li>
<li>1 fotografía tamaño carné</li>
</ul>
<p><strong>PLAZO DE MATRICULACIÓN </strong></p>
<p>Ordinario: entre 1 y el 15 de junio</p>
<p>Extraordinario: entre 1 y el 15 de septiembre</p>
<p style="text-align:justify">Si quedarán plazas seguiríamos admitiendo nuevas matrículas hasta el 22 de diciembre, pero ten en cuenta que las clases comienzan a mediados de septiembre y que si te incorporas más tarde te habrás perdido las primeras semanas de clase que son las más importantes, disminuyendo en gran medidas las posibilidades de aprobar.</p>
<p style="text-align:justify">No se admiten matrículas fuera de plazo salvo las circunstancias excepcionales demostrables descritas en la normativa.</p>
<p><strong>HORARIO DE ATENCIÓN AL PÚBLICO</strong></p>
<p>Durante la primera quincena de septiembre: Lunes a viernes de 12 a 13.30 horas</p>
<p>Durante el resto del curso: Consultar en el apartado horarios o en tablón de información del centro.</p>
<p>¿Es posible presentarme a las Pruebas Libres sin asistir a clase?</p>
<p style="text-align:justify">Sí. Cualquier persona que cumpla el requisito de la edad puede presentarse a las pruebas. Puedes presentarte sin haber estado matriculado en nuestro centro y habiéndote preparado el temario por tu cuenta, pero tendrás que rellenar la solicitud en el plazo correspondiente a través de la Secretaría Virtual.</p>
<p style="text-align:justify">Habitualmente los plazos para la entrega de la solicitudes son los siguientes.</p>
<ul>
<li>CONVOCATORIA DE ABRIL: Del 1 al 15 de febrero</li>
<li>CONVOCATORIA DE JUNIO: Del 15 de abril al 10 de mayo.</li>
</ul>
<p><strong>¿Cómo se entrega la solicitud?</strong></p>
<h3><span style="color:#ff0000"><strong>LOS CENTROS EDUCATIVOS NO SON CENTROS RECEPTORES DE SOLICITUDES.</strong></span></h3>
<p>Tendrás que rellenarla y entregarla a través de la Secretaría Virtual accediendo con certificado digital o clave iCat, o bien imprimiendo la solicitud una vez rellena y entregándola en cualquier registro oficial.</p>
<h3><strong><span style="color:#ff0000">NUESTRO CENTRO NO PUEDE RECOGER SOLICITUDES</span></strong></h3>
<p>Puedes consultar más información y el temario de las pruebas libres <strong><span style="color:#0000ff"><a style="color:#0000ff" href="https://ceperalmazara.wordpress.com/prueba-libre-secundaria/">aquí</a>.</span></strong></p>
<h1 style="text-align:justify">Otras vías para obtener el título de Graduado en Secundaria</h1>
<p style="text-align:justify">Además de estas dos modalidades que oferta el CEPER Almazara, existen otras dos que también te permiten la obtención de esta titulación:</p>
<ul>
<li style="text-align:justify"><strong>Modalidad presencial:</strong> compuesta también de NIVEL I Y NIVEL 2. Con una carga lectiva superior a la modalidad semipresencial: 20 horas semanales. Carece de parte no presencial y de realización de tareas online. La ofertan algunos IES como el IES Rodrigo Caro de Coria del río.</li>
</ul>
<ul>
<li style="text-align:justify"><strong>Modalidad a distancia</strong>: solo la imparte el IEDA (Instituto de Enseñanzas a distancia de Andalucía). Tendrás que seguir el temario de manera online, y tendrás un tutor a distancia. Los exámenes trimestrales son presenciales. Consta de nivel 1 y nivel 2. Las plazas son muy limitadas.</li>
</ul>

<p>Uno de los planes educativos prioritarios ofertados por el centro es el Plan para la obtención del Graduado en secundaria para mayores de 18 años.&hellip;</p>
