{"id":2174,"date":"2019-11-08T13:28:21","date_gmt":"2019-11-08T13:28:21","guid":{"rendered":"https:\/\/blogsaverroes.juntadeandalucia.es\/ceperaltoguadalquivir\/?page_id=2174"},"modified":"2019-12-13T19:44:59","modified_gmt":"2019-12-13T19:44:59","slug":"prueba","status":"publish","type":"page","link":"https:\/\/blogsaverroes.juntadeandalucia.es\/ceperaltoguadalquivir\/prueba\/","title":{"rendered":"J\u00f3dar S.E.Per. \u00abPuerta de M\u00e1gina\u00bb"},"content":{"rendered":"<p>Desde aqu\u00ed podr\u00e1s entrar a cada una de las p\u00e1ginas del centro en cuesti\u00f3n pinchando en los enlaces que te dejamos a continuaci\u00f3n:<\/p>\n<ul>\n<li><a href=\"https:\/\/blogsaverroes.juntadeandalucia.es\/ceperaltoguadalquivir\/datos-del-centro-jodar\/\" target=\"_blank\" rel=\"noopener noreferrer\">Datos del centro.<\/a><\/li>\n<li><a href=\"https:\/\/blogsaverroes.juntadeandalucia.es\/ceperaltoguadalquivir\/equipo-directivo-jodar\/\" target=\"_blank\" rel=\"noopener noreferrer\">Equipo directivo.<\/a><\/li>\n<li><a href=\"https:\/\/blogsaverroes.juntadeandalucia.es\/ceperaltoguadalquivir\/matricula-jodar\/\" target=\"_blank\" rel=\"noopener noreferrer\">Matr\u00edcula.<\/a><\/li>\n<li><a href=\"https:\/\/blogsaverroes.juntadeandalucia.es\/ceperaltoguadalquivir\/horarios-jodar\/\" target=\"_blank\" rel=\"noopener noreferrer\">Horarios.<\/a><\/li>\n<li><a href=\"https:\/\/blogsaverroes.juntadeandalucia.es\/ceperaltoguadalquivir\/calendario-escolar-jodar\/\" target=\"_blank\" rel=\"noopener noreferrer\">Calendario escolar.<\/a><\/li>\n<\/ul>\n","protected":false},"excerpt":{"rendered":"<p>Desde aqu\u00ed podr\u00e1s entrar a cada una de las p\u00e1ginas del centro en cuesti\u00f3n pinchando en los enlaces que te dejamos a continuaci\u00f3n: Datos del centro. Equipo directivo. Matr\u00edcula. Horarios. Calendario escolar.<\/p>\n","protected":false},"author":7870,"featured_media":0,"parent":0,"menu_order":0,"comment_status":"closed","ping_status":"closed","template":"","meta":{"ngg_post_thumbnail":0,"footnotes":"","_mc_calendar":[]},"aioseo_notices":[],"_links":{"self":[{"href":"https:\/\/blogsaverroes.juntadeandalucia.es\/ceperaltoguadalquivir\/wp-json\/wp\/v2\/pages\/2174"}],"collection":[{"href":"https:\/\/blogsaverroes.juntadeandalucia.es\/ceperaltoguadalquivir\/wp-json\/wp\/v2\/pages"}],"about":[{"href":"https:\/\/blogsaverroes.juntadeandalucia.es\/ceperaltoguadalquivir\/wp-json\/wp\/v2\/types\/page"}],"author":[{"embeddable":true,"href":"https:\/\/blogsaverroes.juntadeandalucia.es\/ceperaltoguadalquivir\/wp-json\/wp\/v2\/users\/7870"}],"replies":[{"embeddable":true,"href":"https:\/\/blogsaverroes.juntadeandalucia.es\/ceperaltoguadalquivir\/wp-json\/wp\/v2\/comments?post=2174"}],"version-history":[{"count":4,"href":"https:\/\/blogsaverroes.juntadeandalucia.es\/ceperaltoguadalquivir\/wp-json\/wp\/v2\/pages\/2174\/revisions"}],"predecessor-version":[{"id":2464,"href":"https:\/\/blogsaverroes.juntadeandalucia.es\/ceperaltoguadalquivir\/wp-json\/wp\/v2\/pages\/2174\/revisions\/2464"}],"wp:attachment":[{"href":"https:\/\/blogsaverroes.juntadeandalucia.es\/ceperaltoguadalquivir\/wp-json\/wp\/v2\/media?parent=2174"}],"curies":[{"name":"wp","href":"https:\/\/api.w.org\/{rel}","templated":true}]}}

Jódar S.E.Per. «Puerta de Mágina»

<p>Desde aquí podrás entrar a cada una de las páginas del centro en cuestión pinchando en los enlaces que te dejamos a continuación:</p>
<ul>
<li><a href="https://blogsaverroes.juntadeandalucia.es/ceperaltoguadalquivir/datos-del-centro-jodar/" target="_blank" rel="noopener noreferrer">Datos del centro.</a></li>
<li><a href="https://blogsaverroes.juntadeandalucia.es/ceperaltoguadalquivir/equipo-directivo-jodar/" target="_blank" rel="noopener noreferrer">Equipo directivo.</a></li>
<li><a href="https://blogsaverroes.juntadeandalucia.es/ceperaltoguadalquivir/matricula-jodar/" target="_blank" rel="noopener noreferrer">Matrícula.</a></li>
<li><a href="https://blogsaverroes.juntadeandalucia.es/ceperaltoguadalquivir/horarios-jodar/" target="_blank" rel="noopener noreferrer">Horarios.</a></li>
<li><a href="https://blogsaverroes.juntadeandalucia.es/ceperaltoguadalquivir/calendario-escolar-jodar/" target="_blank" rel="noopener noreferrer">Calendario escolar.</a></li>
</ul>

<p>Desde aquí podrás entrar a cada una de las páginas del centro en cuestión pinchando en los enlaces que te dejamos a continuación: Datos del centro. Equipo directivo. Matrícula. Horarios. Calendario escolar.</p>
