{"id":2345,"date":"2019-11-29T10:16:58","date_gmt":"2019-11-29T10:16:58","guid":{"rendered":"https:\/\/blogsaverroes.juntadeandalucia.es\/ceperaltoguadalquivir\/?page_id=2345"},"modified":"2020-09-16T14:24:25","modified_gmt":"2020-09-16T14:24:25","slug":"datos-del-centro-begijar","status":"publish","type":"page","link":"https:\/\/blogsaverroes.juntadeandalucia.es\/ceperaltoguadalquivir\/datos-del-centro-begijar\/","title":{"rendered":"Datos del centro (Beg\u00edjar)"},"content":{"rendered":"<p><span style=\"text-decoration: underline\"><strong>BEG\u00cdJAR<\/strong><\/span><\/p>\n<p><iframe loading=\"lazy\" src=\"https:\/\/www.google.com\/maps\/embed?pb=!1m18!1m12!1m3!1d2069.9355402718465!2d-3.5357253611774397!3d37.984295574552384!2m3!1f0!2f0!3f0!3m2!1i1024!2i768!4f13.1!3m3!1m2!1s0xd6e8919500c3511%3A0xa52faad7fad1621d!2zQ2FsbGUgQWd1YSwgMjM1MjAgQmVnw61qYXIsIEphw6lu!5e0!3m2!1ses!2ses!4v1575022373570!5m2!1ses!2ses\" width=\"600\" height=\"450\" frameborder=\"0\"><\/iframe><\/p>\n<p><span style=\"text-decoration: underline\"><strong>GUADALIMAR (LUPI\u00d3N)<\/strong><\/span><\/p>\n<p><iframe loading=\"lazy\" src=\"https:\/\/www.google.com\/maps\/embed?pb=!1m18!1m12!1m3!1d3143.0851555036816!2d-3.6145940492988284!3d38.02179420558257!2m3!1f0!2f0!3f0!3m2!1i1024!2i768!4f13.1!3m3!1m2!1s0xd6e85cf6fc62403%3A0x51b6ad9e2459357c!2sCalle%20Linares%2C%2015%2C%2023519%20Guadalimar%2C%20Ja%C3%A9n!5e0!3m2!1ses!2ses!4v1576239489657!5m2!1ses!2ses\" width=\"600\" height=\"450\" frameborder=\"0\"><\/iframe><\/p>\n<p>&nbsp;<\/p>\n<h4><strong>Datos de contacto<\/strong><\/h4>\n<p>Secci\u00f3n de Educaci\u00f3n Permanente \u00abVirgen de la Cabeza\u00bb.<\/p>\n<p><strong>Direcci\u00f3n:<\/strong>&nbsp; C\/ Agua, SN. C.P: 23520 Beg\u00edjar (Ja\u00e9n).<\/p>\n<p><strong>Tel\u00e9fono: <\/strong><br \/>\n<strong>Email:<\/strong> 23500188.edu@juntadeandalucia.es<\/p>\n<h4>&nbsp;<\/h4>\n<h4><strong>Horario<\/strong><\/h4>\n<h4>El centro permanece abierto en el siguiente horario:<\/h4>\n<table style=\"width: 761px\">\n<tbody>\n<tr>\n<td style=\"width: 91px\">&nbsp;<\/td>\n<td style=\"width: 92px;text-align: center\"><strong>LUNES<\/strong><\/td>\n<td style=\"width: 99px;text-align: center\"><strong>MARTES<\/strong><\/td>\n<td style=\"width: 121.203125px;text-align: center\"><strong>MI\u00c9RCOLES<\/strong><\/td>\n<td style=\"width: 113.796875px;text-align: center\"><strong>JUEVES<\/strong><\/td>\n<td style=\"width: 116px;text-align: center\"><strong>VIERNES<\/strong><\/td>\n<\/tr>\n<tr>\n<td style=\"width: 91px;text-align: center\"><strong>TARDES<\/strong><\/td>\n<td style=\"width: 92px;text-align: center\">16 &#8211; 21<\/td>\n<td style=\"width: 99px;text-align: center\">16 &#8211; 21<\/td>\n<td style=\"width: 121.203125px;text-align: center\">16 &#8211; 21<\/td>\n<td style=\"width: 113.796875px;text-align: center\">16 &#8211; 21<\/td>\n<td style=\"width: 116px;text-align: center\">16 &#8211; 21<\/td>\n<\/tr>\n<\/tbody>\n<\/table>\n<h4>&nbsp;<\/h4>\n<h4><span style=\"color: #000000\">El centro permanece abierto en Guadalimar:<\/span><\/h4>\n<table style=\"width: 761px\">\n<tbody>\n<tr>\n<td style=\"width: 91px\">&nbsp;<\/td>\n<td style=\"width: 92px;text-align: center\"><span style=\"color: #000000\"><strong>LUNES<\/strong><\/span><\/td>\n<td style=\"width: 121.203125px;text-align: center\"><span style=\"color: #000000\"><strong>MI\u00c9RCOLES<\/strong><\/span><\/td>\n<\/tr>\n<tr>\n<td style=\"width: 91px;text-align: center\"><span style=\"color: #000000\"><strong>TARDES<\/strong><\/span><\/td>\n<td style=\"width: 92px;text-align: center\"><span style=\"color: #000000\">16 &#8211; 18<\/span><\/td>\n<td style=\"width: 121.203125px;text-align: center\"><span style=\"color: #000000\">16 &#8211; 18<\/span><\/td>\n<\/tr>\n<\/tbody>\n<\/table>\n<p>&nbsp;<\/p>\n<h4><strong>Oferta educativa<\/strong><\/h4>\n<p>La oferta educativa se centra en planes dirigidos a la obtenci\u00f3n de titulaciones:<\/p>\n<ul>\n<li>Graduado en Educaci\u00f3n Secundaria Obligatoria para personas adultas Nivel I y Nivel II de Semipresencial.<\/li>\n<\/ul>\n<p>Se ofrecen otros planes educativos para el fomento de la ciudadan\u00eda activa:<\/p>\n<ul>\n<li>Uso B\u00e1sico de Idiomas (Ingl\u00e9s).<\/li>\n<li>Uso B\u00e1sico de las Tecnolog\u00edas de la Informaci\u00f3n y Comunicaci\u00f3n.<\/li>\n<li>Fomento de la Cultura Emprendedora. Emprendimiento solidario. Miniempresas educativas.<\/li>\n<li>Conocimiento y Conservaci\u00f3n del Patrimonio Cultural de Andaluc\u00eda y del Medioambiente.<\/li>\n<\/ul>\n<h4>&nbsp;<\/h4>\n<h4><strong>Instalaciones<\/strong><\/h4>\n<p>El centro consta de un edificio propio en Beg\u00edjar y un aula externa en Guadalimar, pedan\u00eda de Lupi\u00f3n.<\/p>\n","protected":false},"excerpt":{"rendered":"<p>BEG\u00cdJAR GUADALIMAR (LUPI\u00d3N) &nbsp; Datos de contacto Secci\u00f3n de Educaci\u00f3n Permanente \u00abVirgen de la Cabeza\u00bb. Direcci\u00f3n:&nbsp; C\/ Agua, SN. C.P: 23520 Beg\u00edjar (Ja\u00e9n). Tel\u00e9fono: Email: 23500188.edu@juntadeandalucia.es &nbsp; Horario El centro permanece abierto en el&#46;&#46;&#46;<\/p>\n","protected":false},"author":7870,"featured_media":0,"parent":0,"menu_order":0,"comment_status":"closed","ping_status":"closed","template":"","meta":{"ngg_post_thumbnail":0,"footnotes":"","_mc_calendar":[]},"aioseo_notices":[],"_links":{"self":[{"href":"https:\/\/blogsaverroes.juntadeandalucia.es\/ceperaltoguadalquivir\/wp-json\/wp\/v2\/pages\/2345"}],"collection":[{"href":"https:\/\/blogsaverroes.juntadeandalucia.es\/ceperaltoguadalquivir\/wp-json\/wp\/v2\/pages"}],"about":[{"href":"https:\/\/blogsaverroes.juntadeandalucia.es\/ceperaltoguadalquivir\/wp-json\/wp\/v2\/types\/page"}],"author":[{"embeddable":true,"href":"https:\/\/blogsaverroes.juntadeandalucia.es\/ceperaltoguadalquivir\/wp-json\/wp\/v2\/users\/7870"}],"replies":[{"embeddable":true,"href":"https:\/\/blogsaverroes.juntadeandalucia.es\/ceperaltoguadalquivir\/wp-json\/wp\/v2\/comments?post=2345"}],"version-history":[{"count":8,"href":"https:\/\/blogsaverroes.juntadeandalucia.es\/ceperaltoguadalquivir\/wp-json\/wp\/v2\/pages\/2345\/revisions"}],"predecessor-version":[{"id":2495,"href":"https:\/\/blogsaverroes.juntadeandalucia.es\/ceperaltoguadalquivir\/wp-json\/wp\/v2\/pages\/2345\/revisions\/2495"}],"wp:attachment":[{"href":"https:\/\/blogsaverroes.juntadeandalucia.es\/ceperaltoguadalquivir\/wp-json\/wp\/v2\/media?parent=2345"}],"curies":[{"name":"wp","href":"https:\/\/api.w.org\/{rel}","templated":true}]}}