{"id":2373,"date":"2019-11-29T11:47:01","date_gmt":"2019-11-29T11:47:01","guid":{"rendered":"https:\/\/blogsaverroes.juntadeandalucia.es\/ceperaltoguadalquivir\/?page_id=2373"},"modified":"2019-11-29T14:19:15","modified_gmt":"2019-11-29T14:19:15","slug":"datos-del-centro-ibros","status":"publish","type":"page","link":"https:\/\/blogsaverroes.juntadeandalucia.es\/ceperaltoguadalquivir\/datos-del-centro-ibros\/","title":{"rendered":"Datos del centro (Ibros)"},"content":{"rendered":"<p><iframe loading=\"lazy\" src=\"https:\/\/www.google.com\/maps\/embed?pb=!1m18!1m12!1m3!1d3143.1349115515713!2d-3.505196384735143!3d38.02063417971542!2m3!1f0!2f0!3f0!3m2!1i1024!2i768!4f13.1!3m3!1m2!1s0xd6e8ea88a190a39%3A0x282589b053a7a594!2sAv.%20Andalucia%2C%2023450%20Ibros%2C%20Ja%C3%A9n!5e0!3m2!1ses!2ses!4v1575027552819!5m2!1ses!2ses\" width=\"600\" height=\"450\" frameborder=\"0\"><\/iframe><\/p>\n<h4>&nbsp;<\/h4>\n<h4><strong>Datos de contacto<\/strong><\/h4>\n<p>Secci\u00f3n de Educaci\u00f3n Permanente \u00abLos Olivos\u00bb.<\/p>\n<p><strong>Direcci\u00f3n:<\/strong>&nbsp; Avenida de Andaluc\u00eda, SN. C.P: 23450 Ibros (Ja\u00e9n).<\/p>\n<p><strong>Tel\u00e9fono:&nbsp;<\/strong>953.609.512<br \/>\n<strong>Email:<\/strong> seperlosolivos@yahoo.es<\/p>\n<h4>&nbsp;<\/h4>\n<h4><strong>Horario<\/strong><\/h4>\n<h4>El centro permanece abierto en el siguiente horario:<\/h4>\n<table style=\"width: 761px\">\n<tbody>\n<tr>\n<td style=\"width: 91px\">&nbsp;<\/td>\n<td style=\"width: 92px;text-align: center\"><strong>LUNES<\/strong><\/td>\n<td style=\"width: 99px;text-align: center\"><strong>MARTES<\/strong><\/td>\n<td style=\"width: 121.203125px;text-align: center\"><strong>MI\u00c9RCOLES<\/strong><\/td>\n<td style=\"width: 113.796875px;text-align: center\"><strong>JUEVES<\/strong><\/td>\n<td style=\"width: 116px;text-align: center\"><strong>VIERNES<\/strong><\/td>\n<\/tr>\n<tr>\n<td style=\"width: 91px;text-align: center\"><strong>MA\u00d1ANAS<\/strong><\/td>\n<td style=\"width: 92px;text-align: center\">&nbsp;<\/td>\n<td style=\"width: 99px;text-align: center\">9 &#8211; 12<\/td>\n<td style=\"width: 121.203125px;text-align: center\">&nbsp;<\/td>\n<td style=\"width: 113.796875px;text-align: center\">&nbsp;<\/td>\n<td style=\"width: 116px;text-align: center\">12 &#8211; 14<\/td>\n<\/tr>\n<tr>\n<td style=\"width: 91px;text-align: center\"><strong>TARDES<\/strong><\/td>\n<td style=\"width: 92px;text-align: center\">16:30 &#8211; 21:30<\/td>\n<td style=\"width: 99px;text-align: center\">16:30 &#8211; 21:00<\/td>\n<td style=\"width: 121.203125px;text-align: center\">16:30 &#8211; 21:00<\/td>\n<td style=\"width: 113.796875px;text-align: center\">16:30 &#8211; 21:00<\/td>\n<td style=\"width: 116px;text-align: center\">16:30 &#8211; 21:00<\/td>\n<\/tr>\n<\/tbody>\n<\/table>\n<h4>&nbsp;<\/h4>\n<h4><strong>Oferta educativa<\/strong><\/h4>\n<p>La oferta educativa se centra en planes dirigidos a la obtenci\u00f3n de titulaciones:<\/p>\n<ul>\n<li>Preparaci\u00f3n para las Pruebas Libres para la obtenci\u00f3n del T\u00edtulo de Educaci\u00f3n Secundaria Obligatoria.<\/li>\n<\/ul>\n<p>Se ofrecen otros planes educativos para el fomento de la ciudadan\u00eda activa:<\/p>\n<ul>\n<li>Uso B\u00e1sico de Idiomas (Ingl\u00e9s).<\/li>\n<li>Uso B\u00e1sico de las Tecnolog\u00edas de la Informaci\u00f3n y Comunicaci\u00f3n.<\/li>\n<li>Adquisici\u00f3n de H\u00e1bitos de Vida Saludable.<\/li>\n<li>Fomento de la Cultura Emprendedora.<\/li>\n<li>Conocimiento y Conservaci\u00f3n del Patrimonio Cultural de Andaluc\u00eda y del Medioambiente.<\/li>\n<\/ul>\n<h4>&nbsp;<\/h4>\n<h4><strong>Instalaciones<\/strong><\/h4>\n<p>El centro consta de la segunda planta de un edificio que comparte con la polic\u00eda, el archivo, el Juzgado de Paz, el hogar del jubilado y el sal\u00f3n de actos del municipio.<\/p>\n","protected":false},"excerpt":{"rendered":"<p>&nbsp; Datos de contacto Secci\u00f3n de Educaci\u00f3n Permanente \u00abLos Olivos\u00bb. Direcci\u00f3n:&nbsp; Avenida de Andaluc\u00eda, SN. C.P: 23450 Ibros (Ja\u00e9n). Tel\u00e9fono:&nbsp;953.609.512 Email: seperlosolivos@yahoo.es &nbsp; Horario El centro permanece abierto en el siguiente horario: &nbsp; LUNES&#46;&#46;&#46;<\/p>\n","protected":false},"author":7870,"featured_media":0,"parent":0,"menu_order":0,"comment_status":"closed","ping_status":"closed","template":"","meta":{"ngg_post_thumbnail":0,"footnotes":"","_mc_calendar":[]},"aioseo_notices":[],"_links":{"self":[{"href":"https:\/\/blogsaverroes.juntadeandalucia.es\/ceperaltoguadalquivir\/wp-json\/wp\/v2\/pages\/2373"}],"collection":[{"href":"https:\/\/blogsaverroes.juntadeandalucia.es\/ceperaltoguadalquivir\/wp-json\/wp\/v2\/pages"}],"about":[{"href":"https:\/\/blogsaverroes.juntadeandalucia.es\/ceperaltoguadalquivir\/wp-json\/wp\/v2\/types\/page"}],"author":[{"embeddable":true,"href":"https:\/\/blogsaverroes.juntadeandalucia.es\/ceperaltoguadalquivir\/wp-json\/wp\/v2\/users\/7870"}],"replies":[{"embeddable":true,"href":"https:\/\/blogsaverroes.juntadeandalucia.es\/ceperaltoguadalquivir\/wp-json\/wp\/v2\/comments?post=2373"}],"version-history":[{"count":7,"href":"https:\/\/blogsaverroes.juntadeandalucia.es\/ceperaltoguadalquivir\/wp-json\/wp\/v2\/pages\/2373\/revisions"}],"predecessor-version":[{"id":2389,"href":"https:\/\/blogsaverroes.juntadeandalucia.es\/ceperaltoguadalquivir\/wp-json\/wp\/v2\/pages\/2373\/revisions\/2389"}],"wp:attachment":[{"href":"https:\/\/blogsaverroes.juntadeandalucia.es\/ceperaltoguadalquivir\/wp-json\/wp\/v2\/media?parent=2373"}],"curies":[{"name":"wp","href":"https:\/\/api.w.org\/{rel}","templated":true}]}}

<p><iframe loading="lazy" src="https://www.google.com/maps/embed?pb=!1m18!1m12!1m3!1d3143.1349115515713!2d-3.505196384735143!3d38.02063417971542!2m3!1f0!2f0!3f0!3m2!1i1024!2i768!4f13.1!3m3!1m2!1s0xd6e8ea88a190a39%3A0x282589b053a7a594!2sAv.%20Andalucia%2C%2023450%20Ibros%2C%20Ja%C3%A9n!5e0!3m2!1ses!2ses!4v1575027552819!5m2!1ses!2ses" width="600" height="450" frameborder="0"></iframe></p>
<h4>&nbsp;</h4>
<h4><strong>Datos de contacto</strong></h4>
<p>Sección de Educación Permanente «Los Olivos».</p>
<p><strong>Dirección:</strong>&nbsp; Avenida de Andalucía, SN. C.P: 23450 Ibros (Jaén).</p>
<p><strong>Teléfono:&nbsp;</strong>953.609.512<br />
<strong>Email:</strong> seperlosolivos@yahoo.es</p>
<h4>&nbsp;</h4>
<h4><strong>Horario</strong></h4>
<h4>El centro permanece abierto en el siguiente horario:</h4>
<table style="width: 761px">
<tbody>
<tr>
<td style="width: 91px">&nbsp;</td>
<td style="width: 92px;text-align: center"><strong>LUNES</strong></td>
<td style="width: 99px;text-align: center"><strong>MARTES</strong></td>
<td style="width: 121.203125px;text-align: center"><strong>MIÉRCOLES</strong></td>
<td style="width: 113.796875px;text-align: center"><strong>JUEVES</strong></td>
<td style="width: 116px;text-align: center"><strong>VIERNES</strong></td>
</tr>
<tr>
<td style="width: 91px;text-align: center"><strong>MAÑANAS</strong></td>
<td style="width: 92px;text-align: center">&nbsp;</td>
<td style="width: 99px;text-align: center">9 &#8211; 12</td>
<td style="width: 121.203125px;text-align: center">&nbsp;</td>
<td style="width: 113.796875px;text-align: center">&nbsp;</td>
<td style="width: 116px;text-align: center">12 &#8211; 14</td>
</tr>
<tr>
<td style="width: 91px;text-align: center"><strong>TARDES</strong></td>
<td style="width: 92px;text-align: center">16:30 &#8211; 21:30</td>
<td style="width: 99px;text-align: center">16:30 &#8211; 21:00</td>
<td style="width: 121.203125px;text-align: center">16:30 &#8211; 21:00</td>
<td style="width: 113.796875px;text-align: center">16:30 &#8211; 21:00</td>
<td style="width: 116px;text-align: center">16:30 &#8211; 21:00</td>
</tr>
</tbody>
</table>
<h4>&nbsp;</h4>
<h4><strong>Oferta educativa</strong></h4>
<p>La oferta educativa se centra en planes dirigidos a la obtención de titulaciones:</p>
<ul>
<li>Preparación para las Pruebas Libres para la obtención del Título de Educación Secundaria Obligatoria.</li>
</ul>
<p>Se ofrecen otros planes educativos para el fomento de la ciudadanía activa:</p>
<ul>
<li>Uso Básico de Idiomas (Inglés).</li>
<li>Uso Básico de las Tecnologías de la Información y Comunicación.</li>
<li>Adquisición de Hábitos de Vida Saludable.</li>
<li>Fomento de la Cultura Emprendedora.</li>
<li>Conocimiento y Conservación del Patrimonio Cultural de Andalucía y del Medioambiente.</li>
</ul>
<h4>&nbsp;</h4>
<h4><strong>Instalaciones</strong></h4>
<p>El centro consta de la segunda planta de un edificio que comparte con la policía, el archivo, el Juzgado de Paz, el hogar del jubilado y el salón de actos del municipio.</p>

<p>&nbsp; Datos de contacto Sección de Educación Permanente «Los Olivos». Dirección:&nbsp; Avenida de Andalucía, SN. C.P: 23450 Ibros (Jaén). Teléfono:&nbsp;953.609.512 Email: seperlosolivos@yahoo.es &nbsp; Horario El centro permanece abierto en el siguiente horario: &nbsp; LUNES&#46;&#46;&#46;</p>
