{"id":582,"date":"2023-09-05T19:39:58","date_gmt":"2023-09-05T17:39:58","guid":{"rendered":"https:\/\/blogsaverroes.juntadeandalucia.es\/ceperamericaysecciones\/?page_id=582"},"modified":"2025-06-24T12:24:01","modified_gmt":"2025-06-24T10:24:01","slug":"oferta-educativa","status":"publish","type":"page","link":"https:\/\/blogsaverroes.juntadeandalucia.es\/ceperamericaysecciones\/oferta-educativa\/","title":{"rendered":"OFERTA EDUCATIVA"},"content":{"rendered":"<p>[et_pb_section fb_built=&#8221;1&#8243; _builder_version=&#8221;4.16&#8243; global_colors_info=&#8221;{}&#8221;][et_pb_row _builder_version=&#8221;4.16&#8243; background_size=&#8221;initial&#8221; background_position=&#8221;top_left&#8221; background_repeat=&#8221;repeat&#8221; global_colors_info=&#8221;{}&#8221;][et_pb_column type=&#8221;4_4&#8243; _builder_version=&#8221;4.16&#8243; custom_padding=&#8221;|||&#8221; global_colors_info=&#8221;{}&#8221; custom_padding__hover=&#8221;|||&#8221;][et_pb_text _builder_version=&#8221;4.16&#8243; background_size=&#8221;initial&#8221; background_position=&#8221;top_left&#8221; background_repeat=&#8221;repeat&#8221; global_colors_info=&#8221;{}&#8221;]En&nbsp;Educaci\u00f3n Permanente para personas adultas se ofertan cursos, denominados&nbsp;<strong>planes educativos<\/strong>, que facilitan tu incorporaci\u00f3n al sistema educativo. Se desarrollan a lo largo de un curso escolar y se imparten tanto en modalidad presencial como a distancia.<\/p>\n<p>Si tienes dificultades de lectoescritura o de comprensi\u00f3n o de expresi\u00f3n puedes iniciar tu formaci\u00f3n cursando el&nbsp;<strong>plan educativo de Formaci\u00f3n b\u00e1sica<\/strong>.<\/p>\n<p>Sin embargo, si no tienes estas dificultades y tienes inquietud por ampliar tus conocimientos en temas de gran inter\u00e9s hoy en d\u00eda, tienes la posibilidad de acceder a cursos denominados&nbsp;<strong>planes educativos no formales<\/strong>&nbsp;entre los que puedes contar con formaci\u00f3n en el uso de las nuevas tecnolog\u00edas, uso b\u00e1sico de idiomas, cultura emprendedora, patrimonio cultural y medioambiental de la comunidad aut\u00f3noma de Andaluc\u00eda, h\u00e1bitos de vida saludable, aprendizaje de la lengua castellana para personas extranjeras etc&#8230;<\/p>\n<p>Se denominan&nbsp;<em>no formales<\/em>&nbsp;porque el finalizarlos no conduce directamente a la obtenci\u00f3n de un t\u00edtulo aunque s\u00ed de un certificado.<br \/>\n[\/et_pb_text][\/et_pb_column][\/et_pb_row][et_pb_row _builder_version=&#8221;4.24.2&#8243; _module_preset=&#8221;default&#8221;][et_pb_column _builder_version=&#8221;4.24.2&#8243; _module_preset=&#8221;default&#8221; type=&#8221;4_4&#8243;][\/et_pb_column][\/et_pb_row][\/et_pb_section]<\/p>\n","protected":false},"excerpt":{"rendered":"<p>En&nbsp;Educaci\u00f3n Permanente para personas adultas se ofertan cursos, denominados&nbsp;planes educativos, que facilitan tu incorporaci\u00f3n al sistema educativo. Se desarrollan a lo largo de un curso escolar y se imparten tanto en modalidad presencial como a distancia. Si tienes dificultades de lectoescritura o de comprensi\u00f3n o de expresi\u00f3n puedes iniciar tu formaci\u00f3n cursando el&nbsp;plan educativo de [&hellip;]<\/p>\n","protected":false},"author":16847,"featured_media":0,"parent":0,"menu_order":0,"comment_status":"closed","ping_status":"closed","template":"","meta":{"_et_pb_use_builder":"on","_et_pb_old_content":"<p>En\u00a0Educaci\u00f3n Permanente para personas adultas se ofertan cursos, denominados\u00a0<strong>planes educativos<\/strong>, que facilitan tu incorporaci\u00f3n al sistema educativo. Se desarrollan a lo largo de un curso escolar y se imparten tanto en modalidad presencial como a distancia.<\/p><p>Si tienes dificultades de lectoescritura o de comprensi\u00f3n o de expresi\u00f3n puedes iniciar tu formaci\u00f3n cursando el\u00a0<strong>plan educativo de Formaci\u00f3n b\u00e1sica<\/strong>.<\/p><p>Sin embargo, si no tienes estas dificultades y tienes inquietud por ampliar tus conocimientos en temas de gran inter\u00e9s hoy en d\u00eda, tienes la posibilidad de acceder a cursos denominados\u00a0<strong>planes educativos no formales<\/strong>\u00a0entre los que puedes contar con formaci\u00f3n en el uso de las nuevas tecnolog\u00edas, uso b\u00e1sico de idiomas, cultura emprendedora, patrimonio cultural y medioambiental de la comunidad aut\u00f3noma de Andaluc\u00eda, h\u00e1bitos de vida saludable, aprendizaje de la lengua castellana para personas extranjeras etc...<\/p><p>Se denominan\u00a0<em>no formales<\/em>\u00a0porque el finalizarlos no conduce directamente a la obtenci\u00f3n de un t\u00edtulo aunque s\u00ed de un certificado.<\/p>","_et_gb_content_width":"","ngg_post_thumbnail":0,"footnotes":""},"aioseo_notices":[],"_links":{"self":[{"href":"https:\/\/blogsaverroes.juntadeandalucia.es\/ceperamericaysecciones\/wp-json\/wp\/v2\/pages\/582"}],"collection":[{"href":"https:\/\/blogsaverroes.juntadeandalucia.es\/ceperamericaysecciones\/wp-json\/wp\/v2\/pages"}],"about":[{"href":"https:\/\/blogsaverroes.juntadeandalucia.es\/ceperamericaysecciones\/wp-json\/wp\/v2\/types\/page"}],"author":[{"embeddable":true,"href":"https:\/\/blogsaverroes.juntadeandalucia.es\/ceperamericaysecciones\/wp-json\/wp\/v2\/users\/16847"}],"replies":[{"embeddable":true,"href":"https:\/\/blogsaverroes.juntadeandalucia.es\/ceperamericaysecciones\/wp-json\/wp\/v2\/comments?post=582"}],"version-history":[{"count":10,"href":"https:\/\/blogsaverroes.juntadeandalucia.es\/ceperamericaysecciones\/wp-json\/wp\/v2\/pages\/582\/revisions"}],"predecessor-version":[{"id":1940,"href":"https:\/\/blogsaverroes.juntadeandalucia.es\/ceperamericaysecciones\/wp-json\/wp\/v2\/pages\/582\/revisions\/1940"}],"wp:attachment":[{"href":"https:\/\/blogsaverroes.juntadeandalucia.es\/ceperamericaysecciones\/wp-json\/wp\/v2\/media?parent=582"}],"curies":[{"name":"wp","href":"https:\/\/api.w.org\/{rel}","templated":true}]}}