{"id":2373,"date":"2020-06-03T17:15:04","date_gmt":"2020-06-03T17:15:04","guid":{"rendered":"https:\/\/blogsaverroes.juntadeandalucia.es\/ceperantequera\/?page_id=2373"},"modified":"2020-06-03T17:16:06","modified_gmt":"2020-06-03T17:16:06","slug":"secciones-adscritas-2","status":"publish","type":"page","link":"https:\/\/blogsaverroes.juntadeandalucia.es\/ceperantequera\/secciones-adscritas-2\/","title":{"rendered":"Secciones Adscritas"},"content":{"rendered":"<p><em>SEP Cristo de la Sierra (Valle de Abdalaj\u00eds)<\/em><\/p>\n<p><em>SEP Antonio Machado (Teba)<\/em><\/p>\n<p><em>SEP S\u00e1bora (Ca\u00f1ete la Real)<\/em><\/p>\n<p><em>SEP Los Dos Prados (Almargen)<\/em><\/p>\n<p><em>SEP Garc\u00eda Lorca (Sierra de Yeguas)<\/em><\/p>\n<p><em>SEP La Paz (Campillos)<\/em><\/p>\n<p><em>SEP Mar\u00eda Zambrano (Bobadilla Estaci\u00f3n)<\/em><\/p>\n<p><em>SEP Gabriela Mistral (Humilladero)<\/em><\/p>\n<p><em>SEP Clara Campoamor (Fuente de Piedra)<\/em><\/p>\n<p><em>SEP Las Eras (Alameda)<\/em><\/p>\n<p><em>SEP Santill\u00e1n (Mollina)<\/em><\/p>\n<p><em>SEP Crist\u00f3bal Toral (Cartaojal)<\/em><\/p>\n<p><em>SEP Manuel Altolaguirre (Archidona)<\/em><\/p>\n<p><em>SEP Centro Penitenciario M\u00e1laga II (Archidona)<\/em><\/p>\n<p><em>SEP Pablo Picasso (Vva. del Rosario)<\/em><\/p>\n<p><em>SEP Guadalhorce (Vva. del Trabuco)<\/em><\/p>\n<p><em>SEP Berrocal (Vva. de Algaidas)<\/em><\/p>\n<p><em>SEP Blas Infante (Cuevas de San Marcos)<\/em><\/p>\n<p><em>SEP Genil (Cuevas Bajas)<\/em><\/p>\n<p><em>SEP El Entredicho (Vva. de Tapia)<\/em><\/p>\n","protected":false},"excerpt":{"rendered":"<p>SEP Cristo de la Sierra (Valle de Abdalaj\u00eds) SEP Antonio Machado (Teba) SEP S\u00e1bora (Ca\u00f1ete la Real) SEP Los Dos Prados (Almargen) SEP Garc\u00eda Lorca (Sierra de Yeguas) SEP La Paz (Campillos) SEP Mar\u00eda&#46;&#46;&#46;<\/p>\n","protected":false},"author":10232,"featured_media":0,"parent":0,"menu_order":0,"comment_status":"closed","ping_status":"closed","template":"","meta":{"ngg_post_thumbnail":0,"footnotes":"","_mc_calendar":[]},"aioseo_notices":[],"_links":{"self":[{"href":"https:\/\/blogsaverroes.juntadeandalucia.es\/ceperantequera\/wp-json\/wp\/v2\/pages\/2373"}],"collection":[{"href":"https:\/\/blogsaverroes.juntadeandalucia.es\/ceperantequera\/wp-json\/wp\/v2\/pages"}],"about":[{"href":"https:\/\/blogsaverroes.juntadeandalucia.es\/ceperantequera\/wp-json\/wp\/v2\/types\/page"}],"author":[{"embeddable":true,"href":"https:\/\/blogsaverroes.juntadeandalucia.es\/ceperantequera\/wp-json\/wp\/v2\/users\/10232"}],"replies":[{"embeddable":true,"href":"https:\/\/blogsaverroes.juntadeandalucia.es\/ceperantequera\/wp-json\/wp\/v2\/comments?post=2373"}],"version-history":[{"count":2,"href":"https:\/\/blogsaverroes.juntadeandalucia.es\/ceperantequera\/wp-json\/wp\/v2\/pages\/2373\/revisions"}],"predecessor-version":[{"id":2377,"href":"https:\/\/blogsaverroes.juntadeandalucia.es\/ceperantequera\/wp-json\/wp\/v2\/pages\/2373\/revisions\/2377"}],"wp:attachment":[{"href":"https:\/\/blogsaverroes.juntadeandalucia.es\/ceperantequera\/wp-json\/wp\/v2\/media?parent=2373"}],"curies":[{"name":"wp","href":"https:\/\/api.w.org\/{rel}","templated":true}]}}