{"id":82,"date":"2015-03-16T06:59:55","date_gmt":"2015-03-16T06:59:55","guid":{"rendered":"http:\/\/blogsaverroes.juntadeandalucia.es\/pre\/ceip\/?page_id=82"},"modified":"2020-09-16T19:46:34","modified_gmt":"2020-09-16T17:46:34","slug":"horarios","status":"publish","type":"page","link":"https:\/\/blogsaverroes.juntadeandalucia.es\/ceperazahar\/horarios\/","title":{"rendered":"Horarios"},"content":{"rendered":"<p>TENEMOS HORARIO DE MA\u00d1ANA Y DE TARDE.<\/p>\n<p><strong>APSD:<\/strong> Tutor\u00eda Ayuda al Estudio par ala prueba libre de obtenci\u00f3n del T\u00edtulo de Grado Medio de Atenci\u00f3n a Personas en Situaci\u00f3n de Dependencia.<\/p>\n<p><strong>UBI:&nbsp;<\/strong>Uso B\u00e1sico de Idiomas (Ingl\u00e9s)<\/p>\n<p><strong>FBPA:&nbsp;<\/strong>Formaci\u00f3n B\u00e1sica de Personas Adultas.<\/p>\n<p><strong>TIC:&nbsp;<\/strong>Aprendizaje del uso b\u00e1sico de Tecnolog\u00edas de la Informaci\u00f3n y la Comunicaci\u00f3n (Inform\u00e1tica&#8230;)<\/p>\n<p><strong>VHS:<\/strong> H\u00e1bitos de Vida Saludable.<\/p>\n<p><strong>TAE:&nbsp;<\/strong>Tutor\u00eda de Ayuda al Estudio para la obtenci\u00f3n del t\u00edtulo de ESA (Graduado en Secundaria)<\/p>\n<p><a href=\"https:\/\/blogsaverroes.juntadeandalucia.es\/ceperazahar\/files\/2020\/09\/Captura-de-pantalla-2020-09-16-a-las-19.29.47.png\"><img loading=\"lazy\" decoding=\"async\" class=\"alignnone  wp-image-2549\" src=\"https:\/\/blogsaverroes.juntadeandalucia.es\/ceperazahar\/files\/2020\/09\/Captura-de-pantalla-2020-09-16-a-las-19.29.47-300x251.png\" alt=\"\" width=\"623\" height=\"521\" srcset=\"https:\/\/blogsaverroes.juntadeandalucia.es\/ceperazahar\/files\/2020\/09\/Captura-de-pantalla-2020-09-16-a-las-19.29.47-300x251.png 300w, https:\/\/blogsaverroes.juntadeandalucia.es\/ceperazahar\/files\/2020\/09\/Captura-de-pantalla-2020-09-16-a-las-19.29.47-1024x855.png 1024w, https:\/\/blogsaverroes.juntadeandalucia.es\/ceperazahar\/files\/2020\/09\/Captura-de-pantalla-2020-09-16-a-las-19.29.47-768x641.png 768w, https:\/\/blogsaverroes.juntadeandalucia.es\/ceperazahar\/files\/2020\/09\/Captura-de-pantalla-2020-09-16-a-las-19.29.47-1536x1283.png 1536w, https:\/\/blogsaverroes.juntadeandalucia.es\/ceperazahar\/files\/2020\/09\/Captura-de-pantalla-2020-09-16-a-las-19.29.47-24x20.png 24w, https:\/\/blogsaverroes.juntadeandalucia.es\/ceperazahar\/files\/2020\/09\/Captura-de-pantalla-2020-09-16-a-las-19.29.47-36x30.png 36w, https:\/\/blogsaverroes.juntadeandalucia.es\/ceperazahar\/files\/2020\/09\/Captura-de-pantalla-2020-09-16-a-las-19.29.47-48x40.png 48w, https:\/\/blogsaverroes.juntadeandalucia.es\/ceperazahar\/files\/2020\/09\/Captura-de-pantalla-2020-09-16-a-las-19.29.47.png 1582w\" sizes=\"(max-width: 623px) 100vw, 623px\" \/><\/a><\/p>\n<p><a href=\"https:\/\/blogsaverroes.juntadeandalucia.es\/ceperazahar\/files\/2020\/09\/Captura-de-pantalla-2020-09-16-a-las-19.45.27.png\"><img loading=\"lazy\" decoding=\"async\" class=\"alignnone  wp-image-2550\" src=\"https:\/\/blogsaverroes.juntadeandalucia.es\/ceperazahar\/files\/2020\/09\/Captura-de-pantalla-2020-09-16-a-las-19.45.27-300x239.png\" alt=\"\" width=\"622\" height=\"496\" srcset=\"https:\/\/blogsaverroes.juntadeandalucia.es\/ceperazahar\/files\/2020\/09\/Captura-de-pantalla-2020-09-16-a-las-19.45.27-300x239.png 300w, https:\/\/blogsaverroes.juntadeandalucia.es\/ceperazahar\/files\/2020\/09\/Captura-de-pantalla-2020-09-16-a-las-19.45.27-1024x817.png 1024w, https:\/\/blogsaverroes.juntadeandalucia.es\/ceperazahar\/files\/2020\/09\/Captura-de-pantalla-2020-09-16-a-las-19.45.27-768x613.png 768w, https:\/\/blogsaverroes.juntadeandalucia.es\/ceperazahar\/files\/2020\/09\/Captura-de-pantalla-2020-09-16-a-las-19.45.27-1536x1226.png 1536w, https:\/\/blogsaverroes.juntadeandalucia.es\/ceperazahar\/files\/2020\/09\/Captura-de-pantalla-2020-09-16-a-las-19.45.27-24x19.png 24w, https:\/\/blogsaverroes.juntadeandalucia.es\/ceperazahar\/files\/2020\/09\/Captura-de-pantalla-2020-09-16-a-las-19.45.27-36x29.png 36w, https:\/\/blogsaverroes.juntadeandalucia.es\/ceperazahar\/files\/2020\/09\/Captura-de-pantalla-2020-09-16-a-las-19.45.27-48x38.png 48w, https:\/\/blogsaverroes.juntadeandalucia.es\/ceperazahar\/files\/2020\/09\/Captura-de-pantalla-2020-09-16-a-las-19.45.27.png 1570w\" sizes=\"(max-width: 622px) 100vw, 622px\" \/><\/a><\/p>\n","protected":false},"excerpt":{"rendered":"<p>TENEMOS HORARIO DE MA\u00d1ANA Y DE TARDE. APSD: Tutor\u00eda Ayuda al Estudio par ala prueba libre de obtenci\u00f3n del T\u00edtulo de Grado Medio de Atenci\u00f3n a Personas en Situaci\u00f3n de Dependencia. UBI:&nbsp;Uso B\u00e1sico de&#46;&#46;&#46;<\/p>\n","protected":false},"author":1,"featured_media":0,"parent":0,"menu_order":0,"comment_status":"open","ping_status":"open","template":"","meta":{"ngg_post_thumbnail":0,"footnotes":"","_mc_calendar":[]},"aioseo_notices":[],"_links":{"self":[{"href":"https:\/\/blogsaverroes.juntadeandalucia.es\/ceperazahar\/wp-json\/wp\/v2\/pages\/82"}],"collection":[{"href":"https:\/\/blogsaverroes.juntadeandalucia.es\/ceperazahar\/wp-json\/wp\/v2\/pages"}],"about":[{"href":"https:\/\/blogsaverroes.juntadeandalucia.es\/ceperazahar\/wp-json\/wp\/v2\/types\/page"}],"author":[{"embeddable":true,"href":"https:\/\/blogsaverroes.juntadeandalucia.es\/ceperazahar\/wp-json\/wp\/v2\/users\/1"}],"replies":[{"embeddable":true,"href":"https:\/\/blogsaverroes.juntadeandalucia.es\/ceperazahar\/wp-json\/wp\/v2\/comments?post=82"}],"version-history":[{"count":6,"href":"https:\/\/blogsaverroes.juntadeandalucia.es\/ceperazahar\/wp-json\/wp\/v2\/pages\/82\/revisions"}],"predecessor-version":[{"id":2551,"href":"https:\/\/blogsaverroes.juntadeandalucia.es\/ceperazahar\/wp-json\/wp\/v2\/pages\/82\/revisions\/2551"}],"wp:attachment":[{"href":"https:\/\/blogsaverroes.juntadeandalucia.es\/ceperazahar\/wp-json\/wp\/v2\/media?parent=82"}],"curies":[{"name":"wp","href":"https:\/\/api.w.org\/{rel}","templated":true}]}}