{"id":2626,"date":"2020-11-26T10:28:09","date_gmt":"2020-11-26T10:28:09","guid":{"rendered":"https:\/\/blogsaverroes.juntadeandalucia.es\/ceperbeturia\/?page_id=2626"},"modified":"2020-12-04T10:26:17","modified_gmt":"2020-12-04T10:26:17","slug":"covid-19","status":"publish","type":"page","link":"https:\/\/blogsaverroes.juntadeandalucia.es\/ceperbeturia\/covid-19\/","title":{"rendered":"Covid 19"},"content":{"rendered":"<p>En esta p\u00e1gina encontramos toda la informaci\u00f3n realcionada con la Covid 19 y c\u00f3mo nuestro centro ha sido adaptado a la nueva situaci\u00f3n que vivimos.<\/p>\n","protected":false},"excerpt":{"rendered":"<p>En esta p\u00e1gina encontramos toda la informaci\u00f3n realcionada con la Covid 19 y c\u00f3mo nuestro centro ha sido adaptado a la nueva situaci\u00f3n que vivimos.<\/p>\n","protected":false},"author":10554,"featured_media":0,"parent":0,"menu_order":0,"comment_status":"closed","ping_status":"closed","template":"","meta":{"ngg_post_thumbnail":0,"footnotes":"","_mc_calendar":[]},"aioseo_notices":[],"_links":{"self":[{"href":"https:\/\/blogsaverroes.juntadeandalucia.es\/ceperbeturia\/wp-json\/wp\/v2\/pages\/2626"}],"collection":[{"href":"https:\/\/blogsaverroes.juntadeandalucia.es\/ceperbeturia\/wp-json\/wp\/v2\/pages"}],"about":[{"href":"https:\/\/blogsaverroes.juntadeandalucia.es\/ceperbeturia\/wp-json\/wp\/v2\/types\/page"}],"author":[{"embeddable":true,"href":"https:\/\/blogsaverroes.juntadeandalucia.es\/ceperbeturia\/wp-json\/wp\/v2\/users\/10554"}],"replies":[{"embeddable":true,"href":"https:\/\/blogsaverroes.juntadeandalucia.es\/ceperbeturia\/wp-json\/wp\/v2\/comments?post=2626"}],"version-history":[{"count":9,"href":"https:\/\/blogsaverroes.juntadeandalucia.es\/ceperbeturia\/wp-json\/wp\/v2\/pages\/2626\/revisions"}],"predecessor-version":[{"id":2751,"href":"https:\/\/blogsaverroes.juntadeandalucia.es\/ceperbeturia\/wp-json\/wp\/v2\/pages\/2626\/revisions\/2751"}],"wp:attachment":[{"href":"https:\/\/blogsaverroes.juntadeandalucia.es\/ceperbeturia\/wp-json\/wp\/v2\/media?parent=2626"}],"curies":[{"name":"wp","href":"https:\/\/api.w.org\/{rel}","templated":true}]}}