{"id":2760,"date":"2021-08-17T05:55:03","date_gmt":"2021-08-17T05:55:03","guid":{"rendered":"https:\/\/blogsaverroes.juntadeandalucia.es\/cepercehel\/?page_id=2760"},"modified":"2021-08-17T06:48:57","modified_gmt":"2021-08-17T06:48:57","slug":"patrimonio","status":"publish","type":"page","link":"https:\/\/blogsaverroes.juntadeandalucia.es\/cepercehel\/patrimonio\/","title":{"rendered":"Patrimonio22"},"content":{"rendered":"\t\t<div data-elementor-type=\"wp-page\" data-elementor-id=\"2760\" class=\"elementor elementor-2760\">\n\t\t\t\t\t\t<section class=\"elementor-section elementor-top-section elementor-element elementor-element-c23b858 elementor-section-boxed elementor-section-height-default elementor-section-height-default\" data-id=\"c23b858\" data-element_type=\"section\">\n\t\t\t\t\t\t<div class=\"elementor-container elementor-column-gap-default\">\n\t\t\t\t\t<div class=\"elementor-column elementor-col-100 elementor-top-column elementor-element elementor-element-8d1075d\" data-id=\"8d1075d\" data-element_type=\"column\">\n\t\t\t<div class=\"elementor-widget-wrap elementor-element-populated\">\n\t\t\t\t\t\t<div class=\"elementor-element elementor-element-1e42b5a elementor-widget elementor-widget-text-editor\" data-id=\"1e42b5a\" data-element_type=\"widget\" data-widget_type=\"text-editor.default\">\n\t\t\t\t<div class=\"elementor-widget-container\">\n\t\t\t\t\t\t\t\t\t<p style=\"text-align: justify\"><span style=\"color: #000000;font-family: Arial, 'Helvetica Neue', Helvetica, sans-serif;font-size: 24px;font-style: normal;font-weight: 400;text-align: justify\">La Consejer\u00eda de Educaci\u00f3n de la Junta de Andaluc\u00eda, entre otras ense\u00f1anzas, ha regulado los planes educativos de car\u00e1cter no formal para personas adultas (Orden de 24 de septiembre de 2007, Boja de 15 de octubre 2007). Entre\u00a0 \u00e9stos, formando parte de los llamados planes educativos para el fomento de la ciudadan\u00eda activa, se encuentra el plan educativo \u201cconocimiento y conservaci\u00f3n del patrimonio cultural de Andaluc\u00eda y del medioambiente\u201c el cual va a ser objeto de desarrollo en los presentes materiales did\u00e1cticos.<\/span><\/p>\t\t\t\t\t\t\t\t<\/div>\n\t\t\t\t<\/div>\n\t\t\t\t\t<\/div>\n\t\t<\/div>\n\t\t\t\t\t<\/div>\n\t\t<\/section>\n\t\t\t\t<section class=\"elementor-section elementor-top-section elementor-element elementor-element-809026c elementor-section-boxed elementor-section-height-default elementor-section-height-default\" data-id=\"809026c\" data-element_type=\"section\">\n\t\t\t\t\t\t<div class=\"elementor-container elementor-column-gap-default\">\n\t\t\t\t\t<div class=\"elementor-column elementor-col-100 elementor-top-column elementor-element elementor-element-6d6ffa5\" data-id=\"6d6ffa5\" data-element_type=\"column\">\n\t\t\t<div class=\"elementor-widget-wrap elementor-element-populated\">\n\t\t\t\t\t\t<div class=\"elementor-element elementor-element-2ee2718 elementor-widget elementor-widget-text-editor\" data-id=\"2ee2718\" data-element_type=\"widget\" data-widget_type=\"text-editor.default\">\n\t\t\t\t<div class=\"elementor-widget-container\">\n\t\t\t\t\t\t\t\t\t<p style=\"text-align: justify\">El prop\u00f3sito de este plan educativo es permitir de la forma m\u00e1s did\u00e1ctica, amena y accesible posible, que el alumnado pueda conocer, apreciar y velar por la conservaci\u00f3n de los principales elementos patrimoniales de tipo cultural y medioambiental que se encuentran dentro de nuestra comunidad, desde la arquitectura popular o la gastronom\u00eda hasta los registros documentales y monumentales, la m\u00fasica y la industria tradicional, as\u00ed como las extensas playas atl\u00e1nticas o las ex\u00f3ticas calas de Cabo de Gata, las cumbres de Sierra Nevada y las dehesas de Sierra Morena o el f\u00e9rtil valle del Guadalquivir.<\/p>\t\t\t\t\t\t\t\t<\/div>\n\t\t\t\t<\/div>\n\t\t\t\t\t<\/div>\n\t\t<\/div>\n\t\t\t\t\t<\/div>\n\t\t<\/section>\n\t\t\t\t<section class=\"elementor-section elementor-top-section elementor-element elementor-element-d565bd2 elementor-section-boxed elementor-section-height-default elementor-section-height-default\" data-id=\"d565bd2\" data-element_type=\"section\">\n\t\t\t\t\t\t<div class=\"elementor-container elementor-column-gap-default\">\n\t\t\t\t\t<div class=\"elementor-column elementor-col-100 elementor-top-column elementor-element elementor-element-4cde1d6\" data-id=\"4cde1d6\" data-element_type=\"column\">\n\t\t\t<div class=\"elementor-widget-wrap elementor-element-populated\">\n\t\t\t\t\t\t<div class=\"elementor-element elementor-element-3fbf374 elementor-widget elementor-widget-text-editor\" data-id=\"3fbf374\" data-element_type=\"widget\" data-widget_type=\"text-editor.default\">\n\t\t\t\t<div class=\"elementor-widget-container\">\n\t\t\t\t\t\t\t\t\t<p style=\"text-align: justify\">En definitiva conocer, comprender y valorar el medio en el que vive el ser humano es el primer paso para que \u00e9ste adopte estrategias que conduzcan hacia una conservaci\u00f3n del rico patrimonio cultural y natural de Andaluc\u00eda.<\/p>\t\t\t\t\t\t\t\t<\/div>\n\t\t\t\t<\/div>\n\t\t\t\t\t<\/div>\n\t\t<\/div>\n\t\t\t\t\t<\/div>\n\t\t<\/section>\n\t\t\t\t<section class=\"elementor-section elementor-top-section elementor-element elementor-element-bdaaf65 elementor-section-boxed elementor-section-height-default elementor-section-height-default\" data-id=\"bdaaf65\" data-element_type=\"section\">\n\t\t\t\t\t\t<div class=\"elementor-container elementor-column-gap-default\">\n\t\t\t\t\t<div class=\"elementor-column elementor-col-33 elementor-top-column elementor-element elementor-element-6f79046\" data-id=\"6f79046\" data-element_type=\"column\">\n\t\t\t<div class=\"elementor-widget-wrap elementor-element-populated\">\n\t\t\t\t\t\t<div class=\"elementor-element elementor-element-fac17e5 elementor-widget elementor-widget-image\" data-id=\"fac17e5\" data-element_type=\"widget\" data-widget_type=\"image.default\">\n\t\t\t\t<div class=\"elementor-widget-container\">\n\t\t\t\t\t\t\t\t\t\t\t\t\t\t\t<img fetchpriority=\"high\" decoding=\"async\" width=\"626\" height=\"626\" src=\"https:\/\/blogsaverroes.juntadeandalucia.es\/cepercehel\/files\/2021\/03\/OBJETIVOS-1.jpeg\" class=\"attachment-large size-large wp-image-2561\" alt=\"\" srcset=\"https:\/\/blogsaverroes.juntadeandalucia.es\/cepercehel\/files\/2021\/03\/OBJETIVOS-1.jpeg 626w, https:\/\/blogsaverroes.juntadeandalucia.es\/cepercehel\/files\/2021\/03\/OBJETIVOS-1-300x300.jpeg 300w, https:\/\/blogsaverroes.juntadeandalucia.es\/cepercehel\/files\/2021\/03\/OBJETIVOS-1-150x150.jpeg 150w, https:\/\/blogsaverroes.juntadeandalucia.es\/cepercehel\/files\/2021\/03\/OBJETIVOS-1-80x80.jpeg 80w, https:\/\/blogsaverroes.juntadeandalucia.es\/cepercehel\/files\/2021\/03\/OBJETIVOS-1-320x320.jpeg 320w\" sizes=\"(max-width: 626px) 100vw, 626px\" \/>\t\t\t\t\t\t\t\t\t\t\t\t\t\t\t<\/div>\n\t\t\t\t<\/div>\n\t\t\t\t\t<\/div>\n\t\t<\/div>\n\t\t\t\t<div class=\"elementor-column elementor-col-33 elementor-top-column elementor-element elementor-element-f8fb285\" data-id=\"f8fb285\" data-element_type=\"column\">\n\t\t\t<div class=\"elementor-widget-wrap elementor-element-populated\">\n\t\t\t\t\t\t<div class=\"elementor-element elementor-element-4627892 elementor-widget elementor-widget-image\" data-id=\"4627892\" data-element_type=\"widget\" data-widget_type=\"image.default\">\n\t\t\t\t<div class=\"elementor-widget-container\">\n\t\t\t\t\t\t\t\t\t\t\t\t\t\t\t<img decoding=\"async\" width=\"626\" height=\"626\" src=\"https:\/\/blogsaverroes.juntadeandalucia.es\/cepercehel\/files\/2021\/03\/CONTENIDOS.jpeg\" class=\"attachment-large size-large wp-image-2557\" alt=\"\" srcset=\"https:\/\/blogsaverroes.juntadeandalucia.es\/cepercehel\/files\/2021\/03\/CONTENIDOS.jpeg 626w, https:\/\/blogsaverroes.juntadeandalucia.es\/cepercehel\/files\/2021\/03\/CONTENIDOS-300x300.jpeg 300w, https:\/\/blogsaverroes.juntadeandalucia.es\/cepercehel\/files\/2021\/03\/CONTENIDOS-150x150.jpeg 150w, https:\/\/blogsaverroes.juntadeandalucia.es\/cepercehel\/files\/2021\/03\/CONTENIDOS-80x80.jpeg 80w, https:\/\/blogsaverroes.juntadeandalucia.es\/cepercehel\/files\/2021\/03\/CONTENIDOS-320x320.jpeg 320w\" sizes=\"(max-width: 626px) 100vw, 626px\" \/>\t\t\t\t\t\t\t\t\t\t\t\t\t\t\t<\/div>\n\t\t\t\t<\/div>\n\t\t\t\t\t<\/div>\n\t\t<\/div>\n\t\t\t\t<div class=\"elementor-column elementor-col-33 elementor-top-column elementor-element elementor-element-2853bf7\" data-id=\"2853bf7\" data-element_type=\"column\">\n\t\t\t<div class=\"elementor-widget-wrap elementor-element-populated\">\n\t\t\t\t\t\t<div class=\"elementor-element elementor-element-671dbfb elementor-widget elementor-widget-image\" data-id=\"671dbfb\" data-element_type=\"widget\" data-widget_type=\"image.default\">\n\t\t\t\t<div class=\"elementor-widget-container\">\n\t\t\t\t\t\t\t\t\t\t\t\t\t\t\t<img decoding=\"async\" width=\"626\" height=\"626\" src=\"https:\/\/blogsaverroes.juntadeandalucia.es\/cepercehel\/files\/2021\/03\/METODOLOGI\u0301A-1.jpeg\" class=\"attachment-large size-large wp-image-2562\" alt=\"\" srcset=\"https:\/\/blogsaverroes.juntadeandalucia.es\/cepercehel\/files\/2021\/03\/METODOLOGI\u0301A-1.jpeg 626w, https:\/\/blogsaverroes.juntadeandalucia.es\/cepercehel\/files\/2021\/03\/METODOLOGI\u0301A-1-300x300.jpeg 300w, https:\/\/blogsaverroes.juntadeandalucia.es\/cepercehel\/files\/2021\/03\/METODOLOGI\u0301A-1-150x150.jpeg 150w, https:\/\/blogsaverroes.juntadeandalucia.es\/cepercehel\/files\/2021\/03\/METODOLOGI\u0301A-1-80x80.jpeg 80w, https:\/\/blogsaverroes.juntadeandalucia.es\/cepercehel\/files\/2021\/03\/METODOLOGI\u0301A-1-320x320.jpeg 320w\" sizes=\"(max-width: 626px) 100vw, 626px\" \/>\t\t\t\t\t\t\t\t\t\t\t\t\t\t\t<\/div>\n\t\t\t\t<\/div>\n\t\t\t\t\t<\/div>\n\t\t<\/div>\n\t\t\t\t\t<\/div>\n\t\t<\/section>\n\t\t\t\t<section class=\"elementor-section elementor-top-section elementor-element elementor-element-294e9f3 elementor-section-boxed elementor-section-height-default elementor-section-height-default\" data-id=\"294e9f3\" data-element_type=\"section\">\n\t\t\t\t\t\t<div class=\"elementor-container elementor-column-gap-default\">\n\t\t\t\t\t<div class=\"elementor-column elementor-col-50 elementor-top-column elementor-element elementor-element-e260c8d\" data-id=\"e260c8d\" data-element_type=\"column\">\n\t\t\t<div class=\"elementor-widget-wrap elementor-element-populated\">\n\t\t\t\t\t\t<div class=\"elementor-element elementor-element-ca77c8f elementor-widget elementor-widget-image\" data-id=\"ca77c8f\" data-element_type=\"widget\" data-widget_type=\"image.default\">\n\t\t\t\t<div class=\"elementor-widget-container\">\n\t\t\t\t\t\t\t\t\t\t\t\t\t\t\t<img loading=\"lazy\" decoding=\"async\" width=\"512\" height=\"512\" src=\"https:\/\/blogsaverroes.juntadeandalucia.es\/cepercehel\/files\/2021\/03\/EVALUACION-e1629183428132.png\" class=\"attachment-large size-large wp-image-2560\" alt=\"\" \/>\t\t\t\t\t\t\t\t\t\t\t\t\t\t\t<\/div>\n\t\t\t\t<\/div>\n\t\t\t\t\t<\/div>\n\t\t<\/div>\n\t\t\t\t<div class=\"elementor-column elementor-col-50 elementor-top-column elementor-element elementor-element-564b933\" data-id=\"564b933\" data-element_type=\"column\">\n\t\t\t<div class=\"elementor-widget-wrap elementor-element-populated\">\n\t\t\t\t\t\t<div class=\"elementor-element elementor-element-8aaabe2 elementor-widget elementor-widget-image\" data-id=\"8aaabe2\" data-element_type=\"widget\" data-widget_type=\"image.default\">\n\t\t\t\t<div class=\"elementor-widget-container\">\n\t\t\t\t\t\t\t\t\t\t\t\t\t\t\t<img loading=\"lazy\" decoding=\"async\" width=\"626\" height=\"626\" src=\"https:\/\/blogsaverroes.juntadeandalucia.es\/cepercehel\/files\/2021\/03\/TEMPORIZACIO\u0301N-1.jpeg\" class=\"attachment-large size-large wp-image-2563\" alt=\"\" srcset=\"https:\/\/blogsaverroes.juntadeandalucia.es\/cepercehel\/files\/2021\/03\/TEMPORIZACIO\u0301N-1.jpeg 626w, https:\/\/blogsaverroes.juntadeandalucia.es\/cepercehel\/files\/2021\/03\/TEMPORIZACIO\u0301N-1-300x300.jpeg 300w, https:\/\/blogsaverroes.juntadeandalucia.es\/cepercehel\/files\/2021\/03\/TEMPORIZACIO\u0301N-1-150x150.jpeg 150w, https:\/\/blogsaverroes.juntadeandalucia.es\/cepercehel\/files\/2021\/03\/TEMPORIZACIO\u0301N-1-80x80.jpeg 80w, https:\/\/blogsaverroes.juntadeandalucia.es\/cepercehel\/files\/2021\/03\/TEMPORIZACIO\u0301N-1-320x320.jpeg 320w\" sizes=\"(max-width: 626px) 100vw, 626px\" \/>\t\t\t\t\t\t\t\t\t\t\t\t\t\t\t<\/div>\n\t\t\t\t<\/div>\n\t\t\t\t\t<\/div>\n\t\t<\/div>\n\t\t\t\t\t<\/div>\n\t\t<\/section>\n\t\t\t\t<\/div>\n\t\t","protected":false},"excerpt":{"rendered":"<p>La Consejer\u00eda de Educaci\u00f3n de la Junta de Andaluc\u00eda, entre otras ense\u00f1anzas, ha regulado los planes educativos de car\u00e1cter no formal para personas adultas (Orden de 24 de septiembre de 2007, Boja de 15&#46;&#46;&#46;<\/p>\n","protected":false},"author":12204,"featured_media":0,"parent":0,"menu_order":0,"comment_status":"closed","ping_status":"closed","template":"","meta":{"ngg_post_thumbnail":0,"footnotes":"","_mc_calendar":[]},"aioseo_notices":[],"_links":{"self":[{"href":"https:\/\/blogsaverroes.juntadeandalucia.es\/cepercehel\/wp-json\/wp\/v2\/pages\/2760"}],"collection":[{"href":"https:\/\/blogsaverroes.juntadeandalucia.es\/cepercehel\/wp-json\/wp\/v2\/pages"}],"about":[{"href":"https:\/\/blogsaverroes.juntadeandalucia.es\/cepercehel\/wp-json\/wp\/v2\/types\/page"}],"author":[{"embeddable":true,"href":"https:\/\/blogsaverroes.juntadeandalucia.es\/cepercehel\/wp-json\/wp\/v2\/users\/12204"}],"replies":[{"embeddable":true,"href":"https:\/\/blogsaverroes.juntadeandalucia.es\/cepercehel\/wp-json\/wp\/v2\/comments?post=2760"}],"version-history":[{"count":9,"href":"https:\/\/blogsaverroes.juntadeandalucia.es\/cepercehel\/wp-json\/wp\/v2\/pages\/2760\/revisions"}],"predecessor-version":[{"id":2773,"href":"https:\/\/blogsaverroes.juntadeandalucia.es\/cepercehel\/wp-json\/wp\/v2\/pages\/2760\/revisions\/2773"}],"wp:attachment":[{"href":"https:\/\/blogsaverroes.juntadeandalucia.es\/cepercehel\/wp-json\/wp\/v2\/media?parent=2760"}],"curies":[{"name":"wp","href":"https:\/\/api.w.org\/{rel}","templated":true}]}}