{"id":566,"date":"2021-12-25T21:12:18","date_gmt":"2021-12-25T20:12:18","guid":{"rendered":"https:\/\/blogsaverroes.juntadeandalucia.es\/cepercerromacareno\/?page_id=566"},"modified":"2022-01-06T22:49:40","modified_gmt":"2022-01-06T21:49:40","slug":"contactar","status":"publish","type":"page","link":"https:\/\/blogsaverroes.juntadeandalucia.es\/cepercerromacareno\/contactar\/","title":{"rendered":"Contactar"},"content":{"rendered":"<p><span style=\"color: #008000\"><strong><span style=\"font-size: 18pt\">Aqu\u00ed tienes el mapa para poder venir al centro; o si lo prefieres rellena el formulario que est\u00e1 m\u00e1s abajo&#8230;<\/span><\/strong><\/span><\/p>\n<p style=\"text-align: center\">&nbsp;<br \/>\n<iframe loading=\"lazy\" src=\"https:\/\/www.google.com\/maps\/embed?pb=!1m18!1m12!1m3!1d3166.079993434319!2d-5.946204784353602!3d37.48243863669675!2m3!1f0!2f0!3f0!3m2!1i1024!2i768!4f13.1!3m3!1m2!1s0xd1269d3a14d4b13%3A0xb14f5d8fc0201ea6!2sCentro%20P%C3%BAblico%20de%20Educaci%C3%B3n%20de%20Personas%20Adultas%20Cerro%20Macareno!5e0!3m2!1ses!2ses!4v1641505452476!5m2!1ses!2ses\" width=\"600\" height=\"450\"><\/iframe><\/p>\n<p>&nbsp;<\/p>\n<p style=\"text-align: center\">[bestwebsoft_contact_form]<\/p>\n<p>&nbsp;<\/p>\n","protected":false},"excerpt":{"rendered":"<p>Aqu\u00ed tienes el mapa para poder venir al centro; o si lo prefieres rellena el formulario que est\u00e1 m\u00e1s abajo&#8230; &nbsp; &nbsp; [bestwebsoft_contact_form] &nbsp;<\/p>\n","protected":false},"author":13393,"featured_media":0,"parent":0,"menu_order":0,"comment_status":"closed","ping_status":"closed","template":"","meta":{"ngg_post_thumbnail":0,"footnotes":""},"aioseo_notices":[],"_links":{"self":[{"href":"https:\/\/blogsaverroes.juntadeandalucia.es\/cepercerromacareno\/wp-json\/wp\/v2\/pages\/566"}],"collection":[{"href":"https:\/\/blogsaverroes.juntadeandalucia.es\/cepercerromacareno\/wp-json\/wp\/v2\/pages"}],"about":[{"href":"https:\/\/blogsaverroes.juntadeandalucia.es\/cepercerromacareno\/wp-json\/wp\/v2\/types\/page"}],"author":[{"embeddable":true,"href":"https:\/\/blogsaverroes.juntadeandalucia.es\/cepercerromacareno\/wp-json\/wp\/v2\/users\/13393"}],"replies":[{"embeddable":true,"href":"https:\/\/blogsaverroes.juntadeandalucia.es\/cepercerromacareno\/wp-json\/wp\/v2\/comments?post=566"}],"version-history":[{"count":4,"href":"https:\/\/blogsaverroes.juntadeandalucia.es\/cepercerromacareno\/wp-json\/wp\/v2\/pages\/566\/revisions"}],"predecessor-version":[{"id":630,"href":"https:\/\/blogsaverroes.juntadeandalucia.es\/cepercerromacareno\/wp-json\/wp\/v2\/pages\/566\/revisions\/630"}],"wp:attachment":[{"href":"https:\/\/blogsaverroes.juntadeandalucia.es\/cepercerromacareno\/wp-json\/wp\/v2\/media?parent=566"}],"curies":[{"name":"wp","href":"https:\/\/api.w.org\/{rel}","templated":true}]}}

<p><span style="color: #008000"><strong><span style="font-size: 18pt">Aquí tienes el mapa para poder venir al centro; o si lo prefieres rellena el formulario que está más abajo&#8230;</span></strong></span></p>
<p style="text-align: center">&nbsp;<br />
<iframe loading="lazy" src="https://www.google.com/maps/embed?pb=!1m18!1m12!1m3!1d3166.079993434319!2d-5.946204784353602!3d37.48243863669675!2m3!1f0!2f0!3f0!3m2!1i1024!2i768!4f13.1!3m3!1m2!1s0xd1269d3a14d4b13%3A0xb14f5d8fc0201ea6!2sCentro%20P%C3%BAblico%20de%20Educaci%C3%B3n%20de%20Personas%20Adultas%20Cerro%20Macareno!5e0!3m2!1ses!2ses!4v1641505452476!5m2!1ses!2ses" width="600" height="450"></iframe></p>
<p>&nbsp;</p>
<p style="text-align: center">[bestwebsoft_contact_form]</p>
<p>&nbsp;</p>

<p>Aquí tienes el mapa para poder venir al centro; o si lo prefieres rellena el formulario que está más abajo&#8230; &nbsp; &nbsp; [bestwebsoft_contact_form] &nbsp;</p>
