{"id":85,"date":"2022-10-21T10:58:24","date_gmt":"2022-10-21T08:58:24","guid":{"rendered":"https:\/\/blogsaverroes.juntadeandalucia.es\/ceperconstitucionespanola\/?page_id=85"},"modified":"2025-12-12T10:24:09","modified_gmt":"2025-12-12T09:24:09","slug":"equipo-directivo","status":"publish","type":"page","link":"https:\/\/blogsaverroes.juntadeandalucia.es\/ceperconstitucionespanola\/el-centro\/equipo-directivo\/","title":{"rendered":"Equipo Directivo"},"content":{"rendered":"<p>El <strong>CEPER Constituci\u00f3n Espa\u00f1ola<\/strong> est\u00e1 liderado por un equipo comprometido con la educaci\u00f3n y el bienestar de su alumnado y profesorado.<\/p>\n<p>&nbsp;<\/p>\n<p><span style=\"color: #0000ff\"><strong>Directora: <\/strong><\/span><strong>Patricia Calle<\/strong>, apasionada por la innovaci\u00f3n y el crecimiento del centro.<\/p>\n<p>&nbsp;<\/p>\n<p><span style=\"color: #0000ff\"><strong>Jefa de Estudios y secretaria: <\/strong><\/span><strong>Mercedes Garc\u00eda<\/strong>, dedicada a garantizar una ense\u00f1anza de calidad y un ambiente acogedor.<\/p>\n<p>&nbsp;<\/p>\n<p>Ambas trabajan d\u00eda a d\u00eda con entusiasmo para mejorar el centro, <strong>implic\u00e1ndose en cada actividad y asegurando que el alumnado y el profesorado se sienta c\u00f3modo, motivado y apoyado<\/strong>. Tienen el lema de que el CEPER es una familia, y cada uno de sus miembros es cuidado con mimo y empat\u00eda.&nbsp;<\/p>\n","protected":false},"excerpt":{"rendered":"<p>El CEPER Constituci\u00f3n Espa\u00f1ola est\u00e1 liderado por un equipo comprometido con la educaci\u00f3n y el bienestar de su alumnado y profesorado. &nbsp; Directora: Patricia Calle,&hellip;<\/p>\n","protected":false},"author":15643,"featured_media":0,"parent":77,"menu_order":0,"comment_status":"closed","ping_status":"closed","template":"","meta":{"ngg_post_thumbnail":0,"footnotes":""},"aioseo_notices":[],"_links":{"self":[{"href":"https:\/\/blogsaverroes.juntadeandalucia.es\/ceperconstitucionespanola\/wp-json\/wp\/v2\/pages\/85"}],"collection":[{"href":"https:\/\/blogsaverroes.juntadeandalucia.es\/ceperconstitucionespanola\/wp-json\/wp\/v2\/pages"}],"about":[{"href":"https:\/\/blogsaverroes.juntadeandalucia.es\/ceperconstitucionespanola\/wp-json\/wp\/v2\/types\/page"}],"author":[{"embeddable":true,"href":"https:\/\/blogsaverroes.juntadeandalucia.es\/ceperconstitucionespanola\/wp-json\/wp\/v2\/users\/15643"}],"replies":[{"embeddable":true,"href":"https:\/\/blogsaverroes.juntadeandalucia.es\/ceperconstitucionespanola\/wp-json\/wp\/v2\/comments?post=85"}],"version-history":[{"count":8,"href":"https:\/\/blogsaverroes.juntadeandalucia.es\/ceperconstitucionespanola\/wp-json\/wp\/v2\/pages\/85\/revisions"}],"predecessor-version":[{"id":1030,"href":"https:\/\/blogsaverroes.juntadeandalucia.es\/ceperconstitucionespanola\/wp-json\/wp\/v2\/pages\/85\/revisions\/1030"}],"up":[{"embeddable":true,"href":"https:\/\/blogsaverroes.juntadeandalucia.es\/ceperconstitucionespanola\/wp-json\/wp\/v2\/pages\/77"}],"wp:attachment":[{"href":"https:\/\/blogsaverroes.juntadeandalucia.es\/ceperconstitucionespanola\/wp-json\/wp\/v2\/media?parent=85"}],"curies":[{"name":"wp","href":"https:\/\/api.w.org\/{rel}","templated":true}]}}

<p>El <strong>CEPER Constitución Española</strong> está liderado por un equipo comprometido con la educación y el bienestar de su alumnado y profesorado.</p>
<p>&nbsp;</p>
<p><span style="color: #0000ff"><strong>Directora: </strong></span><strong>Patricia Calle</strong>, apasionada por la innovación y el crecimiento del centro.</p>
<p>&nbsp;</p>
<p><span style="color: #0000ff"><strong>Jefa de Estudios y secretaria: </strong></span><strong>Mercedes García</strong>, dedicada a garantizar una enseñanza de calidad y un ambiente acogedor.</p>
<p>&nbsp;</p>
<p>Ambas trabajan día a día con entusiasmo para mejorar el centro, <strong>implicándose en cada actividad y asegurando que el alumnado y el profesorado se sienta cómodo, motivado y apoyado</strong>. Tienen el lema de que el CEPER es una familia, y cada uno de sus miembros es cuidado con mimo y empatía.&nbsp;</p>

<p>El CEPER Constitución Española está liderado por un equipo comprometido con la educación y el bienestar de su alumnado y profesorado. &nbsp; Directora: Patricia Calle,&hellip;</p>
