{"id":2635,"date":"2020-12-04T09:23:15","date_gmt":"2020-12-04T08:23:15","guid":{"rendered":"https:\/\/blogsaverroes.juntadeandalucia.es\/ceperdionisiomontero\/?page_id=2635"},"modified":"2026-03-22T21:55:43","modified_gmt":"2026-03-22T19:55:43","slug":"comunidad-educativa","status":"publish","type":"page","link":"https:\/\/blogsaverroes.juntadeandalucia.es\/ceperdionisiomontero\/centro\/comunidad-educativa\/","title":{"rendered":"Comunidad Educativa"},"content":{"rendered":"<table style=\"border-collapse: collapse;width: 100%\">\n<tbody>\n<tr>\n<td style=\"width: 50%;border-style: hidden;vertical-align: top\"><span style=\"color: #000000\"><img loading=\"lazy\" decoding=\"async\" class=\"alignleft wp-image-3355 size-full\" src=\"https:\/\/blogsaverroes.juntadeandalucia.es\/ceperdionisiomontero\/files\/2022\/08\/3076691715_1_3_UB602yrr.gif\" alt=\"\" width=\"600\" height=\"540\"\/><\/span><\/td>\n<td style=\"width: 50%;border-style: hidden;vertical-align: top\"><strong><span style=\"color: #000000\">M\u00aa Elisa Alba Palop<\/span><\/strong><\/p>\n<p><strong><span style=\"color: #000000\">Yolanda Alcedo<\/span><span style=\"color: #000000\"> Arag\u00f3n<\/span><\/strong><\/p>\n<p><strong><span style=\"color: #000000\">M\u00aa Elisa Cant\u00f3n Guerrero<\/span><\/strong><\/p>\n<p><strong><span style=\"color: #000000\">Alejandro Fern\u00e1ndez Caballero<\/span><\/strong><\/p>\n<p><strong><span style=\"color: #000000\">Nieves Fdez. de Casta\u00f1eda Garc\u00eda<\/span><\/strong><\/p>\n<p><strong>M\u00aa del Mar L\u00f3pez Su\u00e1rez<\/strong><\/p>\n<p><strong>Agust\u00edn Jos\u00e9 Moreno Ben\u00edtez<\/strong><\/p>\n<p><strong><span style=\"color: #000000\">M\u00aa Dolores Palmero S\u00e1nchez<\/span><\/strong><\/p>\n<p><strong><span style=\"color: #000000\">Juana M\u00aa Pe\u00f1a Mateos<\/span><\/strong><\/p>\n<p><strong>\u00c1lvaro Jos\u00e9 P\u00e9rez Gallardo<\/strong><\/p>\n<p><strong>M\u00aa Crescencia Rojas Jim\u00e9nez<\/strong><\/td>\n<\/tr>\n<\/tbody>\n<\/table>\n","protected":false},"excerpt":{"rendered":"<p>M\u00aa Elisa Alba Palop Yolanda Alcedo Arag\u00f3n M\u00aa Elisa Cant\u00f3n Guerrero Alejandro Fern\u00e1ndez Caballero Nieves Fdez. de Casta\u00f1eda Garc\u00eda M\u00aa del Mar L\u00f3pez Su\u00e1rez Agust\u00edn Jos\u00e9 Moreno Ben\u00edtez M\u00aa Dolores Palmero S\u00e1nchez Juana M\u00aa Pe\u00f1a Mateos \u00c1lvaro Jos\u00e9 P\u00e9rez Gallardo M\u00aa Crescencia Rojas Jim\u00e9nez<\/p>\n","protected":false},"author":11252,"featured_media":0,"parent":2980,"menu_order":0,"comment_status":"closed","ping_status":"closed","template":"","meta":{"ngg_post_thumbnail":0,"footnotes":"","_mc_calendar":[]},"aioseo_notices":[],"_links":{"self":[{"href":"https:\/\/blogsaverroes.juntadeandalucia.es\/ceperdionisiomontero\/wp-json\/wp\/v2\/pages\/2635"}],"collection":[{"href":"https:\/\/blogsaverroes.juntadeandalucia.es\/ceperdionisiomontero\/wp-json\/wp\/v2\/pages"}],"about":[{"href":"https:\/\/blogsaverroes.juntadeandalucia.es\/ceperdionisiomontero\/wp-json\/wp\/v2\/types\/page"}],"author":[{"embeddable":true,"href":"https:\/\/blogsaverroes.juntadeandalucia.es\/ceperdionisiomontero\/wp-json\/wp\/v2\/users\/11252"}],"replies":[{"embeddable":true,"href":"https:\/\/blogsaverroes.juntadeandalucia.es\/ceperdionisiomontero\/wp-json\/wp\/v2\/comments?post=2635"}],"version-history":[{"count":13,"href":"https:\/\/blogsaverroes.juntadeandalucia.es\/ceperdionisiomontero\/wp-json\/wp\/v2\/pages\/2635\/revisions"}],"predecessor-version":[{"id":5133,"href":"https:\/\/blogsaverroes.juntadeandalucia.es\/ceperdionisiomontero\/wp-json\/wp\/v2\/pages\/2635\/revisions\/5133"}],"up":[{"embeddable":true,"href":"https:\/\/blogsaverroes.juntadeandalucia.es\/ceperdionisiomontero\/wp-json\/wp\/v2\/pages\/2980"}],"wp:attachment":[{"href":"https:\/\/blogsaverroes.juntadeandalucia.es\/ceperdionisiomontero\/wp-json\/wp\/v2\/media?parent=2635"}],"curies":[{"name":"wp","href":"https:\/\/api.w.org\/{rel}","templated":true}]}}