{"id":2687,"date":"2021-05-20T08:59:48","date_gmt":"2021-05-20T07:59:48","guid":{"rendered":"https:\/\/blogsaverroes.juntadeandalucia.es\/ceperdionisiomontero\/?page_id=2687"},"modified":"2022-09-19T10:27:41","modified_gmt":"2022-09-19T08:27:41","slug":"interculturalidad-espanol-para-extranjeros","status":"publish","type":"page","link":"https:\/\/blogsaverroes.juntadeandalucia.es\/ceperdionisiomontero\/planes-educativos\/interculturalidad-espanol-para-extranjeros\/","title":{"rendered":"Interculturalidad (Espa\u00f1ol para Extranjeros)"},"content":{"rendered":"<p style=\"text-align: justify\">Estos cursos de espa\u00f1ol para Extranjeros est\u00e1n destinados a personas que se <strong>inician<\/strong> en el estudio del espa\u00f1ol o bien <strong>quieren mejorar<\/strong> sus conocimientos de la lengua espa\u00f1ola. En estas clases se trabajan las <strong>cuatro destrezas b\u00e1sicas<\/strong>: expresi\u00f3n oral y escrita y comprensi\u00f3n oral y escrita con un m\u00e9todo comunicativo activo al tiempo que aprenden aspectos b\u00e1sicos de la cultura y la sociedad espa\u00f1ola necesarios para integrarse en la comunidad. Durante este curso hay varios niveles en funci\u00f3n de los conocimientos previos de los alumnos y alumnas:<\/p>\n<ul>\n<li style=\"text-align: justify\"><strong>B\u00e1sico:<\/strong> Para personas que se inician en el conocimiento de nuestra lengua.<\/li>\n<li style=\"text-align: justify\"><strong>Intermedio:<\/strong> Para los alumnos que ya tienen algunos conocimientos b\u00e1sicos del espa\u00f1ol y quieren afianzarlos y seguir avanzando.<\/li>\n<\/ul>\n<p><strong>\u00bfCu\u00e1les son los horarios?<\/strong><\/p>\n<p style=\"text-align: justify\">Antes de matricularte debes asegurarte de que los horarios te vienen bien. Estos <strong>pueden variar de un curso a otro.<\/strong> Hay niveles que se imparten en horario de ma\u00f1ana, otros de tarde y en otros tienes la posibilidad de elegir ambas opciones. Para conocer los horarios acude al centro dentro del horario de informaci\u00f3n y matriculaciones.<\/p>\n<p><strong>\u00bfCu\u00e1l es el plazo de matriculaci\u00f3n?<\/strong><\/p>\n<p>El plazo de matriculaci\u00f3n es el mismo que para el resto de planes educativos que se imparten en educaci\u00f3n permanente:<\/p>\n<p>Plazo ordinario del 1 al 15 de junio<\/p>\n<ul>\n<li>Plazo extraordinario (si quedaran plazas vacantes): del 1 al 15 de septiembre.<\/li>\n<li style=\"text-align: justify\">Plazo adicional (si siguieran quedando vacantes): hasta el 22 de diciembre (no recomendamos la incorporaci\u00f3n con el curso ya empezado a menos que ya se tenga cierto nivel).<\/li>\n<\/ul>\n<p style=\"text-align: justify\"><strong>\u00bfObtendr\u00e9 un t\u00edtulo oficial al superar el curso?<\/strong><\/p>\n<p style=\"text-align: justify\"><strong>No.<\/strong> Se trata de un plan educativo no formal, por tanto, no conduce a la obtenci\u00f3n de titulaci\u00f3n oficial, no obstante, <strong>se obtiene<\/strong> un certificado oficial de la Junta de Andaluc\u00eda con el n\u00famero de horas cursadas.<\/p>\n<p><strong>\u00bfD\u00f3nde se imparten las clases?<\/strong><\/p>\n<p style=\"text-align: justify\">En las instalaciones del CEPER \u201cDionisio Montero\u201d y las aulas del Olivo. <strong>No todos los niveles se imparten en los dos sitios.<\/strong><\/p>\n<p><strong>\u00bfCu\u00e1nto dura el curso?<\/strong><\/p>\n<p style=\"text-align: justify\">Tiene la duraci\u00f3n de un curso escolar. Las clases se rigen por el calendario escolar oficial fijado por la Delegaci\u00f3n Territorial de Educaci\u00f3n de C\u00e1diz al que se le a\u00f1aden los d\u00edas no lectivos designados por el Consejo Escolar Municipal y el pleno municipal del municipio. El curso comienza a mediados de septiembre y termina en junio.<\/p>\n<p><strong>\u00bfCu\u00e1ntas clases tendr\u00e9 a la semana?<\/strong><\/p>\n<p style=\"text-align: justify\">Dependiendo del nivel en el que te matricules tendr\u00e1s 1 \u00f3 2 clases semanales de entre 90 y 120 minutos.<\/p>\n<p><strong>\u00bfEs obligatoria la asistencia a clase?<\/strong><\/p>\n<p style=\"text-align: justify\">El curso es totalmente presencial. No es obligatoria la asistencia, pero no tendr\u00eda sentido matricularte si no vas a asistir a clase o si vas a asistir parcialmente. En las ense\u00f1anzas de idiomas es especialmente importante la presencialidad y se pierde f\u00e1cilmente el hilo si faltas a varias clases consecutivas.<\/p>\n<p><strong>\u00bfQu\u00e9 precio tiene?<\/strong><\/p>\n<p style=\"text-align: justify\">Todos los cursos son gratuitos. Se trata de un centro educativo p\u00fablico perteneciente a la Consejer\u00eda de Educaci\u00f3n. La matriculaci\u00f3n est\u00e1 exenta del pago de tasas acad\u00e9micas.<\/p>\n<p><strong>\u00bfQu\u00e9 metodolog\u00eda se emplea en las clases?<\/strong><\/p>\n<p style=\"text-align: justify\">Se emplea una metodolog\u00eda actualizada basada en el enfoque comunicativo donde se trabajan las cuatro destrezas de la lengua: escuchar, hablar, leer y escribir. Las actividades orales son frecuentes tanto en grupo como en parejas. Se hace uso de materiales audiovisuales: libros de texto, hojas de trabajo, v\u00eddeos, pizarra, posters, flashcards, etc.<\/p>\n<p><strong>\u00bfQu\u00e9 materiales necesito?<\/strong><\/p>\n<p style=\"text-align: justify\">Cada profesor har\u00e1 una sesi\u00f3n de presentaci\u00f3n al comienzo del curso donde explicar\u00e1 los materiales que se van a necesitar. En algunos niveles se puede usar libro de texto.<\/p>\n","protected":false},"excerpt":{"rendered":"<p>Estos cursos de espa\u00f1ol para Extranjeros est\u00e1n destinados a personas que se inician en el estudio del espa\u00f1ol o bien quieren mejorar sus conocimientos de la lengua espa\u00f1ola. En estas clases se trabajan las cuatro destrezas b\u00e1sicas: expresi\u00f3n oral y escrita y comprensi\u00f3n oral y escrita con un m\u00e9todo comunicativo activo al tiempo que aprenden &hellip; <\/p>\n<p><a class=\"more-link btn\" href=\"https:\/\/blogsaverroes.juntadeandalucia.es\/ceperdionisiomontero\/planes-educativos\/interculturalidad-espanol-para-extranjeros\/\">Seguir leyendo<\/a><\/p>\n","protected":false},"author":11252,"featured_media":0,"parent":2799,"menu_order":0,"comment_status":"closed","ping_status":"closed","template":"","meta":{"ngg_post_thumbnail":0,"footnotes":"","_mc_calendar":[]},"aioseo_notices":[],"_links":{"self":[{"href":"https:\/\/blogsaverroes.juntadeandalucia.es\/ceperdionisiomontero\/wp-json\/wp\/v2\/pages\/2687"}],"collection":[{"href":"https:\/\/blogsaverroes.juntadeandalucia.es\/ceperdionisiomontero\/wp-json\/wp\/v2\/pages"}],"about":[{"href":"https:\/\/blogsaverroes.juntadeandalucia.es\/ceperdionisiomontero\/wp-json\/wp\/v2\/types\/page"}],"author":[{"embeddable":true,"href":"https:\/\/blogsaverroes.juntadeandalucia.es\/ceperdionisiomontero\/wp-json\/wp\/v2\/users\/11252"}],"replies":[{"embeddable":true,"href":"https:\/\/blogsaverroes.juntadeandalucia.es\/ceperdionisiomontero\/wp-json\/wp\/v2\/comments?post=2687"}],"version-history":[{"count":7,"href":"https:\/\/blogsaverroes.juntadeandalucia.es\/ceperdionisiomontero\/wp-json\/wp\/v2\/pages\/2687\/revisions"}],"predecessor-version":[{"id":3854,"href":"https:\/\/blogsaverroes.juntadeandalucia.es\/ceperdionisiomontero\/wp-json\/wp\/v2\/pages\/2687\/revisions\/3854"}],"up":[{"embeddable":true,"href":"https:\/\/blogsaverroes.juntadeandalucia.es\/ceperdionisiomontero\/wp-json\/wp\/v2\/pages\/2799"}],"wp:attachment":[{"href":"https:\/\/blogsaverroes.juntadeandalucia.es\/ceperdionisiomontero\/wp-json\/wp\/v2\/media?parent=2687"}],"curies":[{"name":"wp","href":"https:\/\/api.w.org\/{rel}","templated":true}]}}

Interculturalidad (Español para Extranjeros)

<p style="text-align: justify">Estos cursos de español para Extranjeros están destinados a personas que se <strong>inician</strong> en el estudio del español o bien <strong>quieren mejorar</strong> sus conocimientos de la lengua española. En estas clases se trabajan las <strong>cuatro destrezas básicas</strong>: expresión oral y escrita y comprensión oral y escrita con un método comunicativo activo al tiempo que aprenden aspectos básicos de la cultura y la sociedad española necesarios para integrarse en la comunidad. Durante este curso hay varios niveles en función de los conocimientos previos de los alumnos y alumnas:</p>
<ul>
<li style="text-align: justify"><strong>Básico:</strong> Para personas que se inician en el conocimiento de nuestra lengua.</li>
<li style="text-align: justify"><strong>Intermedio:</strong> Para los alumnos que ya tienen algunos conocimientos básicos del español y quieren afianzarlos y seguir avanzando.</li>
</ul>
<p><strong>¿Cuáles son los horarios?</strong></p>
<p style="text-align: justify">Antes de matricularte debes asegurarte de que los horarios te vienen bien. Estos <strong>pueden variar de un curso a otro.</strong> Hay niveles que se imparten en horario de mañana, otros de tarde y en otros tienes la posibilidad de elegir ambas opciones. Para conocer los horarios acude al centro dentro del horario de información y matriculaciones.</p>
<p><strong>¿Cuál es el plazo de matriculación?</strong></p>
<p>El plazo de matriculación es el mismo que para el resto de planes educativos que se imparten en educación permanente:</p>
<p>Plazo ordinario del 1 al 15 de junio</p>
<ul>
<li>Plazo extraordinario (si quedaran plazas vacantes): del 1 al 15 de septiembre.</li>
<li style="text-align: justify">Plazo adicional (si siguieran quedando vacantes): hasta el 22 de diciembre (no recomendamos la incorporación con el curso ya empezado a menos que ya se tenga cierto nivel).</li>
</ul>
<p style="text-align: justify"><strong>¿Obtendré un título oficial al superar el curso?</strong></p>
<p style="text-align: justify"><strong>No.</strong> Se trata de un plan educativo no formal, por tanto, no conduce a la obtención de titulación oficial, no obstante, <strong>se obtiene</strong> un certificado oficial de la Junta de Andalucía con el número de horas cursadas.</p>
<p><strong>¿Dónde se imparten las clases?</strong></p>
<p style="text-align: justify">En las instalaciones del CEPER “Dionisio Montero” y las aulas del Olivo. <strong>No todos los niveles se imparten en los dos sitios.</strong></p>
<p><strong>¿Cuánto dura el curso?</strong></p>
<p style="text-align: justify">Tiene la duración de un curso escolar. Las clases se rigen por el calendario escolar oficial fijado por la Delegación Territorial de Educación de Cádiz al que se le añaden los días no lectivos designados por el Consejo Escolar Municipal y el pleno municipal del municipio. El curso comienza a mediados de septiembre y termina en junio.</p>
<p><strong>¿Cuántas clases tendré a la semana?</strong></p>
<p style="text-align: justify">Dependiendo del nivel en el que te matricules tendrás 1 ó 2 clases semanales de entre 90 y 120 minutos.</p>
<p><strong>¿Es obligatoria la asistencia a clase?</strong></p>
<p style="text-align: justify">El curso es totalmente presencial. No es obligatoria la asistencia, pero no tendría sentido matricularte si no vas a asistir a clase o si vas a asistir parcialmente. En las enseñanzas de idiomas es especialmente importante la presencialidad y se pierde fácilmente el hilo si faltas a varias clases consecutivas.</p>
<p><strong>¿Qué precio tiene?</strong></p>
<p style="text-align: justify">Todos los cursos son gratuitos. Se trata de un centro educativo público perteneciente a la Consejería de Educación. La matriculación está exenta del pago de tasas académicas.</p>
<p><strong>¿Qué metodología se emplea en las clases?</strong></p>
<p style="text-align: justify">Se emplea una metodología actualizada basada en el enfoque comunicativo donde se trabajan las cuatro destrezas de la lengua: escuchar, hablar, leer y escribir. Las actividades orales son frecuentes tanto en grupo como en parejas. Se hace uso de materiales audiovisuales: libros de texto, hojas de trabajo, vídeos, pizarra, posters, flashcards, etc.</p>
<p><strong>¿Qué materiales necesito?</strong></p>
<p style="text-align: justify">Cada profesor hará una sesión de presentación al comienzo del curso donde explicará los materiales que se van a necesitar. En algunos niveles se puede usar libro de texto.</p>

<p>Estos cursos de español para Extranjeros están destinados a personas que se inician en el estudio del español o bien quieren mejorar sus conocimientos de la lengua española. En estas clases se trabajan las cuatro destrezas básicas: expresión oral y escrita y comprensión oral y escrita con un método comunicativo activo al tiempo que aprenden &hellip; </p>
<p><a class="more-link btn" href="https://blogsaverroes.juntadeandalucia.es/ceperdionisiomontero/planes-educativos/interculturalidad-espanol-para-extranjeros/">Seguir leyendo</a></p>
