{"id":2863,"date":"2022-03-08T09:30:08","date_gmt":"2022-03-08T08:30:08","guid":{"rendered":"https:\/\/blogsaverroes.juntadeandalucia.es\/ceperdionisiomontero\/?page_id=2863"},"modified":"2023-04-21T10:15:09","modified_gmt":"2023-04-21T08:15:09","slug":"planes-y-proyectos-educativos","status":"publish","type":"page","link":"https:\/\/blogsaverroes.juntadeandalucia.es\/ceperdionisiomontero\/planes-y-proyectos-educativos\/","title":{"rendered":"PLANES Y PROYECTOS EDUCATIVOS"},"content":{"rendered":"<p><a title=\"Pacto de Estado para la Prevenci\u00f3n de la Violencia de G\u00e9nero\" href=\"https:\/\/blogsaverroes.juntadeandalucia.es\/ceperdionisiomontero\/planes-y-proyectos-educativos\/programa-de-pacto-de-estado-para-la-prevencion-de-la-violencia-de-genero\/\">PACTO DE ESTADO PARA LA PREVENCI\u00d3N DE LA VIOLENCIA DE G\u00c9NERO<\/a><\/p>\n<p><a title=\"Transformaci\u00f3n Digital Escolar (TDE)\" href=\"https:\/\/blogsaverroes.juntadeandalucia.es\/ceperdionisiomontero\/planes-y-proyectos-educativos\/transformacion-digital-escolar-tde\/\">TRANSFORMACI\u00d3N DIGITAL ESCOLAR (TDE)<\/a><\/p>\n<p>&nbsp;<\/p>\n","protected":false},"excerpt":{"rendered":"<p>PACTO DE ESTADO PARA LA PREVENCI\u00d3N DE LA VIOLENCIA DE G\u00c9NERO TRANSFORMACI\u00d3N DIGITAL ESCOLAR (TDE) &nbsp;<\/p>\n","protected":false},"author":11252,"featured_media":0,"parent":0,"menu_order":0,"comment_status":"closed","ping_status":"closed","template":"page-scs.php","meta":{"ngg_post_thumbnail":0,"footnotes":"","_mc_calendar":[]},"aioseo_notices":[],"_links":{"self":[{"href":"https:\/\/blogsaverroes.juntadeandalucia.es\/ceperdionisiomontero\/wp-json\/wp\/v2\/pages\/2863"}],"collection":[{"href":"https:\/\/blogsaverroes.juntadeandalucia.es\/ceperdionisiomontero\/wp-json\/wp\/v2\/pages"}],"about":[{"href":"https:\/\/blogsaverroes.juntadeandalucia.es\/ceperdionisiomontero\/wp-json\/wp\/v2\/types\/page"}],"author":[{"embeddable":true,"href":"https:\/\/blogsaverroes.juntadeandalucia.es\/ceperdionisiomontero\/wp-json\/wp\/v2\/users\/11252"}],"replies":[{"embeddable":true,"href":"https:\/\/blogsaverroes.juntadeandalucia.es\/ceperdionisiomontero\/wp-json\/wp\/v2\/comments?post=2863"}],"version-history":[{"count":7,"href":"https:\/\/blogsaverroes.juntadeandalucia.es\/ceperdionisiomontero\/wp-json\/wp\/v2\/pages\/2863\/revisions"}],"predecessor-version":[{"id":4619,"href":"https:\/\/blogsaverroes.juntadeandalucia.es\/ceperdionisiomontero\/wp-json\/wp\/v2\/pages\/2863\/revisions\/4619"}],"wp:attachment":[{"href":"https:\/\/blogsaverroes.juntadeandalucia.es\/ceperdionisiomontero\/wp-json\/wp\/v2\/media?parent=2863"}],"curies":[{"name":"wp","href":"https:\/\/api.w.org\/{rel}","templated":true}]}}

<p><a title="Pacto de Estado para la Prevención de la Violencia de Género" href="https://blogsaverroes.juntadeandalucia.es/ceperdionisiomontero/planes-y-proyectos-educativos/programa-de-pacto-de-estado-para-la-prevencion-de-la-violencia-de-genero/">PACTO DE ESTADO PARA LA PREVENCIÓN DE LA VIOLENCIA DE GÉNERO</a></p>
<p><a title="Transformación Digital Escolar (TDE)" href="https://blogsaverroes.juntadeandalucia.es/ceperdionisiomontero/planes-y-proyectos-educativos/transformacion-digital-escolar-tde/">TRANSFORMACIÓN DIGITAL ESCOLAR (TDE)</a></p>
<p>&nbsp;</p>

<p>PACTO DE ESTADO PARA LA PREVENCIÓN DE LA VIOLENCIA DE GÉNERO TRANSFORMACIÓN DIGITAL ESCOLAR (TDE) &nbsp;</p>
