{"id":3396,"date":"2022-08-24T20:47:01","date_gmt":"2022-08-24T18:47:01","guid":{"rendered":"https:\/\/blogsaverroes.juntadeandalucia.es\/ceperdionisiomontero\/?page_id=3396"},"modified":"2022-08-24T21:23:21","modified_gmt":"2022-08-24T19:23:21","slug":"normativa","status":"publish","type":"page","link":"https:\/\/blogsaverroes.juntadeandalucia.es\/ceperdionisiomontero\/centro\/documentos\/normativa-educacion-permanente\/normativa\/","title":{"rendered":"Normativa"},"content":{"rendered":"<ul>\n<li style=\"text-align: justify\"><a href=\"http:\/\/www.adideandalucia.es\/normas\/instruc\/Instruc8junio2016ModificaCurriculoAdultos.pdf\">INSTRUCCI\u00d3N<\/a> <a href=\"http:\/\/www.adideandalucia.es\/normas\/instruc\/Instruc8junio2016ModificaCurriculoAdultos.pdf\">8\/2016,<\/a> de 8 de junio, de la Direcci\u00f3n General de Ordenaci\u00f3n Educativa, por la que se modifica la Instrucci\u00f3n 6\/2016, de 30 de mayo, sobre la ordenaci\u00f3n del curr\u00edculo de la Educaci\u00f3n Secundaria Obligatoria y del Bachillerato para personas adultas durante el curso 2016\/17.<\/li>\n<li style=\"text-align: justify\"><a href=\"http:\/\/www.adideandalucia.es\/normas\/instruc\/Instruc30mayo2016CurriculoESABachAdultos.pdf\">INSTRUCCI\u00d3N<\/a> <a href=\"http:\/\/www.adideandalucia.es\/normas\/instruc\/Instruc30mayo2016CurriculoESABachAdultos.pdf\">6\/2016,<\/a> de 30 de mayo, de la Direcci\u00f3n General de Ordenaci\u00f3n Educativa, sobre la ordenaci\u00f3n del curr\u00edculo de la Educaci\u00f3n Secundaria Obligatoria y del Bachillerato para personas adultas durante el curso escolar 2016\/2017.<\/li>\n<li style=\"text-align: justify\"><a href=\"http:\/\/www.adideandalucia.es\/normas\/ordenes\/Orden1junio2016EscolarizacionFP.pdf\">ORDEN<\/a> <a href=\"http:\/\/www.adideandalucia.es\/normas\/ordenes\/Orden1junio2016EscolarizacionFP.pdf\">de<\/a> <a href=\"http:\/\/www.adideandalucia.es\/normas\/ordenes\/Orden1junio2016EscolarizacionFP.pdf\">1<\/a> <a href=\"http:\/\/www.adideandalucia.es\/normas\/ordenes\/Orden1junio2016EscolarizacionFP.pdf\">de<\/a> <a href=\"http:\/\/www.adideandalucia.es\/normas\/ordenes\/Orden1junio2016EscolarizacionFP.pdf\">junio<\/a> <a href=\"http:\/\/www.adideandalucia.es\/normas\/ordenes\/Orden1junio2016EscolarizacionFP.pdf\">de<\/a> <a href=\"http:\/\/www.adideandalucia.es\/normas\/ordenes\/Orden1junio2016EscolarizacionFP.pdf\">2016,<\/a> por la que se regulan los criterios y el procedimiento de admisi\u00f3n del alumnado en los centros docentes para cursar ciclos formativos de grado medio y de grado superior, sostenidos con fondos p\u00fablicos, de formaci\u00f3n profesional inicial del sistema educativo (BOJA 08-06-2016).<\/li>\n<li style=\"text-align: justify\"><a href=\"http:\/\/www.adideandalucia.es\/normas\/instruc\/Instruc31marzo2016PruebasAccesoFP.pdf\">INSTRUCCIONES<\/a> <a href=\"http:\/\/www.adideandalucia.es\/normas\/instruc\/Instruc31marzo2016PruebasAccesoFP.pdf\">de<\/a> <a href=\"http:\/\/www.adideandalucia.es\/normas\/instruc\/Instruc31marzo2016PruebasAccesoFP.pdf\">31<\/a> <a href=\"http:\/\/www.adideandalucia.es\/normas\/instruc\/Instruc31marzo2016PruebasAccesoFP.pdf\">de<\/a> <a href=\"http:\/\/www.adideandalucia.es\/normas\/instruc\/Instruc31marzo2016PruebasAccesoFP.pdf\">marzo<\/a> <a href=\"http:\/\/www.adideandalucia.es\/normas\/instruc\/Instruc31marzo2016PruebasAccesoFP.pdf\">de<\/a> <a href=\"http:\/\/www.adideandalucia.es\/normas\/instruc\/Instruc31marzo2016PruebasAccesoFP.pdf\">2016,<\/a> de la Direcci\u00f3n General de Formaci\u00f3n Profesional Inicial y Educaci\u00f3n Permanente sobre organizaci\u00f3n y realizaci\u00f3n de las pruebas de acceso a los ciclos formativos de Formaci\u00f3n Profesional en las convocatorias de junio y septiembre de 2016.<\/li>\n<li style=\"text-align: justify\"><a href=\"http:\/\/www.adideandalucia.es\/normas\/ordenes\/Orden25mayo2012AdmisionAdultos.pdf\">ORDEN<\/a> <a href=\"http:\/\/www.adideandalucia.es\/normas\/ordenes\/Orden25mayo2012AdmisionAdultos.pdf\">de<\/a> <a href=\"http:\/\/www.adideandalucia.es\/normas\/ordenes\/Orden25mayo2012AdmisionAdultos.pdf\">25<\/a> <a href=\"http:\/\/www.adideandalucia.es\/normas\/ordenes\/Orden25mayo2012AdmisionAdultos.pdf\">de<\/a> <a href=\"http:\/\/www.adideandalucia.es\/normas\/ordenes\/Orden25mayo2012AdmisionAdultos.pdf\">mayo<\/a> <a href=\"http:\/\/www.adideandalucia.es\/normas\/ordenes\/Orden25mayo2012AdmisionAdultos.pdf\">de<\/a> <a href=\"http:\/\/www.adideandalucia.es\/normas\/ordenes\/Orden25mayo2012AdmisionAdultos.pdf\">2012,<\/a> por la que se desarrolla el procedimiento de admisi\u00f3n y matriculaci\u00f3n del alumnado en los centros docentes p\u00fablicos para cursar las ense\u00f1anzas de Educaci\u00f3n Permanente de Personas Adultas en las modalidades presencial y semipresencial (BOJA 1506-2012).<\/li>\n<li style=\"text-align: justify\"><a href=\"http:\/\/www.google.com\/url?q=http%3A%2F%2Fwww.adideandalucia.es%2Fnormas%2Fresoluc%2FResolucion2009_02_05programacalidadmejora.pdf&amp;sa=D&amp;sntz=1&amp;usg=AFrqEzcHRaqf1KCczFbjGP_BU6_5KETnJA\">Resoluci\u00f3n de 5 de febrero de 2009<\/a><a href=\"http:\/\/www.google.com\/url?q=http%3A%2F%2Fwww.adideandalucia.es%2Fnormas%2Fresoluc%2FResolucion2009_02_05programacalidadmejora.pdf&amp;sa=D&amp;sntz=1&amp;usg=AFrqEzcHRaqf1KCczFbjGP_BU6_5KETnJA\">,<\/a> de la Direcci\u00f3n General de Ordenaci\u00f3n y Evaluaci\u00f3n Educativa, por la que se incluyen en el programa de&nbsp; &nbsp;&nbsp;&nbsp; calidad y mejora de los rendimientos escolares los centros docentes p\u00fablicos que se relacionan (BOJA 18-02-2009).<\/li>\n<li style=\"text-align: justify\"><a href=\"http:\/\/www.google.com\/url?q=http%3A%2F%2Fwww.adideandalucia.es%2Fnormas%2Finstruc%2FInstruc%252029-9-2008%2520Programa%2520Calidad.pdf&amp;sa=D&amp;sntz=1&amp;usg=AFrqEzdFmn7LSyzzns5A3AwnRoWyoONwpA\">INSTRUCCIONES de 29<\/a><a href=\"http:\/\/www.google.com\/url?q=http%3A%2F%2Fwww.adideandalucia.es%2Fnormas%2Finstruc%2FInstruc%252029-9-2008%2520Programa%2520Calidad.pdf&amp;sa=D&amp;sntz=1&amp;usg=AFrqEzdFmn7LSyzzns5A3AwnRoWyoONwpA\">&#8211;<\/a><a href=\"http:\/\/www.google.com\/url?q=http%3A%2F%2Fwww.adideandalucia.es%2Fnormas%2Finstruc%2FInstruc%252029-9-2008%2520Programa%2520Calidad.pdf&amp;sa=D&amp;sntz=1&amp;usg=AFrqEzdFmn7LSyzzns5A3AwnRoWyoONwpA\">9<\/a><a href=\"http:\/\/www.google.com\/url?q=http%3A%2F%2Fwww.adideandalucia.es%2Fnormas%2Finstruc%2FInstruc%252029-9-2008%2520Programa%2520Calidad.pdf&amp;sa=D&amp;sntz=1&amp;usg=AFrqEzdFmn7LSyzzns5A3AwnRoWyoONwpA\">&#8211;<\/a><a href=\"http:\/\/www.google.com\/url?q=http%3A%2F%2Fwww.adideandalucia.es%2Fnormas%2Finstruc%2FInstruc%252029-9-2008%2520Programa%2520Calidad.pdf&amp;sa=D&amp;sntz=1&amp;usg=AFrqEzdFmn7LSyzzns5A3AwnRoWyoONwpA\">2008,<\/a> de la Viceconsejer\u00eda de Educaci\u00f3n, relativas al Programa de Calidad y Mejora de los Rendimientos Escolares&nbsp; &nbsp;&nbsp;&nbsp;&nbsp;&nbsp;&nbsp;&nbsp;&nbsp; en los centros docentes p\u00fablicos que lo iniciaron en el curso 2007\/08.<\/li>\n<li style=\"text-align: justify\"><a href=\"http:\/\/www.google.com\/url?q=http%3A%2F%2Fwww.adideandalucia.es%2Fnormas%2Fresoluc%2FResoluc%252012-6-2008%2520Centros%2520Calidad.pdf&amp;sa=D&amp;sntz=1&amp;usg=AFrqEzdgDe3903BPlTKZYRTbQGKUdalWkA\">RESOLUCI\u00d3N de 12<\/a><a href=\"http:\/\/www.google.com\/url?q=http%3A%2F%2Fwww.adideandalucia.es%2Fnormas%2Fresoluc%2FResoluc%252012-6-2008%2520Centros%2520Calidad.pdf&amp;sa=D&amp;sntz=1&amp;usg=AFrqEzdgDe3903BPlTKZYRTbQGKUdalWkA\">&#8211;<\/a><a href=\"http:\/\/www.google.com\/url?q=http%3A%2F%2Fwww.adideandalucia.es%2Fnormas%2Fresoluc%2FResoluc%252012-6-2008%2520Centros%2520Calidad.pdf&amp;sa=D&amp;sntz=1&amp;usg=AFrqEzdgDe3903BPlTKZYRTbQGKUdalWkA\">6<\/a><a href=\"http:\/\/www.google.com\/url?q=http%3A%2F%2Fwww.adideandalucia.es%2Fnormas%2Fresoluc%2FResoluc%252012-6-2008%2520Centros%2520Calidad.pdf&amp;sa=D&amp;sntz=1&amp;usg=AFrqEzdgDe3903BPlTKZYRTbQGKUdalWkA\">&#8211;<\/a><a href=\"http:\/\/www.google.com\/url?q=http%3A%2F%2Fwww.adideandalucia.es%2Fnormas%2Fresoluc%2FResoluc%252012-6-2008%2520Centros%2520Calidad.pdf&amp;sa=D&amp;sntz=1&amp;usg=AFrqEzdgDe3903BPlTKZYRTbQGKUdalWkA\">2008,<\/a> de la Direcci\u00f3n General de Ordenaci\u00f3n y Evaluaci\u00f3n Educativa, por la que se incluyen en el programa de calidad y mejora de los rendimientos escolares los centros docentes p\u00fablicos que se relacionan. (BOJA 23-6-2008)<\/li>\n<li style=\"text-align: justify\"><a href=\"http:\/\/www.google.com\/url?q=http%3A%2F%2Fwww.adideandalucia.es%2Fnormas%2Fordenes%2FOrden%252020-2-2008%2520Programa%2520Calidad.pdf&amp;sa=D&amp;sntz=1&amp;usg=AFrqEzfQh1OLyQcam86HMwhhBLXyzzaGOg\">ORDEN de 20<\/a><a href=\"http:\/\/www.google.com\/url?q=http%3A%2F%2Fwww.adideandalucia.es%2Fnormas%2Fordenes%2FOrden%252020-2-2008%2520Programa%2520Calidad.pdf&amp;sa=D&amp;sntz=1&amp;usg=AFrqEzfQh1OLyQcam86HMwhhBLXyzzaGOg\">&#8211;<\/a><a href=\"http:\/\/www.google.com\/url?q=http%3A%2F%2Fwww.adideandalucia.es%2Fnormas%2Fordenes%2FOrden%252020-2-2008%2520Programa%2520Calidad.pdf&amp;sa=D&amp;sntz=1&amp;usg=AFrqEzfQh1OLyQcam86HMwhhBLXyzzaGOg\">2<\/a><a href=\"http:\/\/www.google.com\/url?q=http%3A%2F%2Fwww.adideandalucia.es%2Fnormas%2Fordenes%2FOrden%252020-2-2008%2520Programa%2520Calidad.pdf&amp;sa=D&amp;sntz=1&amp;usg=AFrqEzfQh1OLyQcam86HMwhhBLXyzzaGOg\">&#8211;<\/a><a href=\"http:\/\/www.google.com\/url?q=http%3A%2F%2Fwww.adideandalucia.es%2Fnormas%2Fordenes%2FOrden%252020-2-2008%2520Programa%2520Calidad.pdf&amp;sa=D&amp;sntz=1&amp;usg=AFrqEzfQh1OLyQcam86HMwhhBLXyzzaGOg\">2008,<\/a> por la que se regula el programa de calidad y mejora de los rendimientos escolares en los centros docentes p\u00fablicos. (BOJA 29-2-2008)<\/li>\n<\/ul>\n","protected":false},"excerpt":{"rendered":"<p>INSTRUCCI\u00d3N 8\/2016, de 8 de junio, de la Direcci\u00f3n General de Ordenaci\u00f3n Educativa, por la que se modifica la Instrucci\u00f3n 6\/2016, de 30 de mayo, sobre la ordenaci\u00f3n del curr\u00edculo de la Educaci\u00f3n Secundaria Obligatoria y del Bachillerato para personas adultas durante el curso 2016\/17. INSTRUCCI\u00d3N 6\/2016, de 30 de mayo, de la Direcci\u00f3n General &hellip; <\/p>\n<p><a class=\"more-link btn\" href=\"https:\/\/blogsaverroes.juntadeandalucia.es\/ceperdionisiomontero\/centro\/documentos\/normativa-educacion-permanente\/normativa\/\">Seguir leyendo<\/a><\/p>\n","protected":false},"author":11252,"featured_media":0,"parent":3288,"menu_order":0,"comment_status":"closed","ping_status":"closed","template":"","meta":{"ngg_post_thumbnail":0,"footnotes":"","_mc_calendar":[]},"aioseo_notices":[],"_links":{"self":[{"href":"https:\/\/blogsaverroes.juntadeandalucia.es\/ceperdionisiomontero\/wp-json\/wp\/v2\/pages\/3396"}],"collection":[{"href":"https:\/\/blogsaverroes.juntadeandalucia.es\/ceperdionisiomontero\/wp-json\/wp\/v2\/pages"}],"about":[{"href":"https:\/\/blogsaverroes.juntadeandalucia.es\/ceperdionisiomontero\/wp-json\/wp\/v2\/types\/page"}],"author":[{"embeddable":true,"href":"https:\/\/blogsaverroes.juntadeandalucia.es\/ceperdionisiomontero\/wp-json\/wp\/v2\/users\/11252"}],"replies":[{"embeddable":true,"href":"https:\/\/blogsaverroes.juntadeandalucia.es\/ceperdionisiomontero\/wp-json\/wp\/v2\/comments?post=3396"}],"version-history":[{"count":5,"href":"https:\/\/blogsaverroes.juntadeandalucia.es\/ceperdionisiomontero\/wp-json\/wp\/v2\/pages\/3396\/revisions"}],"predecessor-version":[{"id":3415,"href":"https:\/\/blogsaverroes.juntadeandalucia.es\/ceperdionisiomontero\/wp-json\/wp\/v2\/pages\/3396\/revisions\/3415"}],"up":[{"embeddable":true,"href":"https:\/\/blogsaverroes.juntadeandalucia.es\/ceperdionisiomontero\/wp-json\/wp\/v2\/pages\/3288"}],"wp:attachment":[{"href":"https:\/\/blogsaverroes.juntadeandalucia.es\/ceperdionisiomontero\/wp-json\/wp\/v2\/media?parent=3396"}],"curies":[{"name":"wp","href":"https:\/\/api.w.org\/{rel}","templated":true}]}}

<ul>
<li style="text-align: justify"><a href="http://www.adideandalucia.es/normas/instruc/Instruc8junio2016ModificaCurriculoAdultos.pdf">INSTRUCCIÓN</a> <a href="http://www.adideandalucia.es/normas/instruc/Instruc8junio2016ModificaCurriculoAdultos.pdf">8/2016,</a> de 8 de junio, de la Dirección General de Ordenación Educativa, por la que se modifica la Instrucción 6/2016, de 30 de mayo, sobre la ordenación del currículo de la Educación Secundaria Obligatoria y del Bachillerato para personas adultas durante el curso 2016/17.</li>
<li style="text-align: justify"><a href="http://www.adideandalucia.es/normas/instruc/Instruc30mayo2016CurriculoESABachAdultos.pdf">INSTRUCCIÓN</a> <a href="http://www.adideandalucia.es/normas/instruc/Instruc30mayo2016CurriculoESABachAdultos.pdf">6/2016,</a> de 30 de mayo, de la Dirección General de Ordenación Educativa, sobre la ordenación del currículo de la Educación Secundaria Obligatoria y del Bachillerato para personas adultas durante el curso escolar 2016/2017.</li>
<li style="text-align: justify"><a href="http://www.adideandalucia.es/normas/ordenes/Orden1junio2016EscolarizacionFP.pdf">ORDEN</a> <a href="http://www.adideandalucia.es/normas/ordenes/Orden1junio2016EscolarizacionFP.pdf">de</a> <a href="http://www.adideandalucia.es/normas/ordenes/Orden1junio2016EscolarizacionFP.pdf">1</a> <a href="http://www.adideandalucia.es/normas/ordenes/Orden1junio2016EscolarizacionFP.pdf">de</a> <a href="http://www.adideandalucia.es/normas/ordenes/Orden1junio2016EscolarizacionFP.pdf">junio</a> <a href="http://www.adideandalucia.es/normas/ordenes/Orden1junio2016EscolarizacionFP.pdf">de</a> <a href="http://www.adideandalucia.es/normas/ordenes/Orden1junio2016EscolarizacionFP.pdf">2016,</a> por la que se regulan los criterios y el procedimiento de admisión del alumnado en los centros docentes para cursar ciclos formativos de grado medio y de grado superior, sostenidos con fondos públicos, de formación profesional inicial del sistema educativo (BOJA 08-06-2016).</li>
<li style="text-align: justify"><a href="http://www.adideandalucia.es/normas/instruc/Instruc31marzo2016PruebasAccesoFP.pdf">INSTRUCCIONES</a> <a href="http://www.adideandalucia.es/normas/instruc/Instruc31marzo2016PruebasAccesoFP.pdf">de</a> <a href="http://www.adideandalucia.es/normas/instruc/Instruc31marzo2016PruebasAccesoFP.pdf">31</a> <a href="http://www.adideandalucia.es/normas/instruc/Instruc31marzo2016PruebasAccesoFP.pdf">de</a> <a href="http://www.adideandalucia.es/normas/instruc/Instruc31marzo2016PruebasAccesoFP.pdf">marzo</a> <a href="http://www.adideandalucia.es/normas/instruc/Instruc31marzo2016PruebasAccesoFP.pdf">de</a> <a href="http://www.adideandalucia.es/normas/instruc/Instruc31marzo2016PruebasAccesoFP.pdf">2016,</a> de la Dirección General de Formación Profesional Inicial y Educación Permanente sobre organización y realización de las pruebas de acceso a los ciclos formativos de Formación Profesional en las convocatorias de junio y septiembre de 2016.</li>
<li style="text-align: justify"><a href="http://www.adideandalucia.es/normas/ordenes/Orden25mayo2012AdmisionAdultos.pdf">ORDEN</a> <a href="http://www.adideandalucia.es/normas/ordenes/Orden25mayo2012AdmisionAdultos.pdf">de</a> <a href="http://www.adideandalucia.es/normas/ordenes/Orden25mayo2012AdmisionAdultos.pdf">25</a> <a href="http://www.adideandalucia.es/normas/ordenes/Orden25mayo2012AdmisionAdultos.pdf">de</a> <a href="http://www.adideandalucia.es/normas/ordenes/Orden25mayo2012AdmisionAdultos.pdf">mayo</a> <a href="http://www.adideandalucia.es/normas/ordenes/Orden25mayo2012AdmisionAdultos.pdf">de</a> <a href="http://www.adideandalucia.es/normas/ordenes/Orden25mayo2012AdmisionAdultos.pdf">2012,</a> por la que se desarrolla el procedimiento de admisión y matriculación del alumnado en los centros docentes públicos para cursar las enseñanzas de Educación Permanente de Personas Adultas en las modalidades presencial y semipresencial (BOJA 1506-2012).</li>
<li style="text-align: justify"><a href="http://www.google.com/url?q=http%3A%2F%2Fwww.adideandalucia.es%2Fnormas%2Fresoluc%2FResolucion2009_02_05programacalidadmejora.pdf&amp;sa=D&amp;sntz=1&amp;usg=AFrqEzcHRaqf1KCczFbjGP_BU6_5KETnJA">Resolución de 5 de febrero de 2009</a><a href="http://www.google.com/url?q=http%3A%2F%2Fwww.adideandalucia.es%2Fnormas%2Fresoluc%2FResolucion2009_02_05programacalidadmejora.pdf&amp;sa=D&amp;sntz=1&amp;usg=AFrqEzcHRaqf1KCczFbjGP_BU6_5KETnJA">,</a> de la Dirección General de Ordenación y Evaluación Educativa, por la que se incluyen en el programa de&nbsp; &nbsp;&nbsp;&nbsp; calidad y mejora de los rendimientos escolares los centros docentes públicos que se relacionan (BOJA 18-02-2009).</li>
<li style="text-align: justify"><a href="http://www.google.com/url?q=http%3A%2F%2Fwww.adideandalucia.es%2Fnormas%2Finstruc%2FInstruc%252029-9-2008%2520Programa%2520Calidad.pdf&amp;sa=D&amp;sntz=1&amp;usg=AFrqEzdFmn7LSyzzns5A3AwnRoWyoONwpA">INSTRUCCIONES de 29</a><a href="http://www.google.com/url?q=http%3A%2F%2Fwww.adideandalucia.es%2Fnormas%2Finstruc%2FInstruc%252029-9-2008%2520Programa%2520Calidad.pdf&amp;sa=D&amp;sntz=1&amp;usg=AFrqEzdFmn7LSyzzns5A3AwnRoWyoONwpA">&#8211;</a><a href="http://www.google.com/url?q=http%3A%2F%2Fwww.adideandalucia.es%2Fnormas%2Finstruc%2FInstruc%252029-9-2008%2520Programa%2520Calidad.pdf&amp;sa=D&amp;sntz=1&amp;usg=AFrqEzdFmn7LSyzzns5A3AwnRoWyoONwpA">9</a><a href="http://www.google.com/url?q=http%3A%2F%2Fwww.adideandalucia.es%2Fnormas%2Finstruc%2FInstruc%252029-9-2008%2520Programa%2520Calidad.pdf&amp;sa=D&amp;sntz=1&amp;usg=AFrqEzdFmn7LSyzzns5A3AwnRoWyoONwpA">&#8211;</a><a href="http://www.google.com/url?q=http%3A%2F%2Fwww.adideandalucia.es%2Fnormas%2Finstruc%2FInstruc%252029-9-2008%2520Programa%2520Calidad.pdf&amp;sa=D&amp;sntz=1&amp;usg=AFrqEzdFmn7LSyzzns5A3AwnRoWyoONwpA">2008,</a> de la Viceconsejería de Educación, relativas al Programa de Calidad y Mejora de los Rendimientos Escolares&nbsp; &nbsp;&nbsp;&nbsp;&nbsp;&nbsp;&nbsp;&nbsp;&nbsp; en los centros docentes públicos que lo iniciaron en el curso 2007/08.</li>
<li style="text-align: justify"><a href="http://www.google.com/url?q=http%3A%2F%2Fwww.adideandalucia.es%2Fnormas%2Fresoluc%2FResoluc%252012-6-2008%2520Centros%2520Calidad.pdf&amp;sa=D&amp;sntz=1&amp;usg=AFrqEzdgDe3903BPlTKZYRTbQGKUdalWkA">RESOLUCIÓN de 12</a><a href="http://www.google.com/url?q=http%3A%2F%2Fwww.adideandalucia.es%2Fnormas%2Fresoluc%2FResoluc%252012-6-2008%2520Centros%2520Calidad.pdf&amp;sa=D&amp;sntz=1&amp;usg=AFrqEzdgDe3903BPlTKZYRTbQGKUdalWkA">&#8211;</a><a href="http://www.google.com/url?q=http%3A%2F%2Fwww.adideandalucia.es%2Fnormas%2Fresoluc%2FResoluc%252012-6-2008%2520Centros%2520Calidad.pdf&amp;sa=D&amp;sntz=1&amp;usg=AFrqEzdgDe3903BPlTKZYRTbQGKUdalWkA">6</a><a href="http://www.google.com/url?q=http%3A%2F%2Fwww.adideandalucia.es%2Fnormas%2Fresoluc%2FResoluc%252012-6-2008%2520Centros%2520Calidad.pdf&amp;sa=D&amp;sntz=1&amp;usg=AFrqEzdgDe3903BPlTKZYRTbQGKUdalWkA">&#8211;</a><a href="http://www.google.com/url?q=http%3A%2F%2Fwww.adideandalucia.es%2Fnormas%2Fresoluc%2FResoluc%252012-6-2008%2520Centros%2520Calidad.pdf&amp;sa=D&amp;sntz=1&amp;usg=AFrqEzdgDe3903BPlTKZYRTbQGKUdalWkA">2008,</a> de la Dirección General de Ordenación y Evaluación Educativa, por la que se incluyen en el programa de calidad y mejora de los rendimientos escolares los centros docentes públicos que se relacionan. (BOJA 23-6-2008)</li>
<li style="text-align: justify"><a href="http://www.google.com/url?q=http%3A%2F%2Fwww.adideandalucia.es%2Fnormas%2Fordenes%2FOrden%252020-2-2008%2520Programa%2520Calidad.pdf&amp;sa=D&amp;sntz=1&amp;usg=AFrqEzfQh1OLyQcam86HMwhhBLXyzzaGOg">ORDEN de 20</a><a href="http://www.google.com/url?q=http%3A%2F%2Fwww.adideandalucia.es%2Fnormas%2Fordenes%2FOrden%252020-2-2008%2520Programa%2520Calidad.pdf&amp;sa=D&amp;sntz=1&amp;usg=AFrqEzfQh1OLyQcam86HMwhhBLXyzzaGOg">&#8211;</a><a href="http://www.google.com/url?q=http%3A%2F%2Fwww.adideandalucia.es%2Fnormas%2Fordenes%2FOrden%252020-2-2008%2520Programa%2520Calidad.pdf&amp;sa=D&amp;sntz=1&amp;usg=AFrqEzfQh1OLyQcam86HMwhhBLXyzzaGOg">2</a><a href="http://www.google.com/url?q=http%3A%2F%2Fwww.adideandalucia.es%2Fnormas%2Fordenes%2FOrden%252020-2-2008%2520Programa%2520Calidad.pdf&amp;sa=D&amp;sntz=1&amp;usg=AFrqEzfQh1OLyQcam86HMwhhBLXyzzaGOg">&#8211;</a><a href="http://www.google.com/url?q=http%3A%2F%2Fwww.adideandalucia.es%2Fnormas%2Fordenes%2FOrden%252020-2-2008%2520Programa%2520Calidad.pdf&amp;sa=D&amp;sntz=1&amp;usg=AFrqEzfQh1OLyQcam86HMwhhBLXyzzaGOg">2008,</a> por la que se regula el programa de calidad y mejora de los rendimientos escolares en los centros docentes públicos. (BOJA 29-2-2008)</li>
</ul>

<p>INSTRUCCIÓN 8/2016, de 8 de junio, de la Dirección General de Ordenación Educativa, por la que se modifica la Instrucción 6/2016, de 30 de mayo, sobre la ordenación del currículo de la Educación Secundaria Obligatoria y del Bachillerato para personas adultas durante el curso 2016/17. INSTRUCCIÓN 6/2016, de 30 de mayo, de la Dirección General &hellip; </p>
<p><a class="more-link btn" href="https://blogsaverroes.juntadeandalucia.es/ceperdionisiomontero/centro/documentos/normativa-educacion-permanente/normativa/">Seguir leyendo</a></p>
