{"id":814,"date":"2023-05-30T17:15:43","date_gmt":"2023-05-30T16:15:43","guid":{"rendered":"https:\/\/blogsaverroes.juntadeandalucia.es\/ceperdoloresbernalmartinez\/?page_id=814"},"modified":"2023-06-08T17:12:50","modified_gmt":"2023-06-08T16:12:50","slug":"accesomayores25","status":"publish","type":"page","link":"https:\/\/blogsaverroes.juntadeandalucia.es\/ceperdoloresbernalmartinez\/accesomayores25\/","title":{"rendered":"accesomayores25"},"content":{"rendered":"<p>[et_pb_section fb_built=&#8221;1&#8243; admin_label=&#8221;section&#8221; _builder_version=&#8221;3.22&#8243; global_colors_info=&#8221;{}&#8221;][et_pb_row admin_label=&#8221;row&#8221; _builder_version=&#8221;3.25&#8243; background_size=&#8221;initial&#8221; background_position=&#8221;top_left&#8221; background_repeat=&#8221;repeat&#8221; global_colors_info=&#8221;{}&#8221;][et_pb_column type=&#8221;4_4&#8243; _builder_version=&#8221;3.25&#8243; custom_padding=&#8221;|||&#8221; global_colors_info=&#8221;{}&#8221; custom_padding__hover=&#8221;|||&#8221;][et_pb_image src=&#8221;https:\/\/blogsaverroes.juntadeandalucia.es\/ceperdoloresbernalmartinez\/files\/2023\/05\/mayores25.png&#8221; title_text=&#8221;mayores25&#8243; _builder_version=&#8221;4.14.5&#8243; _module_preset=&#8221;default&#8221; global_colors_info=&#8221;{}&#8221;][\/et_pb_image][\/et_pb_column][\/et_pb_row][et_pb_row _builder_version=&#8221;4.14.5&#8243; _module_preset=&#8221;default&#8221; global_colors_info=&#8221;{}&#8221;][et_pb_column type=&#8221;4_4&#8243; _builder_version=&#8221;4.14.5&#8243; _module_preset=&#8221;default&#8221; global_colors_info=&#8221;{}&#8221;][et_pb_divider _builder_version=&#8221;4.14.5&#8243; _module_preset=&#8221;default&#8221; global_colors_info=&#8221;{}&#8221;][\/et_pb_divider][\/et_pb_column][\/et_pb_row][et_pb_row _builder_version=&#8221;4.14.5&#8243; _module_preset=&#8221;default&#8221; global_colors_info=&#8221;{}&#8221;][et_pb_column type=&#8221;4_4&#8243; _builder_version=&#8221;4.14.5&#8243; _module_preset=&#8221;default&#8221; global_colors_info=&#8221;{}&#8221;][et_pb_text _builder_version=&#8221;4.14.5&#8243; _module_preset=&#8221;default&#8221; text_font_size=&#8221;20px&#8221; global_colors_info=&#8221;{}&#8221;]<\/p>\n<p>Si quieres hacer una carrera universitaria y no tienes el Bachiller, tendr\u00e1s que superar la Prueba de Acceso a la Universidad para Mayores de 25 a\u00f1os:<\/p>\n<ul>\n<li>Poder acceder a un grado universitario.<\/li>\n<li>Poder acceder a un ciclo de grado superior.<\/li>\n<li>Equivalencia Bachillerato a nivel laboral (hay que tener la ESO para ello).<\/li>\n<\/ul>\n<p>&nbsp;<\/p>\n<p>Esta prueba consiste de 5 ex\u00e1menes , 3 de la parte general y 2 ex\u00e1menes de la parte espec\u00edfica. No es necesario tener la ESO para poder presentarte.<\/p>\n<ul>\n<li>\n<p><strong>Fase General.<\/strong><span>\u00a0<\/span>Consta de los siguientes ejercicios: comentario de texto, Lengua Espa\u00f1ola y traducci\u00f3n de un texto en lengua extranjera.<\/p>\n<\/li>\n<li>\n<p><strong>Fase Espec\u00edfica.<\/strong><span>\u00a0<\/span>Los ejercicios se centran en las especialidades elegidas: Biolog\u00eda, Dibujo T\u00e9cnico, Econom\u00eda de la Empresa, F\u00edsica, Geograf\u00eda, Historia de la Filosof\u00eda, Historia General y del Arte, Lat\u00edn, Matem\u00e1ticas, Matem\u00e1ticas Aplicadas a las Ciencias Sociales y\u00a0Qu\u00edmica.<\/p>\n<\/li>\n<\/ul>\n<p>&nbsp;<\/p>\n<p>La prueba se supera si se obtiene cinco o m\u00e1s puntos en el promedio de las\u00a0calificaciones de las dos fases, siempre que en cada una de ellas se haya obtenido\u00a0por separado cuatro o m\u00e1s puntos.<\/p>\n<p>[\/et_pb_text][\/et_pb_column][\/et_pb_row][\/et_pb_section][et_pb_section fb_built=&#8221;1&#8243; _builder_version=&#8221;4.14.5&#8243; _module_preset=&#8221;default&#8221; min_height=&#8221;491px&#8221; custom_padding=&#8221;0px|||||&#8221; hover_enabled=&#8221;0&#8243; global_colors_info=&#8221;{}&#8221; background_color=&#8221;#EDF000&#8243; sticky_enabled=&#8221;0&#8243;][et_pb_row _builder_version=&#8221;4.14.5&#8243; _module_preset=&#8221;default&#8221; min_height=&#8221;288px&#8221; hover_enabled=&#8221;0&#8243; global_colors_info=&#8221;{}&#8221; sticky_enabled=&#8221;0&#8243;][et_pb_column type=&#8221;4_4&#8243; _builder_version=&#8221;4.14.5&#8243; _module_preset=&#8221;default&#8221; global_colors_info=&#8221;{}&#8221;][et_pb_blurb title=&#8221;\u00bfQuieres conocer los contenidos que se trabajan?&#8221; url=&#8221;https:\/\/www.juntadeandalucia.es\/economiaconocimientoempresasyuniversidad\/sguit\/?q=grados&amp;d=g_b_examenes_anteriores.php&amp;tipo=M25&#8243; url_new_window=&#8221;on&#8221; use_icon=&#8221;on&#8221; font_icon=&#8221;&#xf518;||fa||900&#8243; _builder_version=&#8221;4.14.5&#8243; _module_preset=&#8221;default&#8221; header_text_align=&#8221;center&#8221; header_font_size=&#8221;30px&#8221; body_text_align=&#8221;center&#8221; animation=&#8221;off&#8221; link_option_url_new_window=&#8221;on&#8221; header_text_shadow_style=&#8221;preset1&#8243; global_colors_info=&#8221;{}&#8221;]<\/p>\n<p>Aqu\u00ed podr\u00e1s acceder a los contenidos b\u00e1sicos de este Plan establecidos por la Junta de Andaluc\u00eda.<\/p>\n<p>[\/et_pb_blurb][\/et_pb_column][\/et_pb_row][\/et_pb_section]<\/p>\n","protected":false},"excerpt":{"rendered":"<p>Si quieres hacer una carrera universitaria y no tienes el Bachiller, tendr\u00e1s que superar la Prueba de Acceso a la Universidad para Mayores de 25 a\u00f1os: Poder acceder a un grado universitario. Poder acceder a un ciclo de grado superior. Equivalencia Bachillerato a nivel laboral (hay que tener la ESO para ello). &nbsp; Esta prueba [&hellip;]<\/p>\n","protected":false},"author":10822,"featured_media":821,"parent":0,"menu_order":0,"comment_status":"closed","ping_status":"closed","template":"","meta":{"_et_pb_use_builder":"on","_et_pb_old_content":"Si quieres hacer una carrera universitaria y no has cursado y superado el Bachiller, tendr\u00e1s que superar la Prueba de Acceso a la Universidad para Mayores de 25 a\u00f1os:\r\n<ul>\r\n \t<li>Poder acceder a un grado universitario.<\/li>\r\n \t<li>Poder acceder a un ciclo de grado superior.<\/li>\r\n \t<li>Equivalencia Bachillerato a nivel laboral (hay que tener la ESO previamente para ello)<\/li>\r\n<\/ul>\r\nEsta prueba consiste de 5 ex\u00e1menes , 3 de la parte com\u00fan y 2 ex\u00e1menes de la parte espec\u00edfica. No es necesario tener la ESO para poder presentarte.","_et_gb_content_width":"","ngg_post_thumbnail":0,"footnotes":""},"aioseo_notices":[],"_links":{"self":[{"href":"https:\/\/blogsaverroes.juntadeandalucia.es\/ceperdoloresbernalmartinez\/wp-json\/wp\/v2\/pages\/814"}],"collection":[{"href":"https:\/\/blogsaverroes.juntadeandalucia.es\/ceperdoloresbernalmartinez\/wp-json\/wp\/v2\/pages"}],"about":[{"href":"https:\/\/blogsaverroes.juntadeandalucia.es\/ceperdoloresbernalmartinez\/wp-json\/wp\/v2\/types\/page"}],"author":[{"embeddable":true,"href":"https:\/\/blogsaverroes.juntadeandalucia.es\/ceperdoloresbernalmartinez\/wp-json\/wp\/v2\/users\/10822"}],"replies":[{"embeddable":true,"href":"https:\/\/blogsaverroes.juntadeandalucia.es\/ceperdoloresbernalmartinez\/wp-json\/wp\/v2\/comments?post=814"}],"version-history":[{"count":6,"href":"https:\/\/blogsaverroes.juntadeandalucia.es\/ceperdoloresbernalmartinez\/wp-json\/wp\/v2\/pages\/814\/revisions"}],"predecessor-version":[{"id":875,"href":"https:\/\/blogsaverroes.juntadeandalucia.es\/ceperdoloresbernalmartinez\/wp-json\/wp\/v2\/pages\/814\/revisions\/875"}],"wp:featuredmedia":[{"embeddable":true,"href":"https:\/\/blogsaverroes.juntadeandalucia.es\/ceperdoloresbernalmartinez\/wp-json\/wp\/v2\/media\/821"}],"wp:attachment":[{"href":"https:\/\/blogsaverroes.juntadeandalucia.es\/ceperdoloresbernalmartinez\/wp-json\/wp\/v2\/media?parent=814"}],"curies":[{"name":"wp","href":"https:\/\/api.w.org\/{rel}","templated":true}]}}