{"id":2292,"date":"2016-06-01T17:55:41","date_gmt":"2016-06-01T15:55:41","guid":{"rendered":"http:\/\/blogsaverroes.juntadeandalucia.es\/ceperelarache\/?page_id=2292"},"modified":"2016-09-11T12:18:49","modified_gmt":"2016-09-11T10:18:49","slug":"matricula","status":"publish","type":"page","link":"https:\/\/blogsaverroes.juntadeandalucia.es\/ceperelarache\/matricula\/","title":{"rendered":"Admisi\u00f3n y matr\u00edcula"},"content":{"rendered":"<p>OFERTA EDUCATIVA PARA EL CURSO 2016-2017<\/p>\n<ul>\n<li>FORMACI\u00d3N B\u00c1SICA<\/li>\n<li>GRADUADO EN EDUCACI\u00d3N SECUNDARIA SEMIPRESENCIAL<\/li>\n<li>PREPARACI\u00d3N A LA PRUEBA LIBRE DE EDUCACI\u00d3N SECUNDARIA<\/li>\n<li>PREPARACI\u00d3N A LA PRUEBA DE ACCESO A LOS CICLOS FORMATIVOS<\/li>\n<li>PREPARACI\u00d3N A LA PRUEBA DE ACCESO A LA UNIVERSIDAD PARA MAYORES DE 25 Y 45 A\u00d1OS<\/li>\n<li>INFORM\u00c1TICA B\u00c1SICA<\/li>\n<li>INGL\u00c9S B\u00c1SICO<\/li>\n<\/ul>\n<p>EL PLAZO DE MATR\u00cdCULA ES DEL 1 AL 30 DE SEPTIEMBRE DE 2016<\/p>\n<p>RESERVA TU PLAZA DE LUNES A VIERNES DE 18:00 HORAS A 20:30 HORAS Y MARTES Y VIERNES DE 10:00 HORAS A 12:30 HORAS<\/p>\n<p>SECRETAR\u00cdA VIRTUAL:<br \/>\n<a href=\"https:\/\/www.juntadeandalucia.es\/educacion\/secretariavirtual\/\" target=\"_blank\">https:\/\/www.juntadeandalucia.es\/educacion\/secretariavirtual\/<\/a><\/p>\n","protected":false},"excerpt":{"rendered":"<p>OFERTA EDUCATIVA PARA EL CURSO 2016-2017 FORMACI\u00d3N B\u00c1SICA GRADUADO EN EDUCACI\u00d3N SECUNDARIA SEMIPRESENCIAL PREPARACI\u00d3N A LA PRUEBA LIBRE DE EDUCACI\u00d3N SECUNDARIA PREPARACI\u00d3N A LA PRUEBA DE ACCESO A LOS CICLOS FORMATIVOS PREPARACI\u00d3N A LA&#46;&#46;&#46;<\/p>\n","protected":false},"author":1992,"featured_media":0,"parent":0,"menu_order":0,"comment_status":"closed","ping_status":"closed","template":"","meta":{"ngg_post_thumbnail":0,"footnotes":"","_mc_calendar":[]},"aioseo_notices":[],"_links":{"self":[{"href":"https:\/\/blogsaverroes.juntadeandalucia.es\/ceperelarache\/wp-json\/wp\/v2\/pages\/2292"}],"collection":[{"href":"https:\/\/blogsaverroes.juntadeandalucia.es\/ceperelarache\/wp-json\/wp\/v2\/pages"}],"about":[{"href":"https:\/\/blogsaverroes.juntadeandalucia.es\/ceperelarache\/wp-json\/wp\/v2\/types\/page"}],"author":[{"embeddable":true,"href":"https:\/\/blogsaverroes.juntadeandalucia.es\/ceperelarache\/wp-json\/wp\/v2\/users\/1992"}],"replies":[{"embeddable":true,"href":"https:\/\/blogsaverroes.juntadeandalucia.es\/ceperelarache\/wp-json\/wp\/v2\/comments?post=2292"}],"version-history":[{"count":8,"href":"https:\/\/blogsaverroes.juntadeandalucia.es\/ceperelarache\/wp-json\/wp\/v2\/pages\/2292\/revisions"}],"predecessor-version":[{"id":2342,"href":"https:\/\/blogsaverroes.juntadeandalucia.es\/ceperelarache\/wp-json\/wp\/v2\/pages\/2292\/revisions\/2342"}],"wp:attachment":[{"href":"https:\/\/blogsaverroes.juntadeandalucia.es\/ceperelarache\/wp-json\/wp\/v2\/media?parent=2292"}],"curies":[{"name":"wp","href":"https:\/\/api.w.org\/{rel}","templated":true}]}}