{"id":42,"date":"2015-03-13T08:40:47","date_gmt":"2015-03-13T08:40:47","guid":{"rendered":"http:\/\/blogsaverroes.juntadeandalucia.es\/pre\/ceip\/?page_id=42"},"modified":"2024-11-29T08:43:17","modified_gmt":"2024-11-29T08:43:17","slug":"equipo-directivo","status":"publish","type":"page","link":"https:\/\/blogsaverroes.juntadeandalucia.es\/ceperelcastillo\/equipo-directivo\/","title":{"rendered":"Equipo directivo"},"content":{"rendered":"<p>Indicar quienes son las personas que componen el equipo directivo, fotos de los mismas, breve descripci\u00f3n de sus funciones, cu\u00e1l es el proyecto o modelo de centro que defienden, etc.<\/p>\n<p><strong>Direcci\u00f3n: Juan Antonio Berrio Iglesias<br \/>\n<\/strong><\/p>\n<p>El lugar donde imparte su actividad docente es en la aulas de \u00cdllora a los niveles educativos de T.A.E., Plan de Interculturalidad, Plan de Patrimonio Cultural Andaluz , Plan de Idiomas de Franc\u00e9s y Preparaci\u00f3n de la prueba de acceso a la Universidad para mayores de 45 a\u00f1os.<\/p>\n<p><strong>Jefatura de estudios: Manuel Garc\u00eda Cerezo<\/strong><\/p>\n<p>Imparte docencia en \u00cdllora y Alomartes para el Plan de Patrimonio Cultual Andaluz, TAE (\u00c1mbito Cient\u00edfico Tecnol\u00f3gico) en Toc\u00f3n. Este docente itinera para impartir docencia los desde \u00cdllora y el viernes se encuentra en \u00cdllora para realizar tareas de Jefatura.&nbsp;<\/p>\n<p><strong>Jefatura de estudios S.E.P. Mocl\u00edn:<\/strong> <strong>Cristina Sierra Mart\u00edn<\/strong><br \/>\nImparte docencia a grupos de planes de Patrimonio Andaluz y TIC, Plan de Salud y TAE \u00c1mbito Comunicativo y&nbsp; Preparaci\u00f3n para la prueba libre de grado medio T\u00e9cnico en cuidados auxiliar de enfermer\u00eda. Ostenta la jefatura de secci\u00f3n.<\/p>\n","protected":false},"excerpt":{"rendered":"<p>Indicar quienes son las personas que componen el equipo directivo, fotos de los mismas, breve descripci\u00f3n de sus funciones, cu\u00e1l es el proyecto o modelo de centro que defienden, etc. Direcci\u00f3n: Juan Antonio Berrio Iglesias El lugar donde imparte su actividad docente es en la aulas de \u00cdllora a los niveles educativos de T.A.E., Plan &hellip; <a href=\"https:\/\/blogsaverroes.juntadeandalucia.es\/ceperelcastillo\/equipo-directivo\/\" class=\"more-link\">Seguir leyendo <span class=\"screen-reader-text\">Equipo directivo<\/span> <span class=\"meta-nav\">&rarr;<\/span><\/a><\/p>\n","protected":false},"author":1,"featured_media":0,"parent":0,"menu_order":0,"comment_status":"closed","ping_status":"open","template":"","meta":{"ngg_post_thumbnail":0,"footnotes":"","_mc_calendar":[]},"aioseo_notices":[],"_links":{"self":[{"href":"https:\/\/blogsaverroes.juntadeandalucia.es\/ceperelcastillo\/wp-json\/wp\/v2\/pages\/42"}],"collection":[{"href":"https:\/\/blogsaverroes.juntadeandalucia.es\/ceperelcastillo\/wp-json\/wp\/v2\/pages"}],"about":[{"href":"https:\/\/blogsaverroes.juntadeandalucia.es\/ceperelcastillo\/wp-json\/wp\/v2\/types\/page"}],"author":[{"embeddable":true,"href":"https:\/\/blogsaverroes.juntadeandalucia.es\/ceperelcastillo\/wp-json\/wp\/v2\/users\/1"}],"replies":[{"embeddable":true,"href":"https:\/\/blogsaverroes.juntadeandalucia.es\/ceperelcastillo\/wp-json\/wp\/v2\/comments?post=42"}],"version-history":[{"count":9,"href":"https:\/\/blogsaverroes.juntadeandalucia.es\/ceperelcastillo\/wp-json\/wp\/v2\/pages\/42\/revisions"}],"predecessor-version":[{"id":4251,"href":"https:\/\/blogsaverroes.juntadeandalucia.es\/ceperelcastillo\/wp-json\/wp\/v2\/pages\/42\/revisions\/4251"}],"wp:attachment":[{"href":"https:\/\/blogsaverroes.juntadeandalucia.es\/ceperelcastillo\/wp-json\/wp\/v2\/media?parent=42"}],"curies":[{"name":"wp","href":"https:\/\/api.w.org\/{rel}","templated":true}]}}