{"id":44,"date":"2015-03-13T08:42:15","date_gmt":"2015-03-13T08:42:15","guid":{"rendered":"http:\/\/blogsaverroes.juntadeandalucia.es\/pre\/ceip\/?page_id=44"},"modified":"2022-10-24T13:18:20","modified_gmt":"2022-10-24T13:18:20","slug":"planes-y-proyectos","status":"publish","type":"page","link":"https:\/\/blogsaverroes.juntadeandalucia.es\/ceperelcastillo\/planes-y-proyectos\/","title":{"rendered":"Planes y Programas"},"content":{"rendered":"<form name=\"s2form\" method=\"post\" action=\"\"><input type=\"hidden\" name=\"ip\" value=\"10.227.200.5\" \/><span style=\"display:none !important\"><label for=\"firstname\">Leave This Blank:<\/label><input type=\"text\" id=\"firstname\" name=\"firstname\" \/><label for=\"lastname\">Leave This Blank Too:<\/label><input type=\"text\" id=\"lastname\" name=\"lastname\" \/><label for=\"uri\">Do Not Change This:<\/label><input type=\"text\" id=\"uri\" name=\"uri\" value=\"http:\/\/\" \/><\/span><p><label for=\"s2email\">Tu correo electr\u00f3nico:<\/label><br><input type=\"email\" name=\"email\" id=\"s2email\" value=\"Introduce tu direcci\u00f3n de correo electr\u00f3nico...\" size=\"20\" onfocus=\"if (this.value === 'Introduce tu direcci\u00f3n de correo electr\u00f3nico...') {this.value = '';}\" onblur=\"if (this.value === '') {this.value = 'Introduce tu direcci\u00f3n de correo electr\u00f3nico...';}\" \/><\/p><p><input type=\"submit\" name=\"subscribe\" value=\"Suscribirme\" \/>&nbsp;<input type=\"submit\" name=\"unsubscribe\" value=\"Cancelar suscripci\u00f3n\" \/><\/p><\/form>\r\n\n<p><img loading=\"lazy\" decoding=\"async\" class=\"alignnone size-medium wp-image-1667 alignright\" src=\"http:\/\/blogsaverroes.juntadeandalucia.es\/temafrontieries\/files\/2015\/03\/planes-300x150.png\" alt=\"planes\" width=\"300\" height=\"150\" srcset=\"https:\/\/blogsaverroes.juntadeandalucia.es\/ceperelcastillo\/files\/2015\/03\/planes-300x150.png 300w, https:\/\/blogsaverroes.juntadeandalucia.es\/ceperelcastillo\/files\/2015\/03\/planes.png 640w\" sizes=\"(max-width: 300px) 100vw, 300px\" \/><\/p>\n<p>Cada centro personaliza y adapta su Proyecto Educativo adheriendose a diferentes <strong>Planes y Programas<\/strong> promovidos desde la Consejer\u00eda de Educaci\u00f3n, Cultura y Deporte.<\/p>\n<ul>\n<li><strong>Plan de igualdad.<\/strong><\/li>\n<li><strong>Programa Espacio de Paz.<\/strong><\/li>\n<li><strong>Plan de Autoprotecci\u00f3n.<\/strong><\/li>\n<li><strong>Programa de Transformaci\u00f3n Digital.<\/strong><\/li>\n<li><strong>Plan de Biblioteca<\/strong><\/li>\n<li><strong>Programa de Alimentaci\u00f3n Saludable.<\/strong><\/li>\n<\/ul>\n<p><a title=\"Premios al M\u00e9rito 2016\" href=\"https:\/\/www.flickr.com\/gp\/136068452@N03\/aACu8f\" data-flickr-embed=\"true\"><img loading=\"lazy\" decoding=\"async\" src=\"https:\/\/c5.staticflickr.com\/6\/5832\/30020956884_0f61e41791_z.jpg\" alt=\"Premios al M\u00e9rito 2016\" width=\"640\" height=\"425\"><\/a><a href=\"\/\/embedr.flickr.com\/assets\/client-code.js\">\/\/embedr.flickr.com\/assets\/client-code.js<\/a><\/p>\n","protected":false},"excerpt":{"rendered":"<p>Cada centro personaliza y adapta su Proyecto Educativo adheriendose a diferentes Planes y Programas promovidos desde la Consejer\u00eda de Educaci\u00f3n, Cultura y Deporte. Plan de igualdad. Programa Espacio de Paz. Plan de Autoprotecci\u00f3n. Programa de Transformaci\u00f3n Digital. Plan de Biblioteca Programa de Alimentaci\u00f3n Saludable. \/\/embedr.flickr.com\/assets\/client-code.js<\/p>\n","protected":false},"author":1,"featured_media":0,"parent":0,"menu_order":0,"comment_status":"closed","ping_status":"closed","template":"","meta":{"ngg_post_thumbnail":0,"footnotes":"","_mc_calendar":[]},"aioseo_notices":[],"_links":{"self":[{"href":"https:\/\/blogsaverroes.juntadeandalucia.es\/ceperelcastillo\/wp-json\/wp\/v2\/pages\/44"}],"collection":[{"href":"https:\/\/blogsaverroes.juntadeandalucia.es\/ceperelcastillo\/wp-json\/wp\/v2\/pages"}],"about":[{"href":"https:\/\/blogsaverroes.juntadeandalucia.es\/ceperelcastillo\/wp-json\/wp\/v2\/types\/page"}],"author":[{"embeddable":true,"href":"https:\/\/blogsaverroes.juntadeandalucia.es\/ceperelcastillo\/wp-json\/wp\/v2\/users\/1"}],"replies":[{"embeddable":true,"href":"https:\/\/blogsaverroes.juntadeandalucia.es\/ceperelcastillo\/wp-json\/wp\/v2\/comments?post=44"}],"version-history":[{"count":29,"href":"https:\/\/blogsaverroes.juntadeandalucia.es\/ceperelcastillo\/wp-json\/wp\/v2\/pages\/44\/revisions"}],"predecessor-version":[{"id":3776,"href":"https:\/\/blogsaverroes.juntadeandalucia.es\/ceperelcastillo\/wp-json\/wp\/v2\/pages\/44\/revisions\/3776"}],"wp:attachment":[{"href":"https:\/\/blogsaverroes.juntadeandalucia.es\/ceperelcastillo\/wp-json\/wp\/v2\/media?parent=44"}],"curies":[{"name":"wp","href":"https:\/\/api.w.org\/{rel}","templated":true}]}}