{"id":174,"date":"2015-03-17T07:56:14","date_gmt":"2015-03-17T07:56:14","guid":{"rendered":"http:\/\/blogsaverroes.juntadeandalucia.es\/pre\/ceip\/?page_id=174"},"modified":"2020-06-08T17:52:38","modified_gmt":"2020-06-08T17:52:38","slug":"dibujo","status":"publish","type":"page","link":"https:\/\/blogsaverroes.juntadeandalucia.es\/ceperelenamartinvivaldi\/dibujo\/","title":{"rendered":"Prueba de Acceso a Ciclos Formativos de Grado Medio"},"content":{"rendered":"<p><strong>La prueba de Acceso a Ciclos Formativos de Grado Medio, p<\/strong>ermite el acceso a los ciclos formativos de grado medio a las personas que no poseen el t\u00edtulo de Graduado en Educaci\u00f3n Secundaria Obligatoria.<\/p>\n<p>El curso se compone de tres \u201casignaturas\u201d denominadas&nbsp;<strong><em>\u00e1mbitos<\/em><\/strong>:<\/p>\n<ul>\n<li><strong>\u00c1mbito de Comunicaci\u00f3n<\/strong>, con contenidos de Lengua castellana y Literatura e Ingl\u00e9s.<\/li>\n<li><strong>\u00c1mbito Social<\/strong><\/li>\n<li><strong>\u00c1mbito Cient\u00edfico-tecnol\u00f3gico.<\/strong><\/li>\n<\/ul>\n","protected":false},"excerpt":{"rendered":"<p>La prueba de Acceso a Ciclos Formativos de Grado Medio, permite el acceso a los ciclos formativos de grado medio a las personas que no poseen el t\u00edtulo de Graduado en Educaci\u00f3n Secundaria Obligatoria.&#46;&#46;&#46;<\/p>\n","protected":false},"author":1,"featured_media":0,"parent":0,"menu_order":0,"comment_status":"open","ping_status":"open","template":"page-templates\/child-menu.php","meta":{"ngg_post_thumbnail":0,"footnotes":"","_mc_calendar":[]},"aioseo_notices":[],"_links":{"self":[{"href":"https:\/\/blogsaverroes.juntadeandalucia.es\/ceperelenamartinvivaldi\/wp-json\/wp\/v2\/pages\/174"}],"collection":[{"href":"https:\/\/blogsaverroes.juntadeandalucia.es\/ceperelenamartinvivaldi\/wp-json\/wp\/v2\/pages"}],"about":[{"href":"https:\/\/blogsaverroes.juntadeandalucia.es\/ceperelenamartinvivaldi\/wp-json\/wp\/v2\/types\/page"}],"author":[{"embeddable":true,"href":"https:\/\/blogsaverroes.juntadeandalucia.es\/ceperelenamartinvivaldi\/wp-json\/wp\/v2\/users\/1"}],"replies":[{"embeddable":true,"href":"https:\/\/blogsaverroes.juntadeandalucia.es\/ceperelenamartinvivaldi\/wp-json\/wp\/v2\/comments?post=174"}],"version-history":[{"count":6,"href":"https:\/\/blogsaverroes.juntadeandalucia.es\/ceperelenamartinvivaldi\/wp-json\/wp\/v2\/pages\/174\/revisions"}],"predecessor-version":[{"id":2629,"href":"https:\/\/blogsaverroes.juntadeandalucia.es\/ceperelenamartinvivaldi\/wp-json\/wp\/v2\/pages\/174\/revisions\/2629"}],"wp:attachment":[{"href":"https:\/\/blogsaverroes.juntadeandalucia.es\/ceperelenamartinvivaldi\/wp-json\/wp\/v2\/media?parent=174"}],"curies":[{"name":"wp","href":"https:\/\/api.w.org\/{rel}","templated":true}]}}

<p><strong>La prueba de Acceso a Ciclos Formativos de Grado Medio, p</strong>ermite el acceso a los ciclos formativos de grado medio a las personas que no poseen el título de Graduado en Educación Secundaria Obligatoria.</p>
<p>El curso se compone de tres “asignaturas” denominadas&nbsp;<strong><em>ámbitos</em></strong>:</p>
<ul>
<li><strong>Ámbito de Comunicación</strong>, con contenidos de Lengua castellana y Literatura e Inglés.</li>
<li><strong>Ámbito Social</strong></li>
<li><strong>Ámbito Científico-tecnológico.</strong></li>
</ul>

<p>La prueba de Acceso a Ciclos Formativos de Grado Medio, permite el acceso a los ciclos formativos de grado medio a las personas que no poseen el título de Graduado en Educación Secundaria Obligatoria.&#46;&#46;&#46;</p>
