{"id":77,"date":"2015-03-16T06:54:56","date_gmt":"2015-03-16T06:54:56","guid":{"rendered":"http:\/\/blogsaverroes.juntadeandalucia.es\/pre\/ceip\/?page_id=77"},"modified":"2023-09-14T13:53:19","modified_gmt":"2023-09-14T13:53:19","slug":"secretaria","status":"publish","type":"page","link":"https:\/\/blogsaverroes.juntadeandalucia.es\/ceperelenamartinvivaldi\/secretaria\/","title":{"rendered":"Matriculaci\u00f3n"},"content":{"rendered":"<header class=\"entry-header\">\n<h1 class=\"entry-title\">Matr\u00edculas<\/h1>\n<\/header>\n<div class=\"entry-content\">\n<p><strong>LUGAR Y HORARIO DE ENTREGA DE MATR\u00cdCULAS<\/strong><\/p>\n<ul>\n<li>Ceper Elena Mart\u00edn Vivaldi en Calle Santa Fe de Bogot\u00e1 en Santa Fe.<\/li>\n<\/ul>\n<p>&nbsp; &nbsp; &nbsp; &nbsp; Tel\u00e9fonos de contacto 958 893988 &#8211; 689 341808 &#8211; 679 610748<\/p>\n<p>Puedes solicitar tu inscripci\u00f3n en alguno de nuestros planes educativos durante la primera quincena de junio de cada a\u00f1o, pero tambi\u00e9n se abre un plazo extraordinario de matr\u00edcula durante el mes de septiembre <strong>siempre que queden plazas libres<\/strong>. Fuera de plazo tambi\u00e9n es posible realizar la inscripci\u00f3n en caso de que hubiera vacantes.<\/p>\n<h4><span style=\"color: #0000ff\"><strong>PLAZOS DE INSCRIPCI\u00d3N:<\/strong><\/span><\/h4>\n<ul>\n<li><strong>ORDINARIO: Del 1 al 15 de junio.<\/strong>&nbsp;Despu\u00e9s de esta fecha se pueden entregar solicitudes siempre que existan plazas libres y se realizar\u00e1 la inscripci\u00f3n por riguroso orden de llegada.<\/li>\n<li><strong>EXTRAORDINARIO: Del 1 de septiembre al 15 de octubre&nbsp;<\/strong>si existen plazas escolares sin cubrir y se admitir\u00e1n las solicitudes por <span style=\"text-decoration: underline\">riguroso orden de llegada.<\/span> Despu\u00e9s del 15 de octubre se podr\u00e1n realizar inscripciones para cubrir las plazas que <span style=\"text-decoration: underline\">queden vacantes<\/span>.<\/li>\n<\/ul>\n<h4><span style=\"color: #0000ff\"><strong>REQUISITOS:<\/strong><\/span><\/h4>\n<ul>\n<li>Ser&nbsp;<strong>mayor de 18 a\u00f1os<\/strong> o cumplirlos durante el a\u00f1o&nbsp;<\/li>\n<li>Los requisitos acad\u00e9micos y\/o laborales que se indiquen en cada plan educativo.<\/li>\n<\/ul>\n<h4><span style=\"color: #0000ff\"><strong>DOCUMENTACI\u00d3N:<\/strong><\/span><\/h4>\n<ul>\n<li><strong>Solicitud de inscripci\u00f3n<\/strong>. Cumplimentar el impreso con tus datos y plan educativo de matr\u00edcula.<\/li>\n<li>Fotocopia del<strong>&nbsp;D.N.I.<\/strong>&nbsp;del&nbsp;<strong>N.I.E.&nbsp;<\/strong>o del&nbsp;<strong>pasaporte<\/strong>.<\/li>\n<\/ul>\n<p><em><span style=\"color: #000000\">En caso de la matriculaci\u00f3n de las Tutor\u00edas de Apoyo al Estudio es imprescindible hacer la matr\u00edcula tambi\u00e9n en <\/span><\/em><em><span style=\"color: #000000\">(pide informaci\u00f3n):&nbsp;<\/span><\/em><\/p>\n<ul>\n<li><em><span style=\"color: #000000\">Para TAE de ESA en el IES<\/span><\/em><\/li>\n<li><em><span style=\"color: #000000\">Para TAE de ingl\u00e9s en la EOI de Granada para A1-A2 y EOI de Loja para B1<\/span><\/em><\/li>\n<\/ul>\n<p><span style=\"color: #0000ff\"><strong>PROCEDIMIENTO<\/strong><\/span><\/p>\n<p><strong>Rellenar I<span style=\"text-decoration: underline\"><span style=\"color: #000000;text-decoration: underline\">mpreso de matr\u00edcula<\/span><\/span><span style=\"color: #000000\">&nbsp;<\/span><\/strong><\/p>\n<p>Puedes recogerlo en el centro o rellenarlo online e imprimirlo antes de ir al centro.<\/p>\n<p><strong>Al entregar el formulario de matr\u00edcula en el Ceper se debe adjuntar:<\/strong><\/p>\n<ul>\n<li><strong>Impreso de matr\u00edcula cumplimentado&nbsp;<\/strong><\/li>\n<li><strong>Foto del DNI o Pasaporte <\/strong>Importante!!!&nbsp;&nbsp;<\/li>\n<\/ul>\n<p><strong>*&nbsp; I<span style=\"color: #008000\">nstrucciones de ayuda para cumplimentar el Modelo oficial<\/span><\/strong><span style=\"color: #008000\"> de impreso de matr\u00edcula, disponible en la p\u00e1gina de la junta de Andaluc\u00eda: <a style=\"color: #008000\" href=\"https:\/\/www.juntadeandalucia.es\/educacion\/portals\/web\/educacion-permanente\/planes\/impresos\">https:\/\/www.juntadeandalucia.es\/educacion\/portals\/web\/educacion-permanente\/planes\/impresos<\/a>.<\/span><\/p>\n<p>El horario ser\u00e1:<\/p>\n<p>&nbsp; ma\u00f1anas 10:00 a 13:00 Martes, Mi\u00e9rcoles, Jueves y Viernes<\/p>\n<p>&nbsp; tardes de 17:00 a 20:00 Lunes, Martes, Mi\u00e9rcoles y Jueves<\/p>\n<p><strong>&nbsp;Tel\u00e9fonos de contacto 958 893988 &#8211; 689 341808 &#8211; 679 610748<\/strong><\/p>\n<p>Nota: Recuerda que en Educaci\u00f3n Permanente <strong>es posible matricularse en un m\u00e1ximo de dos opciones de la oferta educativa y los grupos tienen un m\u00e1ximo de plazas. <\/strong>Las solicitudes se realizar\u00e1n en dos impresos y se dar\u00e1 preferencia por orden de fecha de matriculaci\u00f3n.<\/p>\n<\/div>\n","protected":false},"excerpt":{"rendered":"<p>Matr\u00edculas LUGAR Y HORARIO DE ENTREGA DE MATR\u00cdCULAS Ceper Elena Mart\u00edn Vivaldi en Calle Santa Fe de Bogot\u00e1 en Santa Fe. &nbsp; &nbsp; &nbsp; &nbsp; Tel\u00e9fonos de contacto 958 893988 &#8211; 689 341808 &#8211;&#46;&#46;&#46;<\/p>\n","protected":false},"author":1,"featured_media":0,"parent":0,"menu_order":0,"comment_status":"open","ping_status":"open","template":"page-templates\/child-menu.php","meta":{"ngg_post_thumbnail":0,"footnotes":"","_mc_calendar":[]},"aioseo_notices":[],"_links":{"self":[{"href":"https:\/\/blogsaverroes.juntadeandalucia.es\/ceperelenamartinvivaldi\/wp-json\/wp\/v2\/pages\/77"}],"collection":[{"href":"https:\/\/blogsaverroes.juntadeandalucia.es\/ceperelenamartinvivaldi\/wp-json\/wp\/v2\/pages"}],"about":[{"href":"https:\/\/blogsaverroes.juntadeandalucia.es\/ceperelenamartinvivaldi\/wp-json\/wp\/v2\/types\/page"}],"author":[{"embeddable":true,"href":"https:\/\/blogsaverroes.juntadeandalucia.es\/ceperelenamartinvivaldi\/wp-json\/wp\/v2\/users\/1"}],"replies":[{"embeddable":true,"href":"https:\/\/blogsaverroes.juntadeandalucia.es\/ceperelenamartinvivaldi\/wp-json\/wp\/v2\/comments?post=77"}],"version-history":[{"count":23,"href":"https:\/\/blogsaverroes.juntadeandalucia.es\/ceperelenamartinvivaldi\/wp-json\/wp\/v2\/pages\/77\/revisions"}],"predecessor-version":[{"id":3056,"href":"https:\/\/blogsaverroes.juntadeandalucia.es\/ceperelenamartinvivaldi\/wp-json\/wp\/v2\/pages\/77\/revisions\/3056"}],"wp:attachment":[{"href":"https:\/\/blogsaverroes.juntadeandalucia.es\/ceperelenamartinvivaldi\/wp-json\/wp\/v2\/media?parent=77"}],"curies":[{"name":"wp","href":"https:\/\/api.w.org\/{rel}","templated":true}]}}