{"id":2678,"date":"2020-04-22T11:15:37","date_gmt":"2020-04-22T11:15:37","guid":{"rendered":"https:\/\/blogsaverroes.juntadeandalucia.es\/ceperelperejil\/?page_id=2678"},"modified":"2020-05-04T10:17:37","modified_gmt":"2020-05-04T10:17:37","slug":"ensenanzas","status":"publish","type":"page","link":"https:\/\/blogsaverroes.juntadeandalucia.es\/ceperelperejil\/ensenanzas\/","title":{"rendered":"Ense\u00f1anzas"},"content":{"rendered":"<p><span style=\"font-family: 'times new roman', times, serif;font-size: 14pt\">En&nbsp; el C.E.PER. El PEREJIL la oferta de Planes No formales es la siguiente:<\/span><\/p>\n<p>&nbsp;<\/p>\n<p><span style=\"font-family: 'times new roman', times, serif;font-size: 14pt\"><strong>PLANES PARA LA CONSECUCI\u00d3N DE UNA TITULACI\u00d3N B\u00c1SICA: ESO.<\/strong><\/span><\/p>\n<ul>\n<li><span style=\"font-family: 'times new roman', times, serif;font-size: 14pt\">PREPARACI\u00d3N PARA LA PRUEBA LIBRE.<\/span><\/li>\n<li><span style=\"font-family: 'times new roman', times, serif;font-size: 14pt\">TUTOR\u00cdAS DE APOYO AL ESTUDIO (ESPA-TAE).<\/span><\/li>\n<\/ul>\n<p><span style=\"font-family: 'times new roman', times, serif;font-size: 14pt\"><strong>PLAN EDUCATIVO DE FORMACI\u00d3N B\u00c1SICA.<\/strong><\/span><\/p>\n<p><span style=\"font-family: 'times new roman', times, serif;font-size: 14pt\"><strong>PLANES PARA EL FOMENTO DE LA CIUDADAN\u00cdA ACTIVA.<\/strong><\/span><\/p>\n<ul>\n<li><span style=\"font-family: 'times new roman', times, serif;font-size: 14pt\">USO B\u00c1SICO DE IDIOMAS EXTRANJEROS: INGL\u00c9S.<\/span><\/li>\n<li><span style=\"font-family: 'times new roman', times, serif;font-size: 14pt\">USO B\u00c1SICO DE TECNOLOG\u00cdAS DE LA INFORMACI\u00d3N Y LA COMUNICACI\u00d3N.<\/span><\/li>\n<li><span style=\"font-family: 'times new roman', times, serif;font-size: 14pt\">H\u00c1BITOS DE VIDA SALUDABLE.<\/span><\/li>\n<\/ul>\n<p>&nbsp;<\/p>\n<p><a href=\"https:\/\/blogsaverroes.juntadeandalucia.es\/ceperelperejil\/files\/2020\/04\/ubicaciones-ense\u00f1anzas.jpg\"><img loading=\"lazy\" decoding=\"async\" class=\"size-medium wp-image-2830 aligncenter\" src=\"https:\/\/blogsaverroes.juntadeandalucia.es\/ceperelperejil\/files\/2020\/04\/ubicaciones-ense\u00f1anzas-300x196.jpg\" alt=\"\" width=\"300\" height=\"196\" srcset=\"https:\/\/blogsaverroes.juntadeandalucia.es\/ceperelperejil\/files\/2020\/04\/ubicaciones-ense\u00f1anzas-300x196.jpg 300w, https:\/\/blogsaverroes.juntadeandalucia.es\/ceperelperejil\/files\/2020\/04\/ubicaciones-ense\u00f1anzas-24x16.jpg 24w, https:\/\/blogsaverroes.juntadeandalucia.es\/ceperelperejil\/files\/2020\/04\/ubicaciones-ense\u00f1anzas-36x24.jpg 36w, https:\/\/blogsaverroes.juntadeandalucia.es\/ceperelperejil\/files\/2020\/04\/ubicaciones-ense\u00f1anzas-48x31.jpg 48w, https:\/\/blogsaverroes.juntadeandalucia.es\/ceperelperejil\/files\/2020\/04\/ubicaciones-ense\u00f1anzas.jpg 729w\" sizes=\"(max-width: 300px) 100vw, 300px\" \/><\/a><\/p>\n<p><span style=\"font-size: 14pt\">C<\/span><span style=\"font-family: 'times new roman', times, serif;font-size: 14pt\">on toda esta variedad de ubicaciones y de horarios, la direcci\u00f3n y el profesorado pretenden atender al mayor n\u00famero posible de alumnado y ofrecer un amplio abanico de posibilidades para mejorar su formaci\u00f3n.<\/span><\/p>\n","protected":false},"excerpt":{"rendered":"<p>En&nbsp; el C.E.PER. El PEREJIL la oferta de Planes No formales es la siguiente: &nbsp; PLANES PARA LA CONSECUCI\u00d3N DE UNA TITULACI\u00d3N B\u00c1SICA: ESO. PREPARACI\u00d3N PARA LA PRUEBA LIBRE. TUTOR\u00cdAS DE APOYO AL ESTUDIO&#46;&#46;&#46;<\/p>\n","protected":false},"author":9788,"featured_media":0,"parent":0,"menu_order":0,"comment_status":"closed","ping_status":"closed","template":"","meta":{"ngg_post_thumbnail":0,"footnotes":"","_mc_calendar":[]},"aioseo_notices":[],"_links":{"self":[{"href":"https:\/\/blogsaverroes.juntadeandalucia.es\/ceperelperejil\/wp-json\/wp\/v2\/pages\/2678"}],"collection":[{"href":"https:\/\/blogsaverroes.juntadeandalucia.es\/ceperelperejil\/wp-json\/wp\/v2\/pages"}],"about":[{"href":"https:\/\/blogsaverroes.juntadeandalucia.es\/ceperelperejil\/wp-json\/wp\/v2\/types\/page"}],"author":[{"embeddable":true,"href":"https:\/\/blogsaverroes.juntadeandalucia.es\/ceperelperejil\/wp-json\/wp\/v2\/users\/9788"}],"replies":[{"embeddable":true,"href":"https:\/\/blogsaverroes.juntadeandalucia.es\/ceperelperejil\/wp-json\/wp\/v2\/comments?post=2678"}],"version-history":[{"count":4,"href":"https:\/\/blogsaverroes.juntadeandalucia.es\/ceperelperejil\/wp-json\/wp\/v2\/pages\/2678\/revisions"}],"predecessor-version":[{"id":2911,"href":"https:\/\/blogsaverroes.juntadeandalucia.es\/ceperelperejil\/wp-json\/wp\/v2\/pages\/2678\/revisions\/2911"}],"wp:attachment":[{"href":"https:\/\/blogsaverroes.juntadeandalucia.es\/ceperelperejil\/wp-json\/wp\/v2\/media?parent=2678"}],"curies":[{"name":"wp","href":"https:\/\/api.w.org\/{rel}","templated":true}]}}

Enseñanzas

<p><span style="font-family: 'times new roman', times, serif;font-size: 14pt">En&nbsp; el C.E.PER. El PEREJIL la oferta de Planes No formales es la siguiente:</span></p>
<p>&nbsp;</p>
<p><span style="font-family: 'times new roman', times, serif;font-size: 14pt"><strong>PLANES PARA LA CONSECUCIÓN DE UNA TITULACIÓN BÁSICA: ESO.</strong></span></p>
<ul>
<li><span style="font-family: 'times new roman', times, serif;font-size: 14pt">PREPARACIÓN PARA LA PRUEBA LIBRE.</span></li>
<li><span style="font-family: 'times new roman', times, serif;font-size: 14pt">TUTORÍAS DE APOYO AL ESTUDIO (ESPA-TAE).</span></li>
</ul>
<p><span style="font-family: 'times new roman', times, serif;font-size: 14pt"><strong>PLAN EDUCATIVO DE FORMACIÓN BÁSICA.</strong></span></p>
<p><span style="font-family: 'times new roman', times, serif;font-size: 14pt"><strong>PLANES PARA EL FOMENTO DE LA CIUDADANÍA ACTIVA.</strong></span></p>
<ul>
<li><span style="font-family: 'times new roman', times, serif;font-size: 14pt">USO BÁSICO DE IDIOMAS EXTRANJEROS: INGLÉS.</span></li>
<li><span style="font-family: 'times new roman', times, serif;font-size: 14pt">USO BÁSICO DE TECNOLOGÍAS DE LA INFORMACIÓN Y LA COMUNICACIÓN.</span></li>
<li><span style="font-family: 'times new roman', times, serif;font-size: 14pt">HÁBITOS DE VIDA SALUDABLE.</span></li>
</ul>
<p>&nbsp;</p>
<p><a href="https://blogsaverroes.juntadeandalucia.es/ceperelperejil/files/2020/04/ubicaciones-enseñanzas.jpg"><img loading="lazy" decoding="async" class="size-medium wp-image-2830 aligncenter" src="https://blogsaverroes.juntadeandalucia.es/ceperelperejil/files/2020/04/ubicaciones-enseñanzas-300x196.jpg" alt="" width="300" height="196" srcset="https://blogsaverroes.juntadeandalucia.es/ceperelperejil/files/2020/04/ubicaciones-enseñanzas-300x196.jpg 300w, https://blogsaverroes.juntadeandalucia.es/ceperelperejil/files/2020/04/ubicaciones-enseñanzas-24x16.jpg 24w, https://blogsaverroes.juntadeandalucia.es/ceperelperejil/files/2020/04/ubicaciones-enseñanzas-36x24.jpg 36w, https://blogsaverroes.juntadeandalucia.es/ceperelperejil/files/2020/04/ubicaciones-enseñanzas-48x31.jpg 48w, https://blogsaverroes.juntadeandalucia.es/ceperelperejil/files/2020/04/ubicaciones-enseñanzas.jpg 729w" sizes="(max-width: 300px) 100vw, 300px" /></a></p>
<p><span style="font-size: 14pt">C</span><span style="font-family: 'times new roman', times, serif;font-size: 14pt">on toda esta variedad de ubicaciones y de horarios, la dirección y el profesorado pretenden atender al mayor número posible de alumnado y ofrecer un amplio abanico de posibilidades para mejorar su formación.</span></p>

<p>En&nbsp; el C.E.PER. El PEREJIL la oferta de Planes No formales es la siguiente: &nbsp; PLANES PARA LA CONSECUCIÓN DE UNA TITULACIÓN BÁSICA: ESO. PREPARACIÓN PARA LA PRUEBA LIBRE. TUTORÍAS DE APOYO AL ESTUDIO&#46;&#46;&#46;</p>
