{"id":2848,"date":"2020-04-29T10:07:37","date_gmt":"2020-04-29T10:07:37","guid":{"rendered":"https:\/\/blogsaverroes.juntadeandalucia.es\/ceperelperejil\/?page_id=2848"},"modified":"2020-05-07T15:50:02","modified_gmt":"2020-05-07T15:50:02","slug":"datos-del-centro","status":"publish","type":"page","link":"https:\/\/blogsaverroes.juntadeandalucia.es\/ceperelperejil\/datos-del-centro\/","title":{"rendered":"Datos del Centro"},"content":{"rendered":"<h1 style=\"text-align: center\"><span style=\"color: #ff6600;font-family: verdana, geneva, sans-serif\"><strong>DATOS DEL CENTRO<\/strong><\/span><\/h1>\n<p><span style=\"font-family: verdana, geneva, sans-serif;font-size: 14pt\"><em><strong><span style=\"color: #000000\">Datos de contacto<\/span><\/strong><\/em><\/span><\/p>\n<p><span style=\"font-family: verdana, geneva, sans-serif;font-size: 14pt\">C.E.PER. El Perejil<\/span><\/p>\n<p><span style=\"font-family: verdana, geneva, sans-serif;font-size: 14pt\"><strong>Direcci\u00f3n<\/strong>: Biblioteca P\u00fablica Jos\u00e9 Manuel Lara. Plaza del Perejil s\/n&nbsp; &nbsp; &nbsp;<\/span><\/p>\n<p><span style=\"font-family: verdana, geneva, sans-serif;font-size: 14pt\">Alcal\u00e1 de Guada\u00edra (Sevilla)&nbsp; CP:41500<\/span><\/p>\n<p><span style=\"font-family: verdana, geneva, sans-serif;font-size: 14pt\"><strong>Tel\u00e9fonos:<\/strong> 955656846 \/ 671598731 \/ 671598732<\/span><\/p>\n<p><span style=\"font-family: verdana, geneva, sans-serif;font-size: 14pt\"><strong>Email:&nbsp;<\/strong>41500232.edu@juntadeandalucia.es<\/span><\/p>\n<p>&nbsp;<\/p>\n<p><span style=\"font-family: verdana, geneva, sans-serif;font-size: 14pt\"><em><strong>Horario de atenci\u00f3n al p\u00fablico<\/strong><\/em><\/span><\/p>\n<p><span style=\"font-family: verdana, geneva, sans-serif;font-size: 14pt\">Martes y viernes de 11:00 a 13:00 h.<\/span><\/p>\n","protected":false},"excerpt":{"rendered":"<p>DATOS DEL CENTRO Datos de contacto C.E.PER. El Perejil Direcci\u00f3n: Biblioteca P\u00fablica Jos\u00e9 Manuel Lara. Plaza del Perejil s\/n&nbsp; &nbsp; &nbsp; Alcal\u00e1 de Guada\u00edra (Sevilla)&nbsp; CP:41500 Tel\u00e9fonos: 955656846 \/ 671598731 \/ 671598732 Email:&nbsp;41500232.edu@juntadeandalucia.es &nbsp;&#46;&#46;&#46;<\/p>\n","protected":false},"author":9788,"featured_media":0,"parent":0,"menu_order":0,"comment_status":"closed","ping_status":"closed","template":"","meta":{"ngg_post_thumbnail":0,"footnotes":"","_mc_calendar":[]},"aioseo_notices":[],"_links":{"self":[{"href":"https:\/\/blogsaverroes.juntadeandalucia.es\/ceperelperejil\/wp-json\/wp\/v2\/pages\/2848"}],"collection":[{"href":"https:\/\/blogsaverroes.juntadeandalucia.es\/ceperelperejil\/wp-json\/wp\/v2\/pages"}],"about":[{"href":"https:\/\/blogsaverroes.juntadeandalucia.es\/ceperelperejil\/wp-json\/wp\/v2\/types\/page"}],"author":[{"embeddable":true,"href":"https:\/\/blogsaverroes.juntadeandalucia.es\/ceperelperejil\/wp-json\/wp\/v2\/users\/9788"}],"replies":[{"embeddable":true,"href":"https:\/\/blogsaverroes.juntadeandalucia.es\/ceperelperejil\/wp-json\/wp\/v2\/comments?post=2848"}],"version-history":[{"count":6,"href":"https:\/\/blogsaverroes.juntadeandalucia.es\/ceperelperejil\/wp-json\/wp\/v2\/pages\/2848\/revisions"}],"predecessor-version":[{"id":2930,"href":"https:\/\/blogsaverroes.juntadeandalucia.es\/ceperelperejil\/wp-json\/wp\/v2\/pages\/2848\/revisions\/2930"}],"wp:attachment":[{"href":"https:\/\/blogsaverroes.juntadeandalucia.es\/ceperelperejil\/wp-json\/wp\/v2\/media?parent=2848"}],"curies":[{"name":"wp","href":"https:\/\/api.w.org\/{rel}","templated":true}]}}

<h1 style="text-align: center"><span style="color: #ff6600;font-family: verdana, geneva, sans-serif"><strong>DATOS DEL CENTRO</strong></span></h1>
<p><span style="font-family: verdana, geneva, sans-serif;font-size: 14pt"><em><strong><span style="color: #000000">Datos de contacto</span></strong></em></span></p>
<p><span style="font-family: verdana, geneva, sans-serif;font-size: 14pt">C.E.PER. El Perejil</span></p>
<p><span style="font-family: verdana, geneva, sans-serif;font-size: 14pt"><strong>Dirección</strong>: Biblioteca Pública José Manuel Lara. Plaza del Perejil s/n&nbsp; &nbsp; &nbsp;</span></p>
<p><span style="font-family: verdana, geneva, sans-serif;font-size: 14pt">Alcalá de Guadaíra (Sevilla)&nbsp; CP:41500</span></p>
<p><span style="font-family: verdana, geneva, sans-serif;font-size: 14pt"><strong>Teléfonos:</strong> 955656846 / 671598731 / 671598732</span></p>
<p><span style="font-family: verdana, geneva, sans-serif;font-size: 14pt"><strong>Email:&nbsp;</strong>41500232.edu@juntadeandalucia.es</span></p>
<p>&nbsp;</p>
<p><span style="font-family: verdana, geneva, sans-serif;font-size: 14pt"><em><strong>Horario de atención al público</strong></em></span></p>
<p><span style="font-family: verdana, geneva, sans-serif;font-size: 14pt">Martes y viernes de 11:00 a 13:00 h.</span></p>

<p>DATOS DEL CENTRO Datos de contacto C.E.PER. El Perejil Dirección: Biblioteca Pública José Manuel Lara. Plaza del Perejil s/n&nbsp; &nbsp; &nbsp; Alcalá de Guadaíra (Sevilla)&nbsp; CP:41500 Teléfonos: 955656846 / 671598731 / 671598732 Email:&nbsp;41500232.edu@juntadeandalucia.es &nbsp;&#46;&#46;&#46;</p>
