{"id":2855,"date":"2020-04-29T10:45:59","date_gmt":"2020-04-29T10:45:59","guid":{"rendered":"https:\/\/blogsaverroes.juntadeandalucia.es\/ceperelperejil\/?page_id=2855"},"modified":"2023-09-01T09:20:33","modified_gmt":"2023-09-01T07:20:33","slug":"calendario-escolar","status":"publish","type":"page","link":"https:\/\/blogsaverroes.juntadeandalucia.es\/ceperelperejil\/calendario-escolar\/","title":{"rendered":"Calendario escolar"},"content":{"rendered":"<header class=\"entry-header\">\n<h1 class=\"entry-title\" style=\"text-align: center\"><span style=\"font-family: verdana, geneva, sans-serif\"><strong><span style=\"color: #000080\">CALENDARIO ESCOLAR<\/span><\/strong><\/span><\/h1>\n<\/header>\n<div class=\"entry-content\">\n<p>&nbsp;<\/p>\n<p style=\"text-align: center\"><span style=\"font-family: verdana, geneva, sans-serif;font-size: 18pt\"><em><strong><span style=\"color: #000000\"><a style=\"color: #000000\" href=\"http:\/\/www.juntadeandalucia.es\/educacion\/portals\/delegate\/content\/5cc0b03a-9a3c-4b57-afa9-7ee7fc0dda2d\">CALENDARIO 2023\/24<\/a><\/span><\/strong><\/em><\/span><\/p>\n<p style=\"text-align: justify\">\n<em><strong>RESOLUCI\u00d3N DE LA DELEGACI\u00d3N TERRITORIAL DE DESARROLLO EDUCATIVO Y FORMACI\u00d3N PROFESIONAL Y UNIVERSIDAD, INVESTIGACI\u00d3N E INNOVACI\u00d3N DE SEVILLA, POR LA QUE SE APRUEBA EL CALENDARIO Y LA JORNADA ESCOLAR EN LOS CENTROS DOCENTES NO UNIVERSITARIOS PARA EL CURSO ACAD\u00c9MICO 2023\/2024.<\/strong><\/em><\/p>\n<p><a href=\"https:\/\/blogsaverroes.juntadeandalucia.es\/ceperelperejil\/files\/2023\/09\/Calendario-Escolar-2023_2024_page-0001.jpg\"><img loading=\"lazy\" decoding=\"async\" class=\"alignleft size-large wp-image-3110\" src=\"https:\/\/blogsaverroes.juntadeandalucia.es\/ceperelperejil\/files\/2023\/09\/Calendario-Escolar-2023_2024_page-0001-724x1024.jpg\" alt=\"\" width=\"724\" height=\"1024\" srcset=\"https:\/\/blogsaverroes.juntadeandalucia.es\/ceperelperejil\/files\/2023\/09\/Calendario-Escolar-2023_2024_page-0001-724x1024.jpg 724w, https:\/\/blogsaverroes.juntadeandalucia.es\/ceperelperejil\/files\/2023\/09\/Calendario-Escolar-2023_2024_page-0001-212x300.jpg 212w, https:\/\/blogsaverroes.juntadeandalucia.es\/ceperelperejil\/files\/2023\/09\/Calendario-Escolar-2023_2024_page-0001-768x1086.jpg 768w, https:\/\/blogsaverroes.juntadeandalucia.es\/ceperelperejil\/files\/2023\/09\/Calendario-Escolar-2023_2024_page-0001-1086x1536.jpg 1086w, https:\/\/blogsaverroes.juntadeandalucia.es\/ceperelperejil\/files\/2023\/09\/Calendario-Escolar-2023_2024_page-0001.jpg 1131w\" sizes=\"(max-width: 724px) 100vw, 724px\" \/><\/a><\/p>\n<\/div>\n","protected":false},"excerpt":{"rendered":"<p>CALENDARIO ESCOLAR &nbsp; CALENDARIO 2023\/24 RESOLUCI\u00d3N DE LA DELEGACI\u00d3N TERRITORIAL DE DESARROLLO EDUCATIVO Y FORMACI\u00d3N PROFESIONAL Y UNIVERSIDAD, INVESTIGACI\u00d3N E INNOVACI\u00d3N DE SEVILLA, POR LA QUE SE APRUEBA EL CALENDARIO Y LA JORNADA ESCOLAR&#46;&#46;&#46;<\/p>\n","protected":false},"author":9788,"featured_media":0,"parent":0,"menu_order":0,"comment_status":"closed","ping_status":"closed","template":"","meta":{"ngg_post_thumbnail":0,"footnotes":"","_mc_calendar":[]},"aioseo_notices":[],"_links":{"self":[{"href":"https:\/\/blogsaverroes.juntadeandalucia.es\/ceperelperejil\/wp-json\/wp\/v2\/pages\/2855"}],"collection":[{"href":"https:\/\/blogsaverroes.juntadeandalucia.es\/ceperelperejil\/wp-json\/wp\/v2\/pages"}],"about":[{"href":"https:\/\/blogsaverroes.juntadeandalucia.es\/ceperelperejil\/wp-json\/wp\/v2\/types\/page"}],"author":[{"embeddable":true,"href":"https:\/\/blogsaverroes.juntadeandalucia.es\/ceperelperejil\/wp-json\/wp\/v2\/users\/9788"}],"replies":[{"embeddable":true,"href":"https:\/\/blogsaverroes.juntadeandalucia.es\/ceperelperejil\/wp-json\/wp\/v2\/comments?post=2855"}],"version-history":[{"count":11,"href":"https:\/\/blogsaverroes.juntadeandalucia.es\/ceperelperejil\/wp-json\/wp\/v2\/pages\/2855\/revisions"}],"predecessor-version":[{"id":3111,"href":"https:\/\/blogsaverroes.juntadeandalucia.es\/ceperelperejil\/wp-json\/wp\/v2\/pages\/2855\/revisions\/3111"}],"wp:attachment":[{"href":"https:\/\/blogsaverroes.juntadeandalucia.es\/ceperelperejil\/wp-json\/wp\/v2\/media?parent=2855"}],"curies":[{"name":"wp","href":"https:\/\/api.w.org\/{rel}","templated":true}]}}

<header class="entry-header">
<h1 class="entry-title" style="text-align: center"><span style="font-family: verdana, geneva, sans-serif"><strong><span style="color: #000080">CALENDARIO ESCOLAR</span></strong></span></h1>
</header>
<div class="entry-content">
<p>&nbsp;</p>
<p style="text-align: center"><span style="font-family: verdana, geneva, sans-serif;font-size: 18pt"><em><strong><span style="color: #000000"><a style="color: #000000" href="http://www.juntadeandalucia.es/educacion/portals/delegate/content/5cc0b03a-9a3c-4b57-afa9-7ee7fc0dda2d">CALENDARIO 2023/24</a></span></strong></em></span></p>
<p style="text-align: justify">
<em><strong>RESOLUCIÓN DE LA DELEGACIÓN TERRITORIAL DE DESARROLLO EDUCATIVO Y FORMACIÓN PROFESIONAL Y UNIVERSIDAD, INVESTIGACIÓN E INNOVACIÓN DE SEVILLA, POR LA QUE SE APRUEBA EL CALENDARIO Y LA JORNADA ESCOLAR EN LOS CENTROS DOCENTES NO UNIVERSITARIOS PARA EL CURSO ACADÉMICO 2023/2024.</strong></em></p>
<p><a href="https://blogsaverroes.juntadeandalucia.es/ceperelperejil/files/2023/09/Calendario-Escolar-2023_2024_page-0001.jpg"><img loading="lazy" decoding="async" class="alignleft size-large wp-image-3110" src="https://blogsaverroes.juntadeandalucia.es/ceperelperejil/files/2023/09/Calendario-Escolar-2023_2024_page-0001-724x1024.jpg" alt="" width="724" height="1024" srcset="https://blogsaverroes.juntadeandalucia.es/ceperelperejil/files/2023/09/Calendario-Escolar-2023_2024_page-0001-724x1024.jpg 724w, https://blogsaverroes.juntadeandalucia.es/ceperelperejil/files/2023/09/Calendario-Escolar-2023_2024_page-0001-212x300.jpg 212w, https://blogsaverroes.juntadeandalucia.es/ceperelperejil/files/2023/09/Calendario-Escolar-2023_2024_page-0001-768x1086.jpg 768w, https://blogsaverroes.juntadeandalucia.es/ceperelperejil/files/2023/09/Calendario-Escolar-2023_2024_page-0001-1086x1536.jpg 1086w, https://blogsaverroes.juntadeandalucia.es/ceperelperejil/files/2023/09/Calendario-Escolar-2023_2024_page-0001.jpg 1131w" sizes="(max-width: 724px) 100vw, 724px" /></a></p>
</div>

<p>CALENDARIO ESCOLAR &nbsp; CALENDARIO 2023/24 RESOLUCIÓN DE LA DELEGACIÓN TERRITORIAL DE DESARROLLO EDUCATIVO Y FORMACIÓN PROFESIONAL Y UNIVERSIDAD, INVESTIGACIÓN E INNOVACIÓN DE SEVILLA, POR LA QUE SE APRUEBA EL CALENDARIO Y LA JORNADA ESCOLAR&#46;&#46;&#46;</p>
