{"id":577,"date":"2023-03-23T19:44:45","date_gmt":"2023-03-23T18:44:45","guid":{"rendered":"https:\/\/blogsaverroes.juntadeandalucia.es\/ceperfuensanta\/?page_id=577"},"modified":"2023-05-17T20:19:39","modified_gmt":"2023-05-17T18:19:39","slug":"ad-habitos-de-vida-saludable","status":"publish","type":"page","link":"https:\/\/blogsaverroes.juntadeandalucia.es\/ceperfuensanta\/ad-habitos-de-vida-saludable\/","title":{"rendered":"H\u00e1bitos de vida saludable"},"content":{"rendered":"<p><span style=\"color: #000000\"><img loading=\"lazy\" decoding=\"async\" class=\"alignleft wp-image-706 size-medium\" src=\"https:\/\/blogsaverroes.juntadeandalucia.es\/ceperfuensanta\/files\/2023\/05\/habitos-de-vida-saludable-300x218.jpg\" alt=\"\" width=\"300\" height=\"218\" srcset=\"https:\/\/blogsaverroes.juntadeandalucia.es\/ceperfuensanta\/files\/2023\/05\/habitos-de-vida-saludable-300x218.jpg 300w, https:\/\/blogsaverroes.juntadeandalucia.es\/ceperfuensanta\/files\/2023\/05\/habitos-de-vida-saludable.jpg 512w\" sizes=\"(max-width: 300px) 100vw, 300px\" \/><span style=\"font-size: 12pt\">El plan educativo para la&nbsp;<strong>Adquisici\u00f3n de h\u00e1bitos de vida saludable<\/strong> tiene como objetivo aprender y desarrollar h\u00e1bitos y actitudes que mejoren nuestra salud, sobre todo aquellos que previenen la aparici\u00f3n de enfermedades o de riesgos en diferentes \u00e1mbitos de nuestra vida.<\/span><\/span><\/p>\n<p><span style=\"color: #000000;font-size: 14pt\"><span style=\"font-size: 12pt\">La educaci\u00f3n para la salud es un aprendizaje a lo largo de la vida y est\u00e1 sujeta a cambios personales, sociales, emocionales, medioambientales, laborales \u2026 que influyen en<\/span> <span style=\"font-size: 12pt\">nuestra salud f\u00edsica y psicol\u00f3gica.<\/span><\/span><\/p>\n<p><span style=\"color: #000000;font-size: 12pt\">Si quieres seguir aprendiendo, aqu\u00ed tienes un plan educativo que te permitir\u00e1 seguir progresando al tiempo que mejoras tu calidad de vida.<\/span><\/p>\n<p>&nbsp;<\/p>\n","protected":false},"excerpt":{"rendered":"<p>El plan educativo para la&nbsp;Adquisici\u00f3n de h\u00e1bitos de vida saludable tiene como objetivo aprender y desarrollar h\u00e1bitos y actitudes que mejoren nuestra salud, sobre todo aquellos que previenen la aparici\u00f3n de enfermedades o de&#46;&#46;&#46;<\/p>\n","protected":false},"author":14619,"featured_media":0,"parent":0,"menu_order":0,"comment_status":"closed","ping_status":"closed","template":"","meta":{"ngg_post_thumbnail":0,"footnotes":""},"aioseo_notices":[],"_links":{"self":[{"href":"https:\/\/blogsaverroes.juntadeandalucia.es\/ceperfuensanta\/wp-json\/wp\/v2\/pages\/577"}],"collection":[{"href":"https:\/\/blogsaverroes.juntadeandalucia.es\/ceperfuensanta\/wp-json\/wp\/v2\/pages"}],"about":[{"href":"https:\/\/blogsaverroes.juntadeandalucia.es\/ceperfuensanta\/wp-json\/wp\/v2\/types\/page"}],"author":[{"embeddable":true,"href":"https:\/\/blogsaverroes.juntadeandalucia.es\/ceperfuensanta\/wp-json\/wp\/v2\/users\/14619"}],"replies":[{"embeddable":true,"href":"https:\/\/blogsaverroes.juntadeandalucia.es\/ceperfuensanta\/wp-json\/wp\/v2\/comments?post=577"}],"version-history":[{"count":7,"href":"https:\/\/blogsaverroes.juntadeandalucia.es\/ceperfuensanta\/wp-json\/wp\/v2\/pages\/577\/revisions"}],"predecessor-version":[{"id":710,"href":"https:\/\/blogsaverroes.juntadeandalucia.es\/ceperfuensanta\/wp-json\/wp\/v2\/pages\/577\/revisions\/710"}],"wp:attachment":[{"href":"https:\/\/blogsaverroes.juntadeandalucia.es\/ceperfuensanta\/wp-json\/wp\/v2\/media?parent=577"}],"curies":[{"name":"wp","href":"https:\/\/api.w.org\/{rel}","templated":true}]}}