{"id":2880,"date":"2021-03-03T12:47:02","date_gmt":"2021-03-03T12:47:02","guid":{"rendered":"https:\/\/blogsaverroes.juntadeandalucia.es\/ceperguamenze\/?page_id=2880"},"modified":"2021-03-06T14:39:10","modified_gmt":"2021-03-06T14:39:10","slug":"aula-de-cine","status":"publish","type":"page","link":"https:\/\/blogsaverroes.juntadeandalucia.es\/ceperguamenze\/aula-de-cine\/","title":{"rendered":"Aula de Cine"},"content":{"rendered":"<p><a href=\"https:\/\/blogsaverroes.juntadeandalucia.es\/ceperguamenze\/files\/2021\/03\/aula-de-cine-horizontal_0.jpg\"><img loading=\"lazy\" decoding=\"async\" class=\"wp-image-2938 aligncenter\" src=\"https:\/\/blogsaverroes.juntadeandalucia.es\/ceperguamenze\/files\/2021\/03\/aula-de-cine-horizontal_0-300x162.jpg\" alt=\"\" width=\"387\" height=\"209\" srcset=\"https:\/\/blogsaverroes.juntadeandalucia.es\/ceperguamenze\/files\/2021\/03\/aula-de-cine-horizontal_0-300x162.jpg 300w, https:\/\/blogsaverroes.juntadeandalucia.es\/ceperguamenze\/files\/2021\/03\/aula-de-cine-horizontal_0.jpg 657w\" sizes=\"(max-width: 387px) 100vw, 387px\" \/><\/a><\/p>\n<p>&nbsp;<\/p>\n<p style=\"text-align: justify\">Aula de Cine es un programa educativo que la Consejer\u00eda de Cultura y Patrimonio Hist\u00f3rico y la Consejer\u00eda de Educaci\u00f3n y Deporte ponen a disposici\u00f3n de los centros de ense\u00f1anza andaluces con la finalidad b\u00e1sica de promover la alfabetizaci\u00f3n audiovisual del alumnado y el profesorado andaluz.<\/p>\n<p>El mundo que se han encontrado y en el que se sumergen a diario los m\u00e1s j\u00f3venes es un mundo de informaci\u00f3n continua, cambiante, \u00abl\u00edquida\u00bb, de origen incierto, de durabilidad ef\u00edmera. Un mundo donde la competencia digital y audiovisual es b\u00e1sica para el desarrollo personal y profesional donde la informaci\u00f3n mal dise\u00f1ada no vale, no llega, no es. En un mundo en red, digitalizado y monitorizado, el mundo del s. XXI, la forma de comprenderlo, de posicionarse ante \u00e9l, viene dada por la interpretaci\u00f3n y creaci\u00f3n de mensajes audiovisuales. Es tan importante la imagen como el texto. El alumnado, la ciudadan\u00eda del s. XXI, reclama informaci\u00f3n visual. Considerar lo audiovisual como un recurso que incide en la optimizaci\u00f3n del proceso de ense\u00f1anza aprendizaje es tender un puente entre la escuela y el contexto sociocultural en el que se desenvuelve el alumnado. Por tanto, la aproximaci\u00f3n a lo audiovisual como recurso para la ense\u00f1anza exige no plantearlo como una simple prolongaci\u00f3n del discurso verbal sino como una forma de expresi\u00f3n diferenciada, que implica unas espec\u00edficas aplicaciones did\u00e1cticas.<\/p>\n<p>Sin embargo, dar las herramientas a nuestro alumnado para que sepan \u00ableer\u00bb estos mensajes no es suficiente, sino que una parte fundamental del proyecto Aula de Cine reside en ense\u00f1arles a \u00abescribir\u00bb en este lenguaje, dotarles de los conocimientos te\u00f3ricos y t\u00e9cnicos para que puedan formar parte de quienes escriben nuestra historia m\u00e1s actual, hacerles aut\u00f3nomos en la creaci\u00f3n de nuevos mensajes que puedan formar parte de un di\u00e1logo global y cr\u00edtico.<\/p>\n<p>De igual modo, el programa Aula de Cine pretende favorecer la alfabetizaci\u00f3n medi\u00e1tica y la creaci\u00f3n de nuevos p\u00fablicos para el cine europeo, pretende impulsar un mayor conocimiento de la actual producci\u00f3n audiovisual andaluza y que nuestros j\u00f3venes conozcan la rica y variada propuesta de contenidos, al tiempo que desarrollan un esp\u00edritu cr\u00edtico a trav\u00e9s del an\u00e1lisis, la reflexi\u00f3n y el intercambio de opiniones.<\/p>\n<p>Pero el proyecto Aula de Cine no solo trabaja la competencia digital y tratamiento de la informaci\u00f3n, sino que a lo largo del proceso de \u00ablectura\u00bb y \u00abescritura\u00bb audiovisual se desarrollar\u00e1n el resto de competencias, entre las que destacamos:<\/p>\n<ul>\n<li style=\"text-align: justify\">Competencia cultural y art\u00edstica, que supone conocer, comprender, apreciar y valorar cr\u00edticamente diferentes manifestaciones culturales y art\u00edsticas, utilizarlas como fuente de enriquecimiento y disfrute y considerarlas como parte del patrimonio de los pueblos.<\/li>\n<li style=\"text-align: justify\">Competencia social y ciudadana, que hace posible comprender la realidad social en que se vive, cooperar, convivir y ejercer la ciudadan\u00eda democr\u00e1tica en una sociedad plural.<\/li>\n<li style=\"text-align: justfiy\">Competencia ling\u00fc\u00edstica, comprensi\u00f3n de todo tipo de mensajes, conocer diferentes c\u00f3digos y lenguajes, desarrollar tanto oralmente como por escrito su producci\u00f3n ling\u00fc\u00edstica.<\/li>\n<\/ul>\n<p><strong>M\u00e1s Informaci\u00f3n: <\/strong><\/p>\n<p><a href=\"https:\/\/www.juntadeandalucia.es\/cultura\/aaiicc\/sites\/default\/files\/aaiicc\/dosier_aula_de_cine_2020-2021_comprimido.pdf\">Dossier Informativo.<\/a><\/p>\n","protected":false},"excerpt":{"rendered":"<p>&nbsp; Aula de Cine es un programa educativo que la Consejer\u00eda de Cultura y Patrimonio Hist\u00f3rico y la Consejer\u00eda de Educaci\u00f3n y Deporte ponen a disposici\u00f3n de los centros de ense\u00f1anza andaluces con la&#46;&#46;&#46;<\/p>\n","protected":false},"author":11510,"featured_media":0,"parent":0,"menu_order":0,"comment_status":"closed","ping_status":"closed","template":"page-c.php","meta":{"ngg_post_thumbnail":0,"footnotes":"","_mc_calendar":[]},"aioseo_notices":[],"_links":{"self":[{"href":"https:\/\/blogsaverroes.juntadeandalucia.es\/ceperguamenze\/wp-json\/wp\/v2\/pages\/2880"}],"collection":[{"href":"https:\/\/blogsaverroes.juntadeandalucia.es\/ceperguamenze\/wp-json\/wp\/v2\/pages"}],"about":[{"href":"https:\/\/blogsaverroes.juntadeandalucia.es\/ceperguamenze\/wp-json\/wp\/v2\/types\/page"}],"author":[{"embeddable":true,"href":"https:\/\/blogsaverroes.juntadeandalucia.es\/ceperguamenze\/wp-json\/wp\/v2\/users\/11510"}],"replies":[{"embeddable":true,"href":"https:\/\/blogsaverroes.juntadeandalucia.es\/ceperguamenze\/wp-json\/wp\/v2\/comments?post=2880"}],"version-history":[{"count":4,"href":"https:\/\/blogsaverroes.juntadeandalucia.es\/ceperguamenze\/wp-json\/wp\/v2\/pages\/2880\/revisions"}],"predecessor-version":[{"id":2941,"href":"https:\/\/blogsaverroes.juntadeandalucia.es\/ceperguamenze\/wp-json\/wp\/v2\/pages\/2880\/revisions\/2941"}],"wp:attachment":[{"href":"https:\/\/blogsaverroes.juntadeandalucia.es\/ceperguamenze\/wp-json\/wp\/v2\/media?parent=2880"}],"curies":[{"name":"wp","href":"https:\/\/api.w.org\/{rel}","templated":true}]}}

<p><a href="https://blogsaverroes.juntadeandalucia.es/ceperguamenze/files/2021/03/aula-de-cine-horizontal_0.jpg"><img loading="lazy" decoding="async" class="wp-image-2938 aligncenter" src="https://blogsaverroes.juntadeandalucia.es/ceperguamenze/files/2021/03/aula-de-cine-horizontal_0-300x162.jpg" alt="" width="387" height="209" srcset="https://blogsaverroes.juntadeandalucia.es/ceperguamenze/files/2021/03/aula-de-cine-horizontal_0-300x162.jpg 300w, https://blogsaverroes.juntadeandalucia.es/ceperguamenze/files/2021/03/aula-de-cine-horizontal_0.jpg 657w" sizes="(max-width: 387px) 100vw, 387px" /></a></p>
<p>&nbsp;</p>
<p style="text-align: justify">Aula de Cine es un programa educativo que la Consejería de Cultura y Patrimonio Histórico y la Consejería de Educación y Deporte ponen a disposición de los centros de enseñanza andaluces con la finalidad básica de promover la alfabetización audiovisual del alumnado y el profesorado andaluz.</p>
<p>El mundo que se han encontrado y en el que se sumergen a diario los más jóvenes es un mundo de información continua, cambiante, «líquida», de origen incierto, de durabilidad efímera. Un mundo donde la competencia digital y audiovisual es básica para el desarrollo personal y profesional donde la información mal diseñada no vale, no llega, no es. En un mundo en red, digitalizado y monitorizado, el mundo del s. XXI, la forma de comprenderlo, de posicionarse ante él, viene dada por la interpretación y creación de mensajes audiovisuales. Es tan importante la imagen como el texto. El alumnado, la ciudadanía del s. XXI, reclama información visual. Considerar lo audiovisual como un recurso que incide en la optimización del proceso de enseñanza aprendizaje es tender un puente entre la escuela y el contexto sociocultural en el que se desenvuelve el alumnado. Por tanto, la aproximación a lo audiovisual como recurso para la enseñanza exige no plantearlo como una simple prolongación del discurso verbal sino como una forma de expresión diferenciada, que implica unas específicas aplicaciones didácticas.</p>
<p>Sin embargo, dar las herramientas a nuestro alumnado para que sepan «leer» estos mensajes no es suficiente, sino que una parte fundamental del proyecto Aula de Cine reside en enseñarles a «escribir» en este lenguaje, dotarles de los conocimientos teóricos y técnicos para que puedan formar parte de quienes escriben nuestra historia más actual, hacerles autónomos en la creación de nuevos mensajes que puedan formar parte de un diálogo global y crítico.</p>
<p>De igual modo, el programa Aula de Cine pretende favorecer la alfabetización mediática y la creación de nuevos públicos para el cine europeo, pretende impulsar un mayor conocimiento de la actual producción audiovisual andaluza y que nuestros jóvenes conozcan la rica y variada propuesta de contenidos, al tiempo que desarrollan un espíritu crítico a través del análisis, la reflexión y el intercambio de opiniones.</p>
<p>Pero el proyecto Aula de Cine no solo trabaja la competencia digital y tratamiento de la información, sino que a lo largo del proceso de «lectura» y «escritura» audiovisual se desarrollarán el resto de competencias, entre las que destacamos:</p>
<ul>
<li style="text-align: justify">Competencia cultural y artística, que supone conocer, comprender, apreciar y valorar críticamente diferentes manifestaciones culturales y artísticas, utilizarlas como fuente de enriquecimiento y disfrute y considerarlas como parte del patrimonio de los pueblos.</li>
<li style="text-align: justify">Competencia social y ciudadana, que hace posible comprender la realidad social en que se vive, cooperar, convivir y ejercer la ciudadanía democrática en una sociedad plural.</li>
<li style="text-align: justfiy">Competencia lingüística, comprensión de todo tipo de mensajes, conocer diferentes códigos y lenguajes, desarrollar tanto oralmente como por escrito su producción lingüística.</li>
</ul>
<p><strong>Más Información: </strong></p>
<p><a href="https://www.juntadeandalucia.es/cultura/aaiicc/sites/default/files/aaiicc/dosier_aula_de_cine_2020-2021_comprimido.pdf">Dossier Informativo.</a></p>

<p>&nbsp; Aula de Cine es un programa educativo que la Consejería de Cultura y Patrimonio Histórico y la Consejería de Educación y Deporte ponen a disposición de los centros de enseñanza andaluces con la&#46;&#46;&#46;</p>
