{"id":344,"date":"2025-05-01T16:34:20","date_gmt":"2025-05-01T16:34:20","guid":{"rendered":"http:\/\/blogsaverroes.juntadeandalucia.es\/pre\/ceip\/?page_id=344"},"modified":"2025-05-01T14:35:31","modified_gmt":"2025-05-01T14:35:31","slug":"benalua","status":"publish","type":"page","link":"https:\/\/blogsaverroes.juntadeandalucia.es\/ceperguamenze\/benalua\/","title":{"rendered":"Sep Benal\u00faa"},"content":{"rendered":"<p style=\"text-align: center\"><a href=\"https:\/\/blogsaverroes.juntadeandalucia.es\/sep-benalua\/\"><img loading=\"lazy\" decoding=\"async\" class=\"aligncenter wp-image-6559\" src=\"https:\/\/blogsaverroes.juntadeandalucia.es\/ceperguamenze\/files\/2025\/03\/sep_benalua-300x54.png\" alt=\"\" width=\"717\" height=\"129\" srcset=\"https:\/\/blogsaverroes.juntadeandalucia.es\/ceperguamenze\/files\/2025\/03\/sep_benalua-300x54.png 300w, https:\/\/blogsaverroes.juntadeandalucia.es\/ceperguamenze\/files\/2025\/03\/sep_benalua-1024x185.png 1024w, https:\/\/blogsaverroes.juntadeandalucia.es\/ceperguamenze\/files\/2025\/03\/sep_benalua-768x139.png 768w, https:\/\/blogsaverroes.juntadeandalucia.es\/ceperguamenze\/files\/2025\/03\/sep_benalua-1200x217.png 1200w, https:\/\/blogsaverroes.juntadeandalucia.es\/ceperguamenze\/files\/2025\/03\/sep_benalua.png 1203w\" sizes=\"(max-width: 717px) 100vw, 717px\" \/><\/a><\/p>\n<p style=\"text-align: center\"><em>Haz clic en la imagen para acceder al blog del Sep Benal\u00faa.<\/em><\/p>\n<p>&nbsp;<\/p>\n<p><strong>SEP BENAL\u00daA <\/strong><\/p>\n<p>El Centro de Adultos de Benal\u00faa est\u00e1 situado en el antiguo complejo de la F\u00e1brica de la Azucarera, en una de las naves de este recinto.<\/p>\n<p>Nuestras instalaciones se encuentran en la primera planta del edificio e incluyen ascensor y dos ba\u00f1os. Disponemos de tres aulas para uso general, un aula de Inform\u00e1tica y un amplio sal\u00f3n de actos, donde se realizan talleres, charlas y la gimnasia de mantenimiento para mayores, financiada por el Ayuntamiento de Benal\u00faa.<\/p>\n<p>Actualmente, nuestra plantilla docente est\u00e1 formada por dos maestras, una de ellas especialista en Lengua extranjera (Ingl\u00e9s).<\/p>\n<p>El SEP de Benal\u00faa dispone de la siguiente oferta formativa:<\/p>\n<ul>\n<li><strong>Planes educativos para el fomento de la ciudadan\u00eda activa:<\/strong>\n<ul>\n<li>Conocimiento y conservaci\u00f3n del patrimonio cultural andaluz y medio ambiente<\/li>\n<li>Uso b\u00e1sico de idiomas (Ingl\u00e9s)<\/li>\n<li>Uso b\u00e1sico de tecnolog\u00edas de la informaci\u00f3n y la comunicaci\u00f3n (Inform\u00e1tica por niveles)<\/li>\n<\/ul>\n<\/li>\n<li><strong>Plan educativo de preparaci\u00f3n para la obtenci\u00f3n de titulaciones:<\/strong>\n<ul>\n<li>Tutor\u00edas de Apoyo al estudio de Educaci\u00f3n Secundaria Obligatoria (ESO)<\/li>\n<\/ul>\n<\/li>\n<\/ul>\n<p><a href=\"https:\/\/blogsaverroes.juntadeandalucia.es\/ceperguamenze\/files\/2021\/04\/benal\u00faa-1.jpg\"><img loading=\"lazy\" decoding=\"async\" class=\"wp-image-3000 alignright\" src=\"https:\/\/blogsaverroes.juntadeandalucia.es\/ceperguamenze\/files\/2021\/04\/benal\u00faa-1.jpg\" alt=\"\" width=\"523\" height=\"393\" srcset=\"https:\/\/blogsaverroes.juntadeandalucia.es\/ceperguamenze\/files\/2021\/04\/benal\u00faa-1.jpg 1600w, https:\/\/blogsaverroes.juntadeandalucia.es\/ceperguamenze\/files\/2021\/04\/benal\u00faa-1-300x225.jpg 300w, https:\/\/blogsaverroes.juntadeandalucia.es\/ceperguamenze\/files\/2021\/04\/benal\u00faa-1-1024x768.jpg 1024w, https:\/\/blogsaverroes.juntadeandalucia.es\/ceperguamenze\/files\/2021\/04\/benal\u00faa-1-768x576.jpg 768w, https:\/\/blogsaverroes.juntadeandalucia.es\/ceperguamenze\/files\/2021\/04\/benal\u00faa-1-1536x1152.jpg 1536w\" sizes=\"(max-width: 523px) 100vw, 523px\" \/><\/a><\/p>\n<p><a href=\"https:\/\/blogsaverroes.juntadeandalucia.es\/ceperguamenze\/files\/2021\/04\/benal\u00faa-2.jpg\"><img loading=\"lazy\" decoding=\"async\" class=\"wp-image-3001 aligncenter\" src=\"https:\/\/blogsaverroes.juntadeandalucia.es\/ceperguamenze\/files\/2021\/04\/benal\u00faa-2.jpg\" alt=\"\" width=\"470\" height=\"352\" srcset=\"https:\/\/blogsaverroes.juntadeandalucia.es\/ceperguamenze\/files\/2021\/04\/benal\u00faa-2.jpg 1600w, https:\/\/blogsaverroes.juntadeandalucia.es\/ceperguamenze\/files\/2021\/04\/benal\u00faa-2-300x225.jpg 300w, https:\/\/blogsaverroes.juntadeandalucia.es\/ceperguamenze\/files\/2021\/04\/benal\u00faa-2-1024x768.jpg 1024w, https:\/\/blogsaverroes.juntadeandalucia.es\/ceperguamenze\/files\/2021\/04\/benal\u00faa-2-768x576.jpg 768w, https:\/\/blogsaverroes.juntadeandalucia.es\/ceperguamenze\/files\/2021\/04\/benal\u00faa-2-1536x1152.jpg 1536w\" sizes=\"(max-width: 470px) 100vw, 470px\" \/><\/a> <a href=\"https:\/\/blogsaverroes.juntadeandalucia.es\/ceperguamenze\/files\/2021\/04\/benal\u00faa-3.jpg\"><img loading=\"lazy\" decoding=\"async\" class=\"wp-image-3002 alignleft\" src=\"https:\/\/blogsaverroes.juntadeandalucia.es\/ceperguamenze\/files\/2021\/04\/benal\u00faa-3.jpg\" alt=\"\" width=\"431\" height=\"323\" srcset=\"https:\/\/blogsaverroes.juntadeandalucia.es\/ceperguamenze\/files\/2021\/04\/benal\u00faa-3.jpg 1600w, https:\/\/blogsaverroes.juntadeandalucia.es\/ceperguamenze\/files\/2021\/04\/benal\u00faa-3-300x225.jpg 300w, https:\/\/blogsaverroes.juntadeandalucia.es\/ceperguamenze\/files\/2021\/04\/benal\u00faa-3-1024x768.jpg 1024w, https:\/\/blogsaverroes.juntadeandalucia.es\/ceperguamenze\/files\/2021\/04\/benal\u00faa-3-768x576.jpg 768w, https:\/\/blogsaverroes.juntadeandalucia.es\/ceperguamenze\/files\/2021\/04\/benal\u00faa-3-1536x1152.jpg 1536w\" sizes=\"(max-width: 431px) 100vw, 431px\" \/><\/a> <a href=\"https:\/\/blogsaverroes.juntadeandalucia.es\/ceperguamenze\/files\/2021\/04\/benal\u00faa-4.jpg\"><img loading=\"lazy\" decoding=\"async\" class=\"wp-image-3003 alignright\" src=\"https:\/\/blogsaverroes.juntadeandalucia.es\/ceperguamenze\/files\/2021\/04\/benal\u00faa-4.jpg\" alt=\"\" width=\"370\" height=\"278\" srcset=\"https:\/\/blogsaverroes.juntadeandalucia.es\/ceperguamenze\/files\/2021\/04\/benal\u00faa-4.jpg 1600w, https:\/\/blogsaverroes.juntadeandalucia.es\/ceperguamenze\/files\/2021\/04\/benal\u00faa-4-300x225.jpg 300w, https:\/\/blogsaverroes.juntadeandalucia.es\/ceperguamenze\/files\/2021\/04\/benal\u00faa-4-1024x768.jpg 1024w, https:\/\/blogsaverroes.juntadeandalucia.es\/ceperguamenze\/files\/2021\/04\/benal\u00faa-4-768x576.jpg 768w, https:\/\/blogsaverroes.juntadeandalucia.es\/ceperguamenze\/files\/2021\/04\/benal\u00faa-4-1536x1152.jpg 1536w\" sizes=\"(max-width: 370px) 100vw, 370px\" \/><\/a><\/p>\n<p>&nbsp;<\/p>\n<p>&nbsp;<\/p>\n<p>&nbsp;<\/p>\n<p>&nbsp;<\/p>\n<p>&nbsp;<\/p>\n<p>&nbsp;<\/p>\n<p>&nbsp;<\/p>\n<p>&nbsp;<\/p>\n<p>&nbsp;<\/p>\n<p>Direcci\u00f3n: C\/ Recinto Azucarera, s\/n<\/p>\n<p>Tlf.: 958 69 96 68<\/p>\n<p>Email: 18500553.edu@juntadeandalucia.es<\/p>\n<p>Localidad: Benal\u00faa<\/p>\n","protected":false},"excerpt":{"rendered":"<p>Haz clic en la imagen para acceder al blog del Sep Benal\u00faa. &nbsp; SEP BENAL\u00daA El Centro de Adultos de Benal\u00faa est\u00e1 situado en el antiguo complejo de la F\u00e1brica de la Azucarera, en&#46;&#46;&#46;<\/p>\n","protected":false},"author":1,"featured_media":0,"parent":0,"menu_order":0,"comment_status":"closed","ping_status":"open","template":"","meta":{"ngg_post_thumbnail":0,"footnotes":"","_mc_calendar":[]},"aioseo_notices":[],"_links":{"self":[{"href":"https:\/\/blogsaverroes.juntadeandalucia.es\/ceperguamenze\/wp-json\/wp\/v2\/pages\/344"}],"collection":[{"href":"https:\/\/blogsaverroes.juntadeandalucia.es\/ceperguamenze\/wp-json\/wp\/v2\/pages"}],"about":[{"href":"https:\/\/blogsaverroes.juntadeandalucia.es\/ceperguamenze\/wp-json\/wp\/v2\/types\/page"}],"author":[{"embeddable":true,"href":"https:\/\/blogsaverroes.juntadeandalucia.es\/ceperguamenze\/wp-json\/wp\/v2\/users\/1"}],"replies":[{"embeddable":true,"href":"https:\/\/blogsaverroes.juntadeandalucia.es\/ceperguamenze\/wp-json\/wp\/v2\/comments?post=344"}],"version-history":[{"count":14,"href":"https:\/\/blogsaverroes.juntadeandalucia.es\/ceperguamenze\/wp-json\/wp\/v2\/pages\/344\/revisions"}],"predecessor-version":[{"id":6825,"href":"https:\/\/blogsaverroes.juntadeandalucia.es\/ceperguamenze\/wp-json\/wp\/v2\/pages\/344\/revisions\/6825"}],"wp:attachment":[{"href":"https:\/\/blogsaverroes.juntadeandalucia.es\/ceperguamenze\/wp-json\/wp\/v2\/media?parent=344"}],"curies":[{"name":"wp","href":"https:\/\/api.w.org\/{rel}","templated":true}]}}

Sep Benalúa

<p style="text-align: center"><a href="https://blogsaverroes.juntadeandalucia.es/sep-benalua/"><img loading="lazy" decoding="async" class="aligncenter wp-image-6559" src="https://blogsaverroes.juntadeandalucia.es/ceperguamenze/files/2025/03/sep_benalua-300x54.png" alt="" width="717" height="129" srcset="https://blogsaverroes.juntadeandalucia.es/ceperguamenze/files/2025/03/sep_benalua-300x54.png 300w, https://blogsaverroes.juntadeandalucia.es/ceperguamenze/files/2025/03/sep_benalua-1024x185.png 1024w, https://blogsaverroes.juntadeandalucia.es/ceperguamenze/files/2025/03/sep_benalua-768x139.png 768w, https://blogsaverroes.juntadeandalucia.es/ceperguamenze/files/2025/03/sep_benalua-1200x217.png 1200w, https://blogsaverroes.juntadeandalucia.es/ceperguamenze/files/2025/03/sep_benalua.png 1203w" sizes="(max-width: 717px) 100vw, 717px" /></a></p>
<p style="text-align: center"><em>Haz clic en la imagen para acceder al blog del Sep Benalúa.</em></p>
<p>&nbsp;</p>
<p><strong>SEP BENALÚA </strong></p>
<p>El Centro de Adultos de Benalúa está situado en el antiguo complejo de la Fábrica de la Azucarera, en una de las naves de este recinto.</p>
<p>Nuestras instalaciones se encuentran en la primera planta del edificio e incluyen ascensor y dos baños. Disponemos de tres aulas para uso general, un aula de Informática y un amplio salón de actos, donde se realizan talleres, charlas y la gimnasia de mantenimiento para mayores, financiada por el Ayuntamiento de Benalúa.</p>
<p>Actualmente, nuestra plantilla docente está formada por dos maestras, una de ellas especialista en Lengua extranjera (Inglés).</p>
<p>El SEP de Benalúa dispone de la siguiente oferta formativa:</p>
<ul>
<li><strong>Planes educativos para el fomento de la ciudadanía activa:</strong>
<ul>
<li>Conocimiento y conservación del patrimonio cultural andaluz y medio ambiente</li>
<li>Uso básico de idiomas (Inglés)</li>
<li>Uso básico de tecnologías de la información y la comunicación (Informática por niveles)</li>
</ul>
</li>
<li><strong>Plan educativo de preparación para la obtención de titulaciones:</strong>
<ul>
<li>Tutorías de Apoyo al estudio de Educación Secundaria Obligatoria (ESO)</li>
</ul>
</li>
</ul>
<p><a href="https://blogsaverroes.juntadeandalucia.es/ceperguamenze/files/2021/04/benalúa-1.jpg"><img loading="lazy" decoding="async" class="wp-image-3000 alignright" src="https://blogsaverroes.juntadeandalucia.es/ceperguamenze/files/2021/04/benalúa-1.jpg" alt="" width="523" height="393" srcset="https://blogsaverroes.juntadeandalucia.es/ceperguamenze/files/2021/04/benalúa-1.jpg 1600w, https://blogsaverroes.juntadeandalucia.es/ceperguamenze/files/2021/04/benalúa-1-300x225.jpg 300w, https://blogsaverroes.juntadeandalucia.es/ceperguamenze/files/2021/04/benalúa-1-1024x768.jpg 1024w, https://blogsaverroes.juntadeandalucia.es/ceperguamenze/files/2021/04/benalúa-1-768x576.jpg 768w, https://blogsaverroes.juntadeandalucia.es/ceperguamenze/files/2021/04/benalúa-1-1536x1152.jpg 1536w" sizes="(max-width: 523px) 100vw, 523px" /></a></p>
<p><a href="https://blogsaverroes.juntadeandalucia.es/ceperguamenze/files/2021/04/benalúa-2.jpg"><img loading="lazy" decoding="async" class="wp-image-3001 aligncenter" src="https://blogsaverroes.juntadeandalucia.es/ceperguamenze/files/2021/04/benalúa-2.jpg" alt="" width="470" height="352" srcset="https://blogsaverroes.juntadeandalucia.es/ceperguamenze/files/2021/04/benalúa-2.jpg 1600w, https://blogsaverroes.juntadeandalucia.es/ceperguamenze/files/2021/04/benalúa-2-300x225.jpg 300w, https://blogsaverroes.juntadeandalucia.es/ceperguamenze/files/2021/04/benalúa-2-1024x768.jpg 1024w, https://blogsaverroes.juntadeandalucia.es/ceperguamenze/files/2021/04/benalúa-2-768x576.jpg 768w, https://blogsaverroes.juntadeandalucia.es/ceperguamenze/files/2021/04/benalúa-2-1536x1152.jpg 1536w" sizes="(max-width: 470px) 100vw, 470px" /></a> <a href="https://blogsaverroes.juntadeandalucia.es/ceperguamenze/files/2021/04/benalúa-3.jpg"><img loading="lazy" decoding="async" class="wp-image-3002 alignleft" src="https://blogsaverroes.juntadeandalucia.es/ceperguamenze/files/2021/04/benalúa-3.jpg" alt="" width="431" height="323" srcset="https://blogsaverroes.juntadeandalucia.es/ceperguamenze/files/2021/04/benalúa-3.jpg 1600w, https://blogsaverroes.juntadeandalucia.es/ceperguamenze/files/2021/04/benalúa-3-300x225.jpg 300w, https://blogsaverroes.juntadeandalucia.es/ceperguamenze/files/2021/04/benalúa-3-1024x768.jpg 1024w, https://blogsaverroes.juntadeandalucia.es/ceperguamenze/files/2021/04/benalúa-3-768x576.jpg 768w, https://blogsaverroes.juntadeandalucia.es/ceperguamenze/files/2021/04/benalúa-3-1536x1152.jpg 1536w" sizes="(max-width: 431px) 100vw, 431px" /></a> <a href="https://blogsaverroes.juntadeandalucia.es/ceperguamenze/files/2021/04/benalúa-4.jpg"><img loading="lazy" decoding="async" class="wp-image-3003 alignright" src="https://blogsaverroes.juntadeandalucia.es/ceperguamenze/files/2021/04/benalúa-4.jpg" alt="" width="370" height="278" srcset="https://blogsaverroes.juntadeandalucia.es/ceperguamenze/files/2021/04/benalúa-4.jpg 1600w, https://blogsaverroes.juntadeandalucia.es/ceperguamenze/files/2021/04/benalúa-4-300x225.jpg 300w, https://blogsaverroes.juntadeandalucia.es/ceperguamenze/files/2021/04/benalúa-4-1024x768.jpg 1024w, https://blogsaverroes.juntadeandalucia.es/ceperguamenze/files/2021/04/benalúa-4-768x576.jpg 768w, https://blogsaverroes.juntadeandalucia.es/ceperguamenze/files/2021/04/benalúa-4-1536x1152.jpg 1536w" sizes="(max-width: 370px) 100vw, 370px" /></a></p>
<p>&nbsp;</p>
<p>&nbsp;</p>
<p>&nbsp;</p>
<p>&nbsp;</p>
<p>&nbsp;</p>
<p>&nbsp;</p>
<p>&nbsp;</p>
<p>&nbsp;</p>
<p>&nbsp;</p>
<p>Dirección: C/ Recinto Azucarera, s/n</p>
<p>Tlf.: 958 69 96 68</p>
<p>Email: 18500553.edu@juntadeandalucia.es</p>
<p>Localidad: Benalúa</p>

<p>Haz clic en la imagen para acceder al blog del Sep Benalúa. &nbsp; SEP BENALÚA El Centro de Adultos de Benalúa está situado en el antiguo complejo de la Fábrica de la Azucarera, en&#46;&#46;&#46;</p>
