{"id":42,"date":"2015-03-13T08:40:47","date_gmt":"2015-03-13T08:40:47","guid":{"rendered":"http:\/\/blogsaverroes.juntadeandalucia.es\/pre\/ceip\/?page_id=42"},"modified":"2021-02-24T17:29:48","modified_gmt":"2021-02-24T17:29:48","slug":"oferta-educativa","status":"publish","type":"page","link":"https:\/\/blogsaverroes.juntadeandalucia.es\/ceperguamenze\/oferta-educativa\/","title":{"rendered":"Oferta Educativa del centro en Guadix y Secciones"},"content":{"rendered":"<p>En&nbsp;&nbsp;<strong>Educaci\u00f3n Permanente<\/strong> o Educaci\u00f3n para personas adultas se ofertan cursos, denominados Planes Educativos, que facilitan tu incorporaci\u00f3n al sistema educativo y se desarrollan a lo largo de un curso escolar.<\/p>\n<p>Si tienes dificultades de lectoescritura o de comprensi\u00f3n o de expresi\u00f3n puedes iniciar tu formaci\u00f3n cursando el&nbsp;<strong>Plan educativo de Formaci\u00f3n B\u00e1sica<\/strong>.<\/p>\n<p>Sin embargo, si no tienes estas dificultades y tienes inquietud por ampliar tus conocimientos en temas de gran inter\u00e9s hoy en d\u00eda, tienes la posibilidad de acceder a cursos denominados&nbsp;<strong>Planes educativos no Formales<\/strong>&nbsp;entre los que puedes contar con formaci\u00f3n en el uso de las nuevas tecnolog\u00edas, uso b\u00e1sico de idiomas, cultura emprendedora, patrimonio cultural y medioambiental de la comunidad aut\u00f3noma de Andaluc\u00eda, h\u00e1bitos de vida saludable, aprendizaje de la lengua castellana para personas extranjeras etc&#8230;<\/p>\n<p>Se denominan&nbsp;<u>no formales<\/u>&nbsp;porque el finalizarlos no conduce directamente a la obtenci\u00f3n de un t\u00edtulo aunque s\u00ed de un certificado.<\/p>\n<p>En la actualidad, en Guadix, disponemos de la siguiente oferta educativa:<\/p>\n<ol>\n<li><b>Plan Educativo de preparaci\u00f3n para la obtenci\u00f3n de Titulaci\u00f3n B\u00e1sica<\/b>\n<ul>\n<li>Tutor\u00edas de apoyo estudio alumnado matriculado en ESO semipresencial en IPFA<\/li>\n<\/ul>\n<\/li>\n<li><b>Planes Educativos preparaci\u00f3n para el fomento de la ciudadan\u00eda activa<\/b>\n<ul>\n<li>Uso b\u00e1sico de idioma extranjeros: Ingl\u00e9s<\/li>\n<li>Uso b\u00e1sico de tecnolog\u00edas de la informaci\u00f3n y la comunicaci\u00f3n<\/li>\n<li>Interculturalidad, cultura y Lengua espa\u00f1ola para personas de otros pa\u00edses<\/li>\n<li>Conocimiento y conservaci\u00f3n del Patrimonio Cultural Andaluz y medio ambiente<\/li>\n<li>Adquisici\u00f3n de h\u00e1bitos de vida saludable. y prevenci\u00f3n de enfermedades y riesgos profesionales<\/li>\n<li>Cultura emprendedora: Taller de Cine para alumnado adulto<\/li>\n<\/ul>\n<\/li>\n<li><b>Plan Educativo de preparaci\u00f3n para la obtenci\u00f3n de Titulaci\u00f3n B\u00e1sica<\/b>\n<ul>\n<li>Tutor\u00eda de apoyo estudio nivel b\u00e1sico de idiomas: Ingl\u00e9s<\/li>\n<\/ul>\n<\/li>\n<\/ol>\n","protected":false},"excerpt":{"rendered":"<p>En&nbsp;&nbsp;Educaci\u00f3n Permanente o Educaci\u00f3n para personas adultas se ofertan cursos, denominados Planes Educativos, que facilitan tu incorporaci\u00f3n al sistema educativo y se desarrollan a lo largo de un curso escolar. Si tienes dificultades de&#46;&#46;&#46;<\/p>\n","protected":false},"author":1,"featured_media":0,"parent":0,"menu_order":0,"comment_status":"closed","ping_status":"open","template":"page-c.php","meta":{"ngg_post_thumbnail":0,"footnotes":"","_mc_calendar":[]},"aioseo_notices":[],"_links":{"self":[{"href":"https:\/\/blogsaverroes.juntadeandalucia.es\/ceperguamenze\/wp-json\/wp\/v2\/pages\/42"}],"collection":[{"href":"https:\/\/blogsaverroes.juntadeandalucia.es\/ceperguamenze\/wp-json\/wp\/v2\/pages"}],"about":[{"href":"https:\/\/blogsaverroes.juntadeandalucia.es\/ceperguamenze\/wp-json\/wp\/v2\/types\/page"}],"author":[{"embeddable":true,"href":"https:\/\/blogsaverroes.juntadeandalucia.es\/ceperguamenze\/wp-json\/wp\/v2\/users\/1"}],"replies":[{"embeddable":true,"href":"https:\/\/blogsaverroes.juntadeandalucia.es\/ceperguamenze\/wp-json\/wp\/v2\/comments?post=42"}],"version-history":[{"count":6,"href":"https:\/\/blogsaverroes.juntadeandalucia.es\/ceperguamenze\/wp-json\/wp\/v2\/pages\/42\/revisions"}],"predecessor-version":[{"id":2730,"href":"https:\/\/blogsaverroes.juntadeandalucia.es\/ceperguamenze\/wp-json\/wp\/v2\/pages\/42\/revisions\/2730"}],"wp:attachment":[{"href":"https:\/\/blogsaverroes.juntadeandalucia.es\/ceperguamenze\/wp-json\/wp\/v2\/media?parent=42"}],"curies":[{"name":"wp","href":"https:\/\/api.w.org\/{rel}","templated":true}]}}