{"id":3107,"date":"2021-12-03T12:59:56","date_gmt":"2021-12-03T12:59:56","guid":{"rendered":"https:\/\/blogsaverroes.juntadeandalucia.es\/ceperjosefinamolina\/?page_id=3107"},"modified":"2023-05-25T23:34:50","modified_gmt":"2023-05-25T23:34:50","slug":"tutoria-de-apoyo-al-estudio-de-eso","status":"publish","type":"page","link":"https:\/\/blogsaverroes.juntadeandalucia.es\/ceperjosefinamolina\/tutoria-de-apoyo-al-estudio-de-eso\/","title":{"rendered":"Tutor\u00eda de Apoyo al Estudio de ESO"},"content":{"rendered":"<header class=\"entry-header\">\n<h1 class=\"entry-title\">GRADUADO EN SECUNDARIA<\/h1>\n<\/header>\n<div class=\"entry-content\">\n<figure class=\"wp-duotone-61e75b65af1ab wp-block-image size-large is-style-default\"><img decoding=\"async\" src=\"https:\/\/www.sdelsol.com\/pub\/book\/imagenes\/3651\/educacion-secundaria-adultos.jpg\" alt=\"\"><\/figure>\n<p data-adtags-visited=\"true\">&nbsp;<\/p>\n<p data-adtags-visited=\"true\">El CEPER Josefina Molina y su secci\u00f3n de Parque Figueroa&nbsp; imparten actualmente dos planes educativos que conducen a la obtenci\u00f3n de la titulaci\u00f3n de Graduado en Secundaria. A continuaci\u00f3n te explicamos las diferencias entre ambos planes:<\/p>\n<p data-adtags-visited=\"true\">&nbsp;<\/p>\n<\/div>\n<h2><strong>ENSE\u00d1ANZA SECUNDARIA PARA ADULTOS (ESPA) Modalidad semipresencial- Tutor\u00eda de Apoyo al Estudio (TAE):&nbsp;<\/strong><\/h2>\n<p data-adtags-visited=\"true\">Este plan educativo se compone de dos niveles: nivel 1 y nivel 2.&nbsp; Cada nivel se puede superar en un curso escolar, pero puedes acceder&nbsp;<strong>directamente al nivel 2<\/strong>&nbsp;si cumples uno de estos requisitos:<\/p>\n<ol>\n<li>Haber superado 2\u00ba de la ESO.<\/li>\n<li>Tener el t\u00edtulo de Graduado Escolar<\/li>\n<li>Superar una prueba de valoraci\u00f3n inicial (prueba VIA) que se convoca a final de septiembre. Cualquier persona puede presentarse a esta prueba, si la superas podr\u00e1s acceder directamente al nivel 2.<\/li>\n<\/ol>\n<p data-adtags-visited=\"true\">En caso de no cumplir ninguno de esos requisitos tendr\u00e1s que cursar en primer lugar nivel 1.<\/p>\n<p data-adtags-visited=\"true\">Una vez comenzado el curso, en esta modalidad, tanto en el nivel 1 como en el 2, tendr\u00e1s que cursar y aprobar 3 \u00e1mbitos:<\/p>\n<ul>\n<li>\u00c1mbito de comunicaci\u00f3n (lengua e ingl\u00e9s)<\/li>\n<li>\u00c1mbito social<\/li>\n<li>\u00c1mbito cient\u00edfico-tecnol\u00f3gico<\/li>\n<\/ul>\n<p data-adtags-visited=\"true\">\u00c9sta se trata de una ense\u00f1anza modular, donde cada trimestre es considerado un m\u00f3dulo. Se realiza uno o varios ex\u00e1menes de cada \u00e1mbito en cada trimestre. Una vez aprobados todos los trimestres de los tres \u00e1mbitos se obtiene la titulaci\u00f3n de Graduado en Secundaria.<\/p>\n<p data-adtags-visited=\"true\">En esta modalidad se tienen en cuenta para la nota tres factores:<\/p>\n<ul>\n<li>La nota del examen trimestral<\/li>\n<li>La nota del tutor TAE basada en el aprovechamiento (las tareas de clase, asistencia, actitud y participaci\u00f3n).<\/li>\n<li>La parte NO PRESENCIAL que consiste en la realizaci\u00f3n de tareas trimestrales a trav\u00e9s de una plataforma online. Se recomienda disponer de ordenador y conexi\u00f3n a internet en casa, as\u00ed como un m\u00ednimo de conocimientos inform\u00e1ticos. Para los alumnos que no dispongan de estos medios, nuestro centro cuenta con aula de inform\u00e1tica que se podr\u00e1 usar en el horario estipulado.<\/li>\n<\/ul>\n<p data-adtags-visited=\"true\">Al tratarse de una&nbsp;<strong>ense\u00f1anza modular<\/strong>, los trimestres o m\u00f3dulos se aprueban de manera independiente y se conserva el aprobado para el curso siguiente. Por ejemplo, si durante un curso apruebas el primer y el segundo trimestre de un \u00e1mbito de nivel 2 (m\u00f3dulos 4 y 5), pero suspendes el tercer trimestre (m\u00f3dulo 6), el curso siguiente solo tendr\u00e1s que cursar ese m\u00f3dulo y conservar\u00e1s los dos primeros como m\u00f3dulos aprobados.<\/p>\n<p data-adtags-visited=\"true\"><strong>IMPORTANTE:&nbsp; Solo podr\u00e1s estar matriculado un m\u00e1ximo de 3 cursos en esta modalidad. Aunque dejes de ir a clase y no te presentes a los ex\u00e1menes la matr\u00edcula sigue vigente y pierdes un curso igualmente. Una vez agotado el m\u00e1ximo de 3 cursos solo podr\u00e1s obtener el t\u00edtulo de graduado en secundaria v\u00eda prueba libre.<\/strong><\/p>\n<ul>\n<li data-adtags-visited=\"true\">El nivel 1 y 2 lo impartimos&nbsp; en el CEPER JOsefina Molina como centro adscrito y en coordinaci\u00f3n con el IPEP.<\/li>\n<li data-adtags-visited=\"true\">El nivel 1 y 2 lo impartimos&nbsp; en el SEPER Parque Figueroa como centro adscrito y en coordinaci\u00f3n con el IES Trassierra.<\/li>\n<\/ul>\n<p data-adtags-visited=\"true\">Una de las ventajas de esta MODALIDAD SEMIPRESENCIAL TAE es que adem\u00e1s de los profesores del IES que te evaluar\u00e1n, tambi\u00e9n tendr\u00e1s <strong>un tutor TAE para cada \u00e1mbito, que te impartir\u00e1 las clases y te guiar\u00e1 en todo el proceso hasta la obtenci\u00f3n de la titulaci\u00f3n.<\/strong><\/p>\n<p data-adtags-visited=\"true\"><strong>\u00bfPuedo matricularme en la ESPA y preparar los ex\u00e1menes por mi cuenta sin asistir a clase?<\/strong><\/p>\n<p data-adtags-visited=\"true\">La modalidad de la ESPA que se imparte en el centro es&nbsp;<strong>SEMIPRESENCIAL,<\/strong>&nbsp;tiene por tanto una parte que es PRESENCIAL y que se valora para la nota de los m\u00f3dulos, si no asistes a clase perder\u00e1s esa parte de la nota.<\/p>\n<p data-adtags-visited=\"true\">Las estad\u00edsticas demuestran que el porcentaje de aprobados en los alumnos que no asisten a clase es muy reducido mientras que en los alumnos que S\u00cd asisten a clase es del 70-90%.<\/p>\n<p data-adtags-visited=\"true\">La carga lectiva de la ESPA es de entre 10 y 15 horas semanales. Puedes consultar los horarios en el tabl\u00f3n de anuncios del centro.<\/p>\n<p data-adtags-visited=\"true\">Si no tienes tiempo para asistir a clase te recomendamos que te matricules en la modalidad A DISTANCIA de la ESPA que imparte el IEDA o que te prepares las pruebas libres por tu cuenta tambi\u00e9n con nosotros.<\/p>\n<h2>PROGRAMACI\u00d3N<\/h2>\n<div style=\"text-align: center\">\n<div style=\"margin: 8px 0px 4px\"><a href=\"https:\/\/www.calameo.com\/books\/007366701e83aef806317\" target=\"_blank\" rel=\"noopener noreferrer\">Programaci\u00f3n Tae Ii Completa<\/a><\/div>\n<p><iframe loading=\"lazy\" src=\"\/\/v.calameo.com\/?bkcode=007366701e83aef806317&amp;mode=mini\" width=\"480\" height=\"300\" frameborder=\"0\" scrolling=\"no\"><\/iframe><\/p>\n<div style=\"margin: 4px 0px 8px\"><a href=\"http:\/\/www.calameo.com\/\" target=\"_blank\" rel=\"noopener noreferrer\">Leer m\u00e1s publicaciones en Calam\u00e9o<\/a><\/div>\n<\/div>\n<p>&nbsp;<\/p>\n<h2>DOCUMENTACI\u00d3N A ENTREGAR PARA REALIZAR LA MATRICULACI\u00d3N<\/h2>\n<p data-adtags-visited=\"true\"><strong>ESPA<\/strong><\/p>\n<ul>\n<li>2 fotocopias del DNI, NIE o pasaporte<\/li>\n<li>2 fotograf\u00edas tama\u00f1o carn\u00e9<\/li>\n<li>Los menores de 25 a\u00f1os deber\u00e1n abonar 2 euros en concepto de seguro escolar.<\/li>\n<\/ul>\n<p data-adtags-visited=\"true\"><strong>*<\/strong>&nbsp;En caso de solicitar matriculaci\u00f3n en el nivel 2 estando en posesi\u00f3n del t\u00edtulo de Graduado Escolar, se debe aportar original y fotocopia de este.<\/p>\n<p data-adtags-visited=\"true\"><strong>*<\/strong> En caso de solicitar convalidaciones de alg\u00fan o algunos \u00e1mbitos, se debe aportar certificado de notas.<\/p>\n<p data-adtags-visited=\"true\"><strong>PREPARACI\u00d3N PARA LA PRUEBA LIBRE<\/strong><\/p>\n<ul>\n<li>1 fotocopia del DNI, NIE o pasaporte<\/li>\n<li>1 fotograf\u00eda tama\u00f1o carn\u00e9<\/li>\n<\/ul>\n<p data-adtags-visited=\"true\"><strong>PLAZO DE MATRICULACI\u00d3N&nbsp;<\/strong><\/p>\n<p data-adtags-visited=\"true\">Ordinario: entre 1 y el 15 de junio<\/p>\n<p data-adtags-visited=\"true\">Extraordinario: entre 1 y el 15 de septiembre<\/p>\n<p data-adtags-visited=\"true\">Si quedar\u00e1n plazas seguir\u00edamos admitiendo nuevas matr\u00edculas hasta el 31 de diciembre, pero ten en cuenta que las clases comienzan a mediados de septiembre y que si te incorporas m\u00e1s tarde te habr\u00e1s perdido las primeras semanas de clase que son las m\u00e1s importantes, disminuyendo en gran medidas las posibilidades de aprobar.<\/p>\n<p data-adtags-visited=\"true\">No se admiten matr\u00edculas fuera de plazo salvo las circunstancias excepcionales demostrables descritas en la normativa.<\/p>\n<p data-adtags-visited=\"true\"><strong>HORARIO DE ATENCI\u00d3N AL P\u00daBLICO<\/strong><\/p>\n<p data-adtags-visited=\"true\">Durante la primera quincena de septiembre: Lunes a viernes de 12:30 a 13.30 horas<\/p>\n<p data-adtags-visited=\"true\">Durante el resto del curso: Consultar en el apartado horarios o en el tabl\u00f3n de informaci\u00f3n del centro.<\/p>\n<p data-adtags-visited=\"true\"><strong>\u00bfEs posible presentarme a las Pruebas Libres sin asistir a clase?<\/strong><\/p>\n<p data-adtags-visited=\"true\">S\u00ed. Cualquier persona que cumpla el requisito de la edad puede presentarse a las pruebas. Puedes presentarte sin haber estado matriculado en nuestro centro y habi\u00e9ndote preparado el temario por tu cuenta, pero tendr\u00e1s que rellenar la solicitud en el plazo correspondiente a trav\u00e9s de la Secretar\u00eda Virtual.<\/p>\n<p data-adtags-visited=\"true\">Habitualmente los plazos para la entrega de la solicitudes son los siguientes.<\/p>\n<ul>\n<li>CONVOCATORIA DE ABRIL: Del 1 al 15 de febrero<\/li>\n<li>CONVOCATORIA DE JUNIO: Del 15 de abril al 10 de mayo.<\/li>\n<\/ul>\n<p data-adtags-visited=\"true\"><strong>\u00bfC\u00f3mo se entrega la solicitud?<\/strong><\/p>\n<h3><strong>LOS CENTROS EDUCATIVOS NO SON CENTROS RECEPTORES DE SOLICITUDES.<\/strong><\/h3>\n<p data-adtags-visited=\"true\">Tendr\u00e1s que rellenarla y entregarla a trav\u00e9s de la Secretar\u00eda Virtual accediendo con certificado digital o clave iAnde, o bien imprimiendo la solicitud una vez rellena y entreg\u00e1ndola en cualquier registro oficial.<\/p>\n<h3><strong>NUESTRO CENTRO NO PUEDE RECOGER SOLICITUDES<\/strong><\/h3>\n<p data-adtags-visited=\"true\">Puedes consultar m\u00e1s informaci\u00f3n y el temario de las pruebas libres&nbsp;<strong><a href=\"https:\/\/ceperalmazara.wordpress.com\/prueba-libre-secundaria\/\">aqu\u00ed<\/a>.<\/strong><\/p>\n<h1>Otras v\u00edas para obtener el t\u00edtulo de Graduado en Secundaria<\/h1>\n<p data-adtags-visited=\"true\">Adem\u00e1s de estas dos modalidades que oferta el CEPER Josefinamolina y sus secciones Parque Figueroa y Paulo Freire, existen otras dos que tambi\u00e9n te permiten la obtenci\u00f3n de esta titulaci\u00f3n:<\/p>\n<ul>\n<li><strong>Modalidad presencial:<\/strong> compuesta tambi\u00e9n de NIVEL I Y NIVEL 2. Con una carga lectiva superior a la modalidad semipresencial: 20 horas semanales. Carece de parte no presencial y de realizaci\u00f3n de tareas online. La ofertan algunos IES y\/o el IPEP de C\u00f3rdoba.<\/li>\n<\/ul>\n<ul>\n<li><strong>Modalidad a distancia<\/strong>: solo la imparte el IEDA (Instituto de Ense\u00f1anzas a distancia de Andaluc\u00eda). Tendr\u00e1s que seguir el temario de manera online, y tendr\u00e1s un tutor a distancia. Los ex\u00e1menes trimestrales son presenciales. Consta de nivel 1 y nivel 2. Las plazas son muy limitadas.<\/li>\n<\/ul>\n","protected":false},"excerpt":{"rendered":"<p>GRADUADO EN SECUNDARIA &nbsp; El CEPER Josefina Molina y su secci\u00f3n de Parque Figueroa&nbsp; imparten actualmente dos planes educativos que conducen a la obtenci\u00f3n de la titulaci\u00f3n de Graduado en Secundaria. A continuaci\u00f3n te&#46;&#46;&#46;<\/p>\n","protected":false},"author":6168,"featured_media":0,"parent":0,"menu_order":0,"comment_status":"closed","ping_status":"closed","template":"","meta":{"ngg_post_thumbnail":0,"footnotes":"","_mc_calendar":[]},"aioseo_notices":[],"_links":{"self":[{"href":"https:\/\/blogsaverroes.juntadeandalucia.es\/ceperjosefinamolina\/wp-json\/wp\/v2\/pages\/3107"}],"collection":[{"href":"https:\/\/blogsaverroes.juntadeandalucia.es\/ceperjosefinamolina\/wp-json\/wp\/v2\/pages"}],"about":[{"href":"https:\/\/blogsaverroes.juntadeandalucia.es\/ceperjosefinamolina\/wp-json\/wp\/v2\/types\/page"}],"author":[{"embeddable":true,"href":"https:\/\/blogsaverroes.juntadeandalucia.es\/ceperjosefinamolina\/wp-json\/wp\/v2\/users\/6168"}],"replies":[{"embeddable":true,"href":"https:\/\/blogsaverroes.juntadeandalucia.es\/ceperjosefinamolina\/wp-json\/wp\/v2\/comments?post=3107"}],"version-history":[{"count":1,"href":"https:\/\/blogsaverroes.juntadeandalucia.es\/ceperjosefinamolina\/wp-json\/wp\/v2\/pages\/3107\/revisions"}],"predecessor-version":[{"id":3845,"href":"https:\/\/blogsaverroes.juntadeandalucia.es\/ceperjosefinamolina\/wp-json\/wp\/v2\/pages\/3107\/revisions\/3845"}],"wp:attachment":[{"href":"https:\/\/blogsaverroes.juntadeandalucia.es\/ceperjosefinamolina\/wp-json\/wp\/v2\/media?parent=3107"}],"curies":[{"name":"wp","href":"https:\/\/api.w.org\/{rel}","templated":true}]}}