{"id":2145,"date":"2024-05-16T16:21:52","date_gmt":"2024-05-16T14:21:52","guid":{"rendered":"https:\/\/blogsaverroes.juntadeandalucia.es\/ceperlapalma\/?page_id=2145"},"modified":"2024-05-16T16:53:28","modified_gmt":"2024-05-16T14:53:28","slug":"programa-cima","status":"publish","type":"page","link":"https:\/\/blogsaverroes.juntadeandalucia.es\/ceperlapalma\/proyectos\/programa-cima\/","title":{"rendered":"Programa CIMA"},"content":{"rendered":"<p>[et_pb_section fb_built=&#8221;1&#8243; _builder_version=&#8221;4.16&#8243; custom_padding=&#8221;0px||0px|&#8221; z_index_tablet=&#8221;500&#8243; box_shadow_horizontal_tablet=&#8221;0px&#8221; box_shadow_vertical_tablet=&#8221;0px&#8221; box_shadow_blur_tablet=&#8221;40px&#8221; box_shadow_spread_tablet=&#8221;0px&#8221; global_colors_info=&#8221;{}&#8221;][et_pb_row _builder_version=&#8221;4.16&#8243; background_size=&#8221;initial&#8221; background_position=&#8221;top_left&#8221; background_repeat=&#8221;repeat&#8221; global_colors_info=&#8221;{}&#8221;][et_pb_column type=&#8221;4_4&#8243; _builder_version=&#8221;4.16&#8243; custom_padding=&#8221;|||&#8221; global_colors_info=&#8221;{}&#8221; custom_padding__hover=&#8221;|||&#8221;][et_pb_image src=&#8221;https:\/\/blogsaverroes.juntadeandalucia.es\/ceperlapalma\/files\/2021\/11\/banner-int-c.jpg&#8221; title_text=&#8221;banner-int-c&#8221; admin_label=&#8221;Imagen de la portada&#8221; _builder_version=&#8221;4.16&#8243; vertical_offset_tablet=&#8221;0&#8243; horizontal_offset_tablet=&#8221;0&#8243; z_index_tablet=&#8221;500&#8243; box_shadow_horizontal_tablet=&#8221;0px&#8221; box_shadow_vertical_tablet=&#8221;0px&#8221; box_shadow_blur_tablet=&#8221;40px&#8221; box_shadow_spread_tablet=&#8221;0px&#8221; global_colors_info=&#8221;{}&#8221;][\/et_pb_image][\/et_pb_column][\/et_pb_row][et_pb_row column_structure=&#8221;3_5,2_5&#8243; _builder_version=&#8221;4.16&#8243; _module_preset=&#8221;default&#8221; global_colors_info=&#8221;{}&#8221;][et_pb_column type=&#8221;3_5&#8243; _builder_version=&#8221;4.16&#8243; _module_preset=&#8221;default&#8221; global_colors_info=&#8221;{}&#8221;][et_pb_text admin_label=&#8221;Texto descriptivo&#8221; _builder_version=&#8221;4.24.2&#8243; z_index_tablet=&#8221;500&#8243; text_text_shadow_horizontal_length_tablet=&#8221;0px&#8221; text_text_shadow_vertical_length_tablet=&#8221;0px&#8221; text_text_shadow_blur_strength_tablet=&#8221;1px&#8221; link_text_shadow_horizontal_length_tablet=&#8221;0px&#8221; link_text_shadow_vertical_length_tablet=&#8221;0px&#8221; link_text_shadow_blur_strength_tablet=&#8221;1px&#8221; ul_text_shadow_horizontal_length_tablet=&#8221;0px&#8221; ul_text_shadow_vertical_length_tablet=&#8221;0px&#8221; ul_text_shadow_blur_strength_tablet=&#8221;1px&#8221; ol_text_shadow_horizontal_length_tablet=&#8221;0px&#8221; ol_text_shadow_vertical_length_tablet=&#8221;0px&#8221; ol_text_shadow_blur_strength_tablet=&#8221;1px&#8221; quote_text_shadow_horizontal_length_tablet=&#8221;0px&#8221; quote_text_shadow_vertical_length_tablet=&#8221;0px&#8221; quote_text_shadow_blur_strength_tablet=&#8221;1px&#8221; header_text_shadow_horizontal_length_tablet=&#8221;0px&#8221; header_text_shadow_vertical_length_tablet=&#8221;0px&#8221; header_text_shadow_blur_strength_tablet=&#8221;1px&#8221; header_2_text_shadow_horizontal_length_tablet=&#8221;0px&#8221; header_2_text_shadow_vertical_length_tablet=&#8221;0px&#8221; header_2_text_shadow_blur_strength_tablet=&#8221;1px&#8221; header_3_text_shadow_horizontal_length_tablet=&#8221;0px&#8221; header_3_text_shadow_vertical_length_tablet=&#8221;0px&#8221; header_3_text_shadow_blur_strength_tablet=&#8221;1px&#8221; header_4_text_shadow_horizontal_length_tablet=&#8221;0px&#8221; header_4_text_shadow_vertical_length_tablet=&#8221;0px&#8221; header_4_text_shadow_blur_strength_tablet=&#8221;1px&#8221; header_5_text_shadow_horizontal_length_tablet=&#8221;0px&#8221; header_5_text_shadow_vertical_length_tablet=&#8221;0px&#8221; header_5_text_shadow_blur_strength_tablet=&#8221;1px&#8221; header_6_text_shadow_horizontal_length_tablet=&#8221;0px&#8221; header_6_text_shadow_vertical_length_tablet=&#8221;0px&#8221; header_6_text_shadow_blur_strength_tablet=&#8221;1px&#8221; box_shadow_horizontal_tablet=&#8221;0px&#8221; box_shadow_vertical_tablet=&#8221;0px&#8221; box_shadow_blur_tablet=&#8221;40px&#8221; box_shadow_spread_tablet=&#8221;0px&#8221; global_colors_info=&#8221;{}&#8221;]<img loading=\"lazy\" decoding=\"async\" class=\"alignnone wp-image-2152 size-full\" src=\"https:\/\/blogsaverroes.juntadeandalucia.es\/ceperlapalma\/files\/2024\/05\/programa-cima-logo2.jpg\" alt=\"\" width=\"675\" height=\"128\" srcset=\"https:\/\/blogsaverroes.juntadeandalucia.es\/ceperlapalma\/files\/2024\/05\/programa-cima-logo2.jpg 675w, https:\/\/blogsaverroes.juntadeandalucia.es\/ceperlapalma\/files\/2024\/05\/programa-cima-logo2-480x91.jpg 480w\" sizes=\"(min-width: 0px) and (max-width: 480px) 480px, (min-width: 481px) 675px, 100vw\" \/><\/p>\n<h3>Para la transformaci\u00f3n hacia entornos m\u00e1s sostenibles y saludables<\/h3>\n<p>El objetivo principal de este centro de inter\u00e9s es promover la transformaci\u00f3n de los espacios educativos hacia la salud y la sostenibilidad, capacitando al alumnado como agente del cambio para mejorar la salud de la comunidad educativa y del entorno, fomentando el autocuidado, la educaci\u00f3n emocional, la movilidad sostenible y la educaci\u00f3n ambiental.<\/p>\n<p>Este centro de inter\u00e9s se divide en dos \u00e1mbitos de conocimiento y en diferentes l\u00edneas de actuaci\u00f3n para cada uno:<\/p>\n<ul>\n<li>Promoci\u00f3n de h\u00e1bitos de vida saludable.<\/li>\n<li>Aldea, educaci\u00f3n ambiental para la sostenibilidad<\/li>\n<\/ul>\n<h3>Promoci\u00f3n de h\u00e1bitos de vida saludable<\/h3>\n<p>Un conjunto de programas de h\u00e1bitos de vida saludable de educaci\u00f3n infantil, primaria y secundaria han formado parte de los programas educativos en los \u00faltimos a\u00f1os. Un recorrido que ha aportado buenas pr\u00e1cticas en la comunidad educativa especialmente en lo relacionado con los ni\u00f1os, ni\u00f1as y j\u00f3venes de Andaluc\u00eda y un acercamiento entre profesionales del sector de educaci\u00f3n y sociosanitarios de forma ejemplar.<\/p>\n<p>Algunas de estas experiencias de cooperaci\u00f3n han sido de gran valor y nos han servido para plantear un salto y avance conceptual en el abordaje de las competencias promotoras de salud que indica el curr\u00edculo educativo y tambi\u00e9n las pol\u00edticas de salud comunitaria.<\/p>\n<p>Tras este recorrido estamos en condiciones de dar un paso m\u00e1s y actualizar los programas con una perspectiva m\u00e1s integral, con enfoques did\u00e1cticos innovadores y abordando las cuatro dimensiones fundamentales en la promoci\u00f3n de salud en la escuela como son el curr\u00edculo, el entorno psicosocial del centro, la familia y la colaboraci\u00f3n con los recursos comunitarios que protegen y promueven el valor \u201csalud\u201d, tanto individual como colectivo.<\/p>\n<p>En este sentido, se plantean las siguientes L\u00edneas de Actuaci\u00f3n dentro de este \u00e1mbito de conocimiento, entendiendo todas ellas como pilares fundamentales para la promoci\u00f3n de h\u00e1bitos de vida saludable en la comunidad educativa:<\/p>\n<ul>\n<li>Inteligencia emocional.<\/li>\n<li>Alimentaci\u00f3n saludable.<\/li>\n<li>Actividad f\u00edsica y deporte.<\/li>\n<li>Sue\u00f1o saludable y autocuidado.<\/li>\n<li>Educaci\u00f3n afectivo-sexual.<\/li>\n<li>Higiene digital.<\/li>\n<li>Ocio saludable. Prevenci\u00f3n del consumo de sustancias adictivas.<\/li>\n<li>Educaci\u00f3n vial.<\/li>\n<\/ul>\n<h3>Aldea. Educaci\u00f3n ambiental para la sostenibilidad<\/h3>\n<p>Este \u00e1mbito, que se viene trabajando en la comunidad educativa andaluza desde la Consejer\u00eda de Desarrollo Educativo y Formaci\u00f3n Profesional, la Consejer\u00eda de Sostenibilidad, Medio Ambiente y Econom\u00eda Azul y la Consejer\u00eda de Agricultura, Pesca, Agua y Desarrollo Rural, pretende promover el desarrollo integrado de iniciativas de educaci\u00f3n ambiental ante la situaci\u00f3n de emergencia clim\u00e1tica actual, la conexi\u00f3n con la naturaleza y renaturalizaci\u00f3n de espacios, el cambio clim\u00e1tico, el desarrollo sostenible y las relaciones del ser humano con su entorno social y natural (competencia ecosocial).<\/p>\n<p>Este \u00e1mbito se articula en torno a diferentes l\u00edneas de actuaci\u00f3n con el objeto de contribuir a una transformaci\u00f3n hacia sociedades m\u00e1s justas, democr\u00e1ticas y sostenibles y permitiendo el logro de una educaci\u00f3n integral que comparte y se asienta en los cuatro pilares educativos que propone la UNESCO: Aprender a ser, aprender a convivir, aprender a conocer, aprender a hacer.<\/p>\n<p>En este sentido, se plantean las siguientes L\u00edneas de Actuaci\u00f3n dentro de este \u00e1mbito de conocimiento, entendiendo todas ellas como pilares fundamentales para educar en la sostenibilidad:<\/p>\n<ul>\n<li>Impacto del cambio clim\u00e1tico en el medio natural y social.<\/li>\n<li>Conservaci\u00f3n y mejora de la biodiversidad.<\/li>\n<li>Educaci\u00f3n para la circularidad.<\/li>\n<li>Ecosistemas forestales y flora silvestre.<\/li>\n<li>Uso sostenible y responsable del agua.<\/li>\n<li>Litoral y medio oce\u00e1nico.<\/li>\n<li>Huertos escolares.<\/li>\n<\/ul>\n<p>[\/et_pb_text][\/et_pb_column][et_pb_column type=&#8221;2_5&#8243; _builder_version=&#8221;4.16&#8243; _module_preset=&#8221;default&#8221; global_colors_info=&#8221;{}&#8221;][et_pb_sidebar _builder_version=&#8221;4.16&#8243; _module_preset=&#8221;default&#8221; global_colors_info=&#8221;{}&#8221;][\/et_pb_sidebar][et_pb_text _builder_version=&#8221;4.16&#8243; _module_preset=&#8221;default&#8221; global_colors_info=&#8221;{}&#8221;]<\/p>\n<h2>\u00daltimas actividades relacionadas<\/h2>\n<p>[\/et_pb_text][et_pb_blog fullwidth=&#8221;off&#8221; posts_number=&#8221;5&#8243; include_categories=&#8221;15&#8243; show_author=&#8221;off&#8221; show_date=&#8221;off&#8221; show_categories=&#8221;off&#8221; _builder_version=&#8221;4.24.2&#8243; _module_preset=&#8221;default&#8221; hover_enabled=&#8221;0&#8243; global_colors_info=&#8221;{}&#8221; sticky_enabled=&#8221;0&#8243;][\/et_pb_blog][\/et_pb_column][\/et_pb_row][\/et_pb_section]<\/p>\n","protected":false},"excerpt":{"rendered":"<p>Para la transformaci\u00f3n hacia entornos m\u00e1s sostenibles y saludables El objetivo principal de este centro de inter\u00e9s es promover la transformaci\u00f3n de los espacios educativos hacia la salud y la sostenibilidad, capacitando al alumnado como agente del cambio para mejorar la salud de la comunidad educativa y del entorno, fomentando el autocuidado, la educaci\u00f3n emocional, [&hellip;]<\/p>\n","protected":false},"author":3477,"featured_media":0,"parent":699,"menu_order":0,"comment_status":"closed","ping_status":"closed","template":"","meta":{"_et_pb_use_builder":"on","_et_pb_old_content":"","_et_gb_content_width":"","ngg_post_thumbnail":0,"footnotes":""},"aioseo_notices":[],"_links":{"self":[{"href":"https:\/\/blogsaverroes.juntadeandalucia.es\/ceperlapalma\/wp-json\/wp\/v2\/pages\/2145"}],"collection":[{"href":"https:\/\/blogsaverroes.juntadeandalucia.es\/ceperlapalma\/wp-json\/wp\/v2\/pages"}],"about":[{"href":"https:\/\/blogsaverroes.juntadeandalucia.es\/ceperlapalma\/wp-json\/wp\/v2\/types\/page"}],"author":[{"embeddable":true,"href":"https:\/\/blogsaverroes.juntadeandalucia.es\/ceperlapalma\/wp-json\/wp\/v2\/users\/3477"}],"replies":[{"embeddable":true,"href":"https:\/\/blogsaverroes.juntadeandalucia.es\/ceperlapalma\/wp-json\/wp\/v2\/comments?post=2145"}],"version-history":[{"count":11,"href":"https:\/\/blogsaverroes.juntadeandalucia.es\/ceperlapalma\/wp-json\/wp\/v2\/pages\/2145\/revisions"}],"predecessor-version":[{"id":2169,"href":"https:\/\/blogsaverroes.juntadeandalucia.es\/ceperlapalma\/wp-json\/wp\/v2\/pages\/2145\/revisions\/2169"}],"up":[{"embeddable":true,"href":"https:\/\/blogsaverroes.juntadeandalucia.es\/ceperlapalma\/wp-json\/wp\/v2\/pages\/699"}],"wp:attachment":[{"href":"https:\/\/blogsaverroes.juntadeandalucia.es\/ceperlapalma\/wp-json\/wp\/v2\/media?parent=2145"}],"curies":[{"name":"wp","href":"https:\/\/api.w.org\/{rel}","templated":true}]}}

<p>[et_pb_section fb_built=&#8221;1&#8243; _builder_version=&#8221;4.16&#8243; custom_padding=&#8221;0px||0px|&#8221; z_index_tablet=&#8221;500&#8243; box_shadow_horizontal_tablet=&#8221;0px&#8221; box_shadow_vertical_tablet=&#8221;0px&#8221; box_shadow_blur_tablet=&#8221;40px&#8221; box_shadow_spread_tablet=&#8221;0px&#8221; global_colors_info=&#8221;{}&#8221;][et_pb_row _builder_version=&#8221;4.16&#8243; background_size=&#8221;initial&#8221; background_position=&#8221;top_left&#8221; background_repeat=&#8221;repeat&#8221; global_colors_info=&#8221;{}&#8221;][et_pb_column type=&#8221;4_4&#8243; _builder_version=&#8221;4.16&#8243; custom_padding=&#8221;|||&#8221; global_colors_info=&#8221;{}&#8221; custom_padding__hover=&#8221;|||&#8221;][et_pb_image src=&#8221;https://blogsaverroes.juntadeandalucia.es/ceperlapalma/files/2021/11/banner-int-c.jpg&#8221; title_text=&#8221;banner-int-c&#8221; admin_label=&#8221;Imagen de la portada&#8221; _builder_version=&#8221;4.16&#8243; vertical_offset_tablet=&#8221;0&#8243; horizontal_offset_tablet=&#8221;0&#8243; z_index_tablet=&#8221;500&#8243; box_shadow_horizontal_tablet=&#8221;0px&#8221; box_shadow_vertical_tablet=&#8221;0px&#8221; box_shadow_blur_tablet=&#8221;40px&#8221; box_shadow_spread_tablet=&#8221;0px&#8221; global_colors_info=&#8221;{}&#8221;][/et_pb_image][/et_pb_column][/et_pb_row][et_pb_row column_structure=&#8221;3_5,2_5&#8243; _builder_version=&#8221;4.16&#8243; _module_preset=&#8221;default&#8221; global_colors_info=&#8221;{}&#8221;][et_pb_column type=&#8221;3_5&#8243; _builder_version=&#8221;4.16&#8243; _module_preset=&#8221;default&#8221; global_colors_info=&#8221;{}&#8221;][et_pb_text admin_label=&#8221;Texto descriptivo&#8221; _builder_version=&#8221;4.24.2&#8243; z_index_tablet=&#8221;500&#8243; text_text_shadow_horizontal_length_tablet=&#8221;0px&#8221; text_text_shadow_vertical_length_tablet=&#8221;0px&#8221; text_text_shadow_blur_strength_tablet=&#8221;1px&#8221; link_text_shadow_horizontal_length_tablet=&#8221;0px&#8221; link_text_shadow_vertical_length_tablet=&#8221;0px&#8221; link_text_shadow_blur_strength_tablet=&#8221;1px&#8221; ul_text_shadow_horizontal_length_tablet=&#8221;0px&#8221; ul_text_shadow_vertical_length_tablet=&#8221;0px&#8221; ul_text_shadow_blur_strength_tablet=&#8221;1px&#8221; ol_text_shadow_horizontal_length_tablet=&#8221;0px&#8221; ol_text_shadow_vertical_length_tablet=&#8221;0px&#8221; ol_text_shadow_blur_strength_tablet=&#8221;1px&#8221; quote_text_shadow_horizontal_length_tablet=&#8221;0px&#8221; quote_text_shadow_vertical_length_tablet=&#8221;0px&#8221; quote_text_shadow_blur_strength_tablet=&#8221;1px&#8221; header_text_shadow_horizontal_length_tablet=&#8221;0px&#8221; header_text_shadow_vertical_length_tablet=&#8221;0px&#8221; header_text_shadow_blur_strength_tablet=&#8221;1px&#8221; header_2_text_shadow_horizontal_length_tablet=&#8221;0px&#8221; header_2_text_shadow_vertical_length_tablet=&#8221;0px&#8221; header_2_text_shadow_blur_strength_tablet=&#8221;1px&#8221; header_3_text_shadow_horizontal_length_tablet=&#8221;0px&#8221; header_3_text_shadow_vertical_length_tablet=&#8221;0px&#8221; header_3_text_shadow_blur_strength_tablet=&#8221;1px&#8221; header_4_text_shadow_horizontal_length_tablet=&#8221;0px&#8221; header_4_text_shadow_vertical_length_tablet=&#8221;0px&#8221; header_4_text_shadow_blur_strength_tablet=&#8221;1px&#8221; header_5_text_shadow_horizontal_length_tablet=&#8221;0px&#8221; header_5_text_shadow_vertical_length_tablet=&#8221;0px&#8221; header_5_text_shadow_blur_strength_tablet=&#8221;1px&#8221; header_6_text_shadow_horizontal_length_tablet=&#8221;0px&#8221; header_6_text_shadow_vertical_length_tablet=&#8221;0px&#8221; header_6_text_shadow_blur_strength_tablet=&#8221;1px&#8221; box_shadow_horizontal_tablet=&#8221;0px&#8221; box_shadow_vertical_tablet=&#8221;0px&#8221; box_shadow_blur_tablet=&#8221;40px&#8221; box_shadow_spread_tablet=&#8221;0px&#8221; global_colors_info=&#8221;{}&#8221;]<img loading="lazy" decoding="async" class="alignnone wp-image-2152 size-full" src="https://blogsaverroes.juntadeandalucia.es/ceperlapalma/files/2024/05/programa-cima-logo2.jpg" alt="" width="675" height="128" srcset="https://blogsaverroes.juntadeandalucia.es/ceperlapalma/files/2024/05/programa-cima-logo2.jpg 675w, https://blogsaverroes.juntadeandalucia.es/ceperlapalma/files/2024/05/programa-cima-logo2-480x91.jpg 480w" sizes="(min-width: 0px) and (max-width: 480px) 480px, (min-width: 481px) 675px, 100vw" /></p>
<h3>Para la transformación hacia entornos más sostenibles y saludables</h3>
<p>El objetivo principal de este centro de interés es promover la transformación de los espacios educativos hacia la salud y la sostenibilidad, capacitando al alumnado como agente del cambio para mejorar la salud de la comunidad educativa y del entorno, fomentando el autocuidado, la educación emocional, la movilidad sostenible y la educación ambiental.</p>
<p>Este centro de interés se divide en dos ámbitos de conocimiento y en diferentes líneas de actuación para cada uno:</p>
<ul>
<li>Promoción de hábitos de vida saludable.</li>
<li>Aldea, educación ambiental para la sostenibilidad</li>
</ul>
<h3>Promoción de hábitos de vida saludable</h3>
<p>Un conjunto de programas de hábitos de vida saludable de educación infantil, primaria y secundaria han formado parte de los programas educativos en los últimos años. Un recorrido que ha aportado buenas prácticas en la comunidad educativa especialmente en lo relacionado con los niños, niñas y jóvenes de Andalucía y un acercamiento entre profesionales del sector de educación y sociosanitarios de forma ejemplar.</p>
<p>Algunas de estas experiencias de cooperación han sido de gran valor y nos han servido para plantear un salto y avance conceptual en el abordaje de las competencias promotoras de salud que indica el currículo educativo y también las políticas de salud comunitaria.</p>
<p>Tras este recorrido estamos en condiciones de dar un paso más y actualizar los programas con una perspectiva más integral, con enfoques didácticos innovadores y abordando las cuatro dimensiones fundamentales en la promoción de salud en la escuela como son el currículo, el entorno psicosocial del centro, la familia y la colaboración con los recursos comunitarios que protegen y promueven el valor “salud”, tanto individual como colectivo.</p>
<p>En este sentido, se plantean las siguientes Líneas de Actuación dentro de este ámbito de conocimiento, entendiendo todas ellas como pilares fundamentales para la promoción de hábitos de vida saludable en la comunidad educativa:</p>
<ul>
<li>Inteligencia emocional.</li>
<li>Alimentación saludable.</li>
<li>Actividad física y deporte.</li>
<li>Sueño saludable y autocuidado.</li>
<li>Educación afectivo-sexual.</li>
<li>Higiene digital.</li>
<li>Ocio saludable. Prevención del consumo de sustancias adictivas.</li>
<li>Educación vial.</li>
</ul>
<h3>Aldea. Educación ambiental para la sostenibilidad</h3>
<p>Este ámbito, que se viene trabajando en la comunidad educativa andaluza desde la Consejería de Desarrollo Educativo y Formación Profesional, la Consejería de Sostenibilidad, Medio Ambiente y Economía Azul y la Consejería de Agricultura, Pesca, Agua y Desarrollo Rural, pretende promover el desarrollo integrado de iniciativas de educación ambiental ante la situación de emergencia climática actual, la conexión con la naturaleza y renaturalización de espacios, el cambio climático, el desarrollo sostenible y las relaciones del ser humano con su entorno social y natural (competencia ecosocial).</p>
<p>Este ámbito se articula en torno a diferentes líneas de actuación con el objeto de contribuir a una transformación hacia sociedades más justas, democráticas y sostenibles y permitiendo el logro de una educación integral que comparte y se asienta en los cuatro pilares educativos que propone la UNESCO: Aprender a ser, aprender a convivir, aprender a conocer, aprender a hacer.</p>
<p>En este sentido, se plantean las siguientes Líneas de Actuación dentro de este ámbito de conocimiento, entendiendo todas ellas como pilares fundamentales para educar en la sostenibilidad:</p>
<ul>
<li>Impacto del cambio climático en el medio natural y social.</li>
<li>Conservación y mejora de la biodiversidad.</li>
<li>Educación para la circularidad.</li>
<li>Ecosistemas forestales y flora silvestre.</li>
<li>Uso sostenible y responsable del agua.</li>
<li>Litoral y medio oceánico.</li>
<li>Huertos escolares.</li>
</ul>
<p>[/et_pb_text][/et_pb_column][et_pb_column type=&#8221;2_5&#8243; _builder_version=&#8221;4.16&#8243; _module_preset=&#8221;default&#8221; global_colors_info=&#8221;{}&#8221;][et_pb_sidebar _builder_version=&#8221;4.16&#8243; _module_preset=&#8221;default&#8221; global_colors_info=&#8221;{}&#8221;][/et_pb_sidebar][et_pb_text _builder_version=&#8221;4.16&#8243; _module_preset=&#8221;default&#8221; global_colors_info=&#8221;{}&#8221;]</p>
<h2>Últimas actividades relacionadas</h2>
<p>[/et_pb_text][et_pb_blog fullwidth=&#8221;off&#8221; posts_number=&#8221;5&#8243; include_categories=&#8221;15&#8243; show_author=&#8221;off&#8221; show_date=&#8221;off&#8221; show_categories=&#8221;off&#8221; _builder_version=&#8221;4.24.2&#8243; _module_preset=&#8221;default&#8221; hover_enabled=&#8221;0&#8243; global_colors_info=&#8221;{}&#8221; sticky_enabled=&#8221;0&#8243;][/et_pb_blog][/et_pb_column][/et_pb_row][/et_pb_section]</p>

<p>Para la transformación hacia entornos más sostenibles y saludables El objetivo principal de este centro de interés es promover la transformación de los espacios educativos hacia la salud y la sostenibilidad, capacitando al alumnado como agente del cambio para mejorar la salud de la comunidad educativa y del entorno, fomentando el autocuidado, la educación emocional, [&hellip;]</p>
