{"id":383,"date":"2024-12-04T19:28:52","date_gmt":"2024-12-04T19:28:52","guid":{"rendered":"https:\/\/blogsaverroes.juntadeandalucia.es\/ceperlapastira\/?page_id=383"},"modified":"2025-03-11T16:53:29","modified_gmt":"2025-03-11T16:53:29","slug":"ceper-la-pastira","status":"publish","type":"page","link":"https:\/\/blogsaverroes.juntadeandalucia.es\/ceperlapastira\/ceper-la-pastira\/","title":{"rendered":"CEPER LA PASTIRA"},"content":{"rendered":"<p><img loading=\"lazy\" decoding=\"async\" class=\"alignnone wp-image-339\" src=\"https:\/\/blogsaverroes.juntadeandalucia.es\/ceperlapastira\/files\/2024\/11\/1.jpg\" alt=\"\" width=\"334\" height=\"290\" srcset=\"https:\/\/blogsaverroes.juntadeandalucia.es\/ceperlapastira\/files\/2024\/11\/1.jpg 2000w, https:\/\/blogsaverroes.juntadeandalucia.es\/ceperlapastira\/files\/2024\/11\/1-300x260.jpg 300w, https:\/\/blogsaverroes.juntadeandalucia.es\/ceperlapastira\/files\/2024\/11\/1-1024x889.jpg 1024w, https:\/\/blogsaverroes.juntadeandalucia.es\/ceperlapastira\/files\/2024\/11\/1-768x667.jpg 768w, https:\/\/blogsaverroes.juntadeandalucia.es\/ceperlapastira\/files\/2024\/11\/1-1536x1333.jpg 1536w\" sizes=\"(max-width: 334px) 100vw, 334px\" \/>&nbsp; &nbsp;&nbsp; <img loading=\"lazy\" decoding=\"async\" class=\"alignnone wp-image-424\" src=\"https:\/\/blogsaverroes.juntadeandalucia.es\/ceperlapastira\/files\/2024\/12\/pastira-1.jpg\" alt=\"\" width=\"352\" height=\"244\"><\/p>\n<p>El CEPER La Pastira est\u00e1 ubicado en el IES Jabalcuz, habiendo sido trasladado por problemas en la estructura del anterior edificio. El centro se sit\u00faa en la avenida Santa Mar\u00eda del Valle s\/n, en la zona noroeste de Ja\u00e9n, concretamente en el barrio del Pol\u00edgono del Valle.<\/p>\n<p>El barrio del centro se caracteriza por ser un barrio de gran tradici\u00f3n y arraigo, cuya poblaci\u00f3n, eminentemente obrera, cuenta con uno de los est\u00e1ndares de renta econ\u00f3mica medio-bajos y con un \u00edndice de paro significativo, especialmente entre la juventud, comparado con otros barrios.<\/p>\n<p>Cabe destacar que el barrio cuenta con un centro social, una asociaci\u00f3n vecinal (PASSO), una fundaci\u00f3n de apoyo y servicio a los m\u00e1s desfavorecidos, especialmente dirigida a los j\u00f3venes: la Fundaci\u00f3n Proyecto Don Bosco. No cabe duda de que todos y cada uno de estos servicios luchan para mejorar la calidad de vida y las condiciones de la comunidad en la que se hallan inmersos.<\/p>\n<p>Por otro lado el entorno del centro cuenta con tres institutos de educaci\u00f3n secundaria y un instituto de educaci\u00f3n permanente, los cuales ofrecen un amplio abanico de titulaciones y estudios.&nbsp;<\/p>\n","protected":false},"excerpt":{"rendered":"<p>&nbsp; &nbsp;&nbsp; El CEPER La Pastira est\u00e1 ubicado en el IES Jabalcuz, habiendo sido trasladado por problemas en la estructura del anterior edificio. El centro se sit\u00faa en la avenida Santa Mar\u00eda del Valle&#46;&#46;&#46;<\/p>\n","protected":false},"author":11889,"featured_media":0,"parent":0,"menu_order":0,"comment_status":"closed","ping_status":"closed","template":"","meta":{"ngg_post_thumbnail":0,"footnotes":""},"aioseo_notices":[],"_links":{"self":[{"href":"https:\/\/blogsaverroes.juntadeandalucia.es\/ceperlapastira\/wp-json\/wp\/v2\/pages\/383"}],"collection":[{"href":"https:\/\/blogsaverroes.juntadeandalucia.es\/ceperlapastira\/wp-json\/wp\/v2\/pages"}],"about":[{"href":"https:\/\/blogsaverroes.juntadeandalucia.es\/ceperlapastira\/wp-json\/wp\/v2\/types\/page"}],"author":[{"embeddable":true,"href":"https:\/\/blogsaverroes.juntadeandalucia.es\/ceperlapastira\/wp-json\/wp\/v2\/users\/11889"}],"replies":[{"embeddable":true,"href":"https:\/\/blogsaverroes.juntadeandalucia.es\/ceperlapastira\/wp-json\/wp\/v2\/comments?post=383"}],"version-history":[{"count":6,"href":"https:\/\/blogsaverroes.juntadeandalucia.es\/ceperlapastira\/wp-json\/wp\/v2\/pages\/383\/revisions"}],"predecessor-version":[{"id":552,"href":"https:\/\/blogsaverroes.juntadeandalucia.es\/ceperlapastira\/wp-json\/wp\/v2\/pages\/383\/revisions\/552"}],"wp:attachment":[{"href":"https:\/\/blogsaverroes.juntadeandalucia.es\/ceperlapastira\/wp-json\/wp\/v2\/media?parent=383"}],"curies":[{"name":"wp","href":"https:\/\/api.w.org\/{rel}","templated":true}]}}

<p><img loading="lazy" decoding="async" class="alignnone wp-image-339" src="https://blogsaverroes.juntadeandalucia.es/ceperlapastira/files/2024/11/1.jpg" alt="" width="334" height="290" srcset="https://blogsaverroes.juntadeandalucia.es/ceperlapastira/files/2024/11/1.jpg 2000w, https://blogsaverroes.juntadeandalucia.es/ceperlapastira/files/2024/11/1-300x260.jpg 300w, https://blogsaverroes.juntadeandalucia.es/ceperlapastira/files/2024/11/1-1024x889.jpg 1024w, https://blogsaverroes.juntadeandalucia.es/ceperlapastira/files/2024/11/1-768x667.jpg 768w, https://blogsaverroes.juntadeandalucia.es/ceperlapastira/files/2024/11/1-1536x1333.jpg 1536w" sizes="(max-width: 334px) 100vw, 334px" />&nbsp; &nbsp;&nbsp; <img loading="lazy" decoding="async" class="alignnone wp-image-424" src="https://blogsaverroes.juntadeandalucia.es/ceperlapastira/files/2024/12/pastira-1.jpg" alt="" width="352" height="244"></p>
<p>El CEPER La Pastira está ubicado en el IES Jabalcuz, habiendo sido trasladado por problemas en la estructura del anterior edificio. El centro se sitúa en la avenida Santa María del Valle s/n, en la zona noroeste de Jaén, concretamente en el barrio del Polígono del Valle.</p>
<p>El barrio del centro se caracteriza por ser un barrio de gran tradición y arraigo, cuya población, eminentemente obrera, cuenta con uno de los estándares de renta económica medio-bajos y con un índice de paro significativo, especialmente entre la juventud, comparado con otros barrios.</p>
<p>Cabe destacar que el barrio cuenta con un centro social, una asociación vecinal (PASSO), una fundación de apoyo y servicio a los más desfavorecidos, especialmente dirigida a los jóvenes: la Fundación Proyecto Don Bosco. No cabe duda de que todos y cada uno de estos servicios luchan para mejorar la calidad de vida y las condiciones de la comunidad en la que se hallan inmersos.</p>
<p>Por otro lado el entorno del centro cuenta con tres institutos de educación secundaria y un instituto de educación permanente, los cuales ofrecen un amplio abanico de titulaciones y estudios.&nbsp;</p>

<p>&nbsp; &nbsp;&nbsp; El CEPER La Pastira está ubicado en el IES Jabalcuz, habiendo sido trasladado por problemas en la estructura del anterior edificio. El centro se sitúa en la avenida Santa María del Valle&#46;&#46;&#46;</p>
