{"id":3098,"date":"2020-12-07T17:12:42","date_gmt":"2020-12-07T17:12:42","guid":{"rendered":"https:\/\/blogsaverroes.juntadeandalucia.es\/ceperlosolivos\/?page_id=3098"},"modified":"2022-11-20T21:47:35","modified_gmt":"2022-11-20T21:47:35","slug":"datos-del-centro","status":"publish","type":"page","link":"https:\/\/blogsaverroes.juntadeandalucia.es\/ceperlosolivos\/datos-del-centro\/","title":{"rendered":"DATOS DEL CENTRO"},"content":{"rendered":"<p><iframe src=\"https:\/\/www.google.com\/maps\/embed?pb=!1m18!1m12!1m3!1d1398.6636083546273!2d-3.7815605500663416!3d38.096132438518154!2m3!1f0!2f0!3f0!3m2!1i1024!2i768!4f13.1!3m3!1m2!1s0xd6c27d2625c5d23%3A0xe50106b58b56b209!2zQ2FsbGUgSnVhbiBSYW3Ds24gSmltw6luZXosIDIzLCAyMzcxMCBCYWlsw6luLCBKYcOpbg!5e0!3m2!1ses!2ses!4v1607897252691!5m2!1ses!2ses\" width=\"800\" height=\"300\" frameborder=\"0\"><\/iframe><\/p>\n<p>Direcci\u00f3n: C\/ Juan Ram\u00f3n Jim\u00e9nez, n\u00ba 23 (23710 \u2013 Bail\u00e9n)<br \/>\nTel\u00e9fono: 953 60 95 27<br \/>\nM\u00f3vil: 617566824<br \/>\nWhatsapp: 636762888<br \/>\nemail: 23500012.edu@juntadeandalucia.es<\/p>\n<h2><span style=\"text-decoration: underline\"><strong><span style=\"color: #ff0000;text-decoration: underline\">HORARIO DE APERTURA:<\/span><\/strong><\/span><\/h2>\n<ul>\n<li>DE LUNES A JUEVES: De 16.00 a 21.00 horas.<\/li>\n<li>VIERNES: DE 9.00 a 14.00 horas<\/li>\n<\/ul>\n","protected":false},"excerpt":{"rendered":"<p>Direcci\u00f3n: C\/ Juan Ram\u00f3n Jim\u00e9nez, n\u00ba 23 (23710 \u2013 Bail\u00e9n) Tel\u00e9fono: 953 60 95 27 M\u00f3vil: 617566824 Whatsapp: 636762888 email: 23500012.edu@juntadeandalucia.es HORARIO DE APERTURA: DE LUNES A JUEVES: De 16.00 a 21.00 horas. VIERNES: DE 9.00 a 14.00 horas<\/p>\n","protected":false},"author":11657,"featured_media":0,"parent":0,"menu_order":0,"comment_status":"closed","ping_status":"closed","template":"","meta":{"ngg_post_thumbnail":0,"footnotes":"","_mc_calendar":[]},"aioseo_notices":[],"_links":{"self":[{"href":"https:\/\/blogsaverroes.juntadeandalucia.es\/ceperlosolivos\/wp-json\/wp\/v2\/pages\/3098"}],"collection":[{"href":"https:\/\/blogsaverroes.juntadeandalucia.es\/ceperlosolivos\/wp-json\/wp\/v2\/pages"}],"about":[{"href":"https:\/\/blogsaverroes.juntadeandalucia.es\/ceperlosolivos\/wp-json\/wp\/v2\/types\/page"}],"author":[{"embeddable":true,"href":"https:\/\/blogsaverroes.juntadeandalucia.es\/ceperlosolivos\/wp-json\/wp\/v2\/users\/11657"}],"replies":[{"embeddable":true,"href":"https:\/\/blogsaverroes.juntadeandalucia.es\/ceperlosolivos\/wp-json\/wp\/v2\/comments?post=3098"}],"version-history":[{"count":7,"href":"https:\/\/blogsaverroes.juntadeandalucia.es\/ceperlosolivos\/wp-json\/wp\/v2\/pages\/3098\/revisions"}],"predecessor-version":[{"id":4363,"href":"https:\/\/blogsaverroes.juntadeandalucia.es\/ceperlosolivos\/wp-json\/wp\/v2\/pages\/3098\/revisions\/4363"}],"wp:attachment":[{"href":"https:\/\/blogsaverroes.juntadeandalucia.es\/ceperlosolivos\/wp-json\/wp\/v2\/media?parent=3098"}],"curies":[{"name":"wp","href":"https:\/\/api.w.org\/{rel}","templated":true}]}}