{"id":3159,"date":"2020-12-12T22:28:33","date_gmt":"2020-12-12T22:28:33","guid":{"rendered":"https:\/\/blogsaverroes.juntadeandalucia.es\/ceperlosolivos\/?page_id=3159"},"modified":"2022-11-20T12:53:22","modified_gmt":"2022-11-20T12:53:22","slug":"informatica-nivel-basico","status":"publish","type":"page","link":"https:\/\/blogsaverroes.juntadeandalucia.es\/ceperlosolivos\/informatica-nivel-basico\/","title":{"rendered":"INFORM\u00c1TICA NIVEL B\u00c1SICO"},"content":{"rendered":"<p style=\"text-align: justify\">En este nivel se incluir\u00e1n aquellos alumnos\/as NUNCA han utilizado el ordenador y aquellos\/as que tienen un manejo b\u00e1sico del rat\u00f3n y del teclado. Se podr\u00e1 optar con seguir un ritmo de aprendizaje m\u00e1s r\u00e1pido o elegir personalizar el avance, adapt\u00e1ndolo a las necesidades de cada alumno o alumna.<\/p>\n<p style=\"text-align: justify\">El nombre del grupo NO IMPLICA que se vaya a llevar un ritmo lento de aprendizaje. No deja de ser un simple nombre que se asigna al grupo y el ritmo de aprendizaje vendr\u00e1 marcado por las necesidades del alumnado que lo componga.<\/p>\n<p style=\"text-align: justify\">Las primeras<strong><span style=\"color: #ff0000\"> 15 matr\u00edculas<\/span><\/strong> tendr\u00e1n derecho a usar los ordenadores del aula, a partir de ese n\u00famero, los alumnos\/as matriculados deber\u00e1n venir al Centro con su propio equipo port\u00e1til.<\/p>\n<h3><span style=\"color: #ff0000\">CONTENIDOS QUE SE TRABAJAR\u00c1N:<\/span><\/h3>\n<ol>\n<li>Manejo de <span style=\"color: #ff0000\">rat\u00f3n<\/span>.<\/li>\n<li>Conocimiento del <span style=\"color: #ff0000\">teclado<\/span> y combinaciones de teclas b\u00e1sicas.<\/li>\n<li>Trabajo con editor de texto de <span style=\"color: #ff0000\">GOOGLE DOCUMENTOS<\/span>.<\/li>\n<li>Uso de <span style=\"color: #ff0000\">correo electr\u00f3nico<\/span>.<\/li>\n<li>Uso del <span style=\"color: #ff0000\">Drive<\/span> para guardar y compartir nuestros archivos.<\/li>\n<li>Uso de <span style=\"color: #ff0000\">whatsapp<\/span> <span style=\"color: #ff0000\">web<\/span> para compartir archivos de nuestro m\u00f3vil desde el PC.<\/li>\n<li>Acercamiento al <span style=\"color: #ff0000\">PDF<\/span>.<\/li>\n<li>Acercamiento a distintas herramientas incluidas en la plataforma de <span style=\"color: #ff0000\">GSUITE<\/span>:\n<ol>\n<li><span style=\"color: #ff0000\">Presentaciones<\/span><\/li>\n<li><span style=\"color: #ff0000\">Hoja de c\u00e1lculo.<\/span><\/li>\n<\/ol>\n<\/li>\n<li>Cualquier otro contenido que a lo largo del curso se considere oportuno abordar.&nbsp;<\/li>\n<\/ol>\n<p>&nbsp;<\/p>\n","protected":false},"excerpt":{"rendered":"<p>En este nivel se incluir\u00e1n aquellos alumnos\/as NUNCA han utilizado el ordenador y aquellos\/as que tienen un manejo b\u00e1sico del rat\u00f3n y del teclado. Se podr\u00e1 optar con seguir un ritmo de aprendizaje m\u00e1s r\u00e1pido o elegir personalizar el avance, adapt\u00e1ndolo a las necesidades de cada alumno o alumna. El nombre del grupo NO IMPLICA &hellip; <a href=\"https:\/\/blogsaverroes.juntadeandalucia.es\/ceperlosolivos\/informatica-nivel-basico\/\" class=\"more-link\">Continuar leyendo<span class=\"screen-reader-text\"> &#8220;INFORM\u00c1TICA NIVEL B\u00c1SICO&#8221;<\/span><\/a><\/p>\n","protected":false},"author":11657,"featured_media":0,"parent":0,"menu_order":0,"comment_status":"closed","ping_status":"closed","template":"","meta":{"ngg_post_thumbnail":0,"footnotes":"","_mc_calendar":[]},"aioseo_notices":[],"_links":{"self":[{"href":"https:\/\/blogsaverroes.juntadeandalucia.es\/ceperlosolivos\/wp-json\/wp\/v2\/pages\/3159"}],"collection":[{"href":"https:\/\/blogsaverroes.juntadeandalucia.es\/ceperlosolivos\/wp-json\/wp\/v2\/pages"}],"about":[{"href":"https:\/\/blogsaverroes.juntadeandalucia.es\/ceperlosolivos\/wp-json\/wp\/v2\/types\/page"}],"author":[{"embeddable":true,"href":"https:\/\/blogsaverroes.juntadeandalucia.es\/ceperlosolivos\/wp-json\/wp\/v2\/users\/11657"}],"replies":[{"embeddable":true,"href":"https:\/\/blogsaverroes.juntadeandalucia.es\/ceperlosolivos\/wp-json\/wp\/v2\/comments?post=3159"}],"version-history":[{"count":5,"href":"https:\/\/blogsaverroes.juntadeandalucia.es\/ceperlosolivos\/wp-json\/wp\/v2\/pages\/3159\/revisions"}],"predecessor-version":[{"id":4357,"href":"https:\/\/blogsaverroes.juntadeandalucia.es\/ceperlosolivos\/wp-json\/wp\/v2\/pages\/3159\/revisions\/4357"}],"wp:attachment":[{"href":"https:\/\/blogsaverroes.juntadeandalucia.es\/ceperlosolivos\/wp-json\/wp\/v2\/media?parent=3159"}],"curies":[{"name":"wp","href":"https:\/\/api.w.org\/{rel}","templated":true}]}}