{"id":1209,"date":"2024-01-17T14:54:26","date_gmt":"2024-01-17T13:54:26","guid":{"rendered":"https:\/\/blogsaverroes.juntadeandalucia.es\/ceperlosvelezoria\/?page_id=1209"},"modified":"2024-05-22T15:22:02","modified_gmt":"2024-05-22T14:22:02","slug":"matriculacion","status":"publish","type":"page","link":"https:\/\/blogsaverroes.juntadeandalucia.es\/ceperlosvelezoria\/matriculacion\/","title":{"rendered":"Matriculaci\u00f3n"},"content":{"rendered":"<p><span style=\"color: #000000\">La matriculaci\u00f3n para el curso 2024\/2025 se podr\u00e1 realizar desde 1 al 15 de junio y a partir del 1 de septiembre. El impreso se puede descarga <a href=\"https:\/\/blogsaverroes.juntadeandalucia.es\/ceperlosvelezoria\/files\/2024\/05\/Impreso_matric_Planes_anexo_V.pdf\">aqu\u00ed<\/a>.<\/span><\/p>\n<p><span style=\"color: #000000\">La matriculaci\u00f3n para cursar la Ense\u00f1anza Secundaria de Adultos tambi\u00e9n se podr\u00e1 realizar del 1 al 15 de junio y a partir del 1 de septiembre. El impreso necesario para la matriculaci\u00f3n se puede descargar <a href=\"https:\/\/blogsaverroes.juntadeandalucia.es\/ceperlosvelezoria\/files\/2024\/05\/Anexo-III-ESO.pdf\">aqu\u00ed<\/a>.<\/span><\/p>\n","protected":false},"excerpt":{"rendered":"<p>La matriculaci\u00f3n para el curso 2024\/2025 se podr\u00e1 realizar desde 1 al 15 de junio y a partir del 1 de septiembre. El impreso se puede descarga aqu\u00ed. La matriculaci\u00f3n para cursar la Ense\u00f1anza&#46;&#46;&#46;<\/p>\n","protected":false},"author":18765,"featured_media":0,"parent":0,"menu_order":0,"comment_status":"closed","ping_status":"closed","template":"","meta":{"ngg_post_thumbnail":0,"footnotes":""},"aioseo_notices":[],"_links":{"self":[{"href":"https:\/\/blogsaverroes.juntadeandalucia.es\/ceperlosvelezoria\/wp-json\/wp\/v2\/pages\/1209"}],"collection":[{"href":"https:\/\/blogsaverroes.juntadeandalucia.es\/ceperlosvelezoria\/wp-json\/wp\/v2\/pages"}],"about":[{"href":"https:\/\/blogsaverroes.juntadeandalucia.es\/ceperlosvelezoria\/wp-json\/wp\/v2\/types\/page"}],"author":[{"embeddable":true,"href":"https:\/\/blogsaverroes.juntadeandalucia.es\/ceperlosvelezoria\/wp-json\/wp\/v2\/users\/18765"}],"replies":[{"embeddable":true,"href":"https:\/\/blogsaverroes.juntadeandalucia.es\/ceperlosvelezoria\/wp-json\/wp\/v2\/comments?post=1209"}],"version-history":[{"count":9,"href":"https:\/\/blogsaverroes.juntadeandalucia.es\/ceperlosvelezoria\/wp-json\/wp\/v2\/pages\/1209\/revisions"}],"predecessor-version":[{"id":1999,"href":"https:\/\/blogsaverroes.juntadeandalucia.es\/ceperlosvelezoria\/wp-json\/wp\/v2\/pages\/1209\/revisions\/1999"}],"wp:attachment":[{"href":"https:\/\/blogsaverroes.juntadeandalucia.es\/ceperlosvelezoria\/wp-json\/wp\/v2\/media?parent=1209"}],"curies":[{"name":"wp","href":"https:\/\/api.w.org\/{rel}","templated":true}]}}