{"id":1212,"date":"2024-01-17T14:55:43","date_gmt":"2024-01-17T13:55:43","guid":{"rendered":"https:\/\/blogsaverroes.juntadeandalucia.es\/ceperlosvelezoria\/?page_id=1212"},"modified":"2025-12-22T10:28:51","modified_gmt":"2025-12-22T09:28:51","slug":"horario-de-atencion-y-contacto","status":"publish","type":"page","link":"https:\/\/blogsaverroes.juntadeandalucia.es\/ceperlosvelezoria\/horario-de-atencion-y-contacto\/","title":{"rendered":"Horario de atenci\u00f3n y contacto"},"content":{"rendered":"\t\t<div data-elementor-type=\"wp-page\" data-elementor-id=\"1212\" class=\"elementor elementor-1212\">\n\t\t\t\t\t\t<section class=\"elementor-section elementor-top-section elementor-element elementor-element-0cf0585 elementor-section-boxed elementor-section-height-default elementor-section-height-default\" data-id=\"0cf0585\" data-element_type=\"section\">\n\t\t\t\t\t\t<div class=\"elementor-container elementor-column-gap-default\">\n\t\t\t\t\t<div class=\"elementor-column elementor-col-100 elementor-top-column elementor-element elementor-element-ff3e475\" data-id=\"ff3e475\" data-element_type=\"column\">\n\t\t\t<div class=\"elementor-widget-wrap elementor-element-populated\">\n\t\t\t\t\t\t<div class=\"elementor-element elementor-element-ad0dbcb elementor-widget elementor-widget-text-editor\" data-id=\"ad0dbcb\" data-element_type=\"widget\" data-widget_type=\"text-editor.default\">\n\t\t\t\t<div class=\"elementor-widget-container\">\n\t\t\t\t\t\t\t\t\t<p><span style=\"color: #000000\">Estaremos encantados de poderle resolver sus dudas y atender sus sugerencias en nuestro C.E.PER. Los V\u00e9lez-Oria que se encuentra ubicado en la&nbsp;<a href=\"https:\/\/maps.app.goo.gl\/goPTtEpyAYJDypTQA\"><strong>Carrera del Carmen, 33, 2\u00aa planta, V\u00e9lez-Rubio, Almer\u00eda<\/strong><\/a>.<\/span><\/p>\n<p><span style=\"color: #000000\"> Tel\u00e9fono:<span aria-label=\"Llamar al n\u00famero de tel\u00e9fono 950 41 95 63\">&nbsp;950 41 95 63<\/span><\/span><\/p>\n<p><span style=\"color: #000000\"><span aria-label=\"Llamar al n\u00famero de tel\u00e9fono 950 41 95 63\">Correo electr\u00f3nico: ceperlosvelezoria@gmail.com<\/span><\/span><\/p>\t\t\t\t\t\t\t\t<\/div>\n\t\t\t\t<\/div>\n\t\t\t\t\t<\/div>\n\t\t<\/div>\n\t\t\t\t\t<\/div>\n\t\t<\/section>\n\t\t\t\t<section class=\"elementor-section elementor-top-section elementor-element elementor-element-8de3ecf elementor-section-boxed elementor-section-height-default elementor-section-height-default\" data-id=\"8de3ecf\" data-element_type=\"section\">\n\t\t\t\t\t\t<div class=\"elementor-container elementor-column-gap-default\">\n\t\t\t\t\t<div class=\"elementor-column elementor-col-50 elementor-top-column elementor-element elementor-element-7af60c5\" data-id=\"7af60c5\" data-element_type=\"column\">\n\t\t\t<div class=\"elementor-widget-wrap elementor-element-populated\">\n\t\t\t\t\t\t<div class=\"elementor-element elementor-element-d3a5e83 elementor-widget elementor-widget-google_maps\" data-id=\"d3a5e83\" data-element_type=\"widget\" data-widget_type=\"google_maps.default\">\n\t\t\t\t<div class=\"elementor-widget-container\">\n\t\t\t\t\t\t\t<div class=\"elementor-custom-embed\">\n\t\t\t<iframe loading=\"lazy\"\n\t\t\t\t\tsrc=\"https:\/\/maps.google.com\/maps?q=Carrera%20del%20Carmen%2C%2033%2C%20V%C3%A9lez-Rubio%2C%20Almer%C3%ADa&#038;t=m&#038;z=15&#038;output=embed&#038;iwloc=near\"\n\t\t\t\t\ttitle=\"Carrera del Carmen, 33, V\u00e9lez-Rubio, Almer\u00eda\"\n\t\t\t\t\taria-label=\"Carrera del Carmen, 33, V\u00e9lez-Rubio, Almer\u00eda\"\n\t\t\t><\/iframe>\n\t\t<\/div>\n\t\t\t\t\t\t<\/div>\n\t\t\t\t<\/div>\n\t\t\t\t\t<\/div>\n\t\t<\/div>\n\t\t\t\t<div class=\"elementor-column elementor-col-50 elementor-top-column elementor-element elementor-element-b28bb48\" data-id=\"b28bb48\" data-element_type=\"column\">\n\t\t\t<div class=\"elementor-widget-wrap\">\n\t\t\t\t\t\t\t<\/div>\n\t\t<\/div>\n\t\t\t\t\t<\/div>\n\t\t<\/section>\n\t\t\t\t<\/div>\n\t\t","protected":false},"excerpt":{"rendered":"<p>Estaremos encantados de poderle resolver sus dudas y atender sus sugerencias en nuestro C.E.PER. Los V\u00e9lez-Oria que se encuentra ubicado en la&nbsp;Carrera del Carmen, 33, 2\u00aa planta, V\u00e9lez-Rubio, Almer\u00eda. Tel\u00e9fono:&nbsp;950 41 95 63 Correo&#46;&#46;&#46;<\/p>\n","protected":false},"author":18765,"featured_media":0,"parent":0,"menu_order":0,"comment_status":"closed","ping_status":"closed","template":"","meta":{"ngg_post_thumbnail":0,"footnotes":""},"aioseo_notices":[],"_links":{"self":[{"href":"https:\/\/blogsaverroes.juntadeandalucia.es\/ceperlosvelezoria\/wp-json\/wp\/v2\/pages\/1212"}],"collection":[{"href":"https:\/\/blogsaverroes.juntadeandalucia.es\/ceperlosvelezoria\/wp-json\/wp\/v2\/pages"}],"about":[{"href":"https:\/\/blogsaverroes.juntadeandalucia.es\/ceperlosvelezoria\/wp-json\/wp\/v2\/types\/page"}],"author":[{"embeddable":true,"href":"https:\/\/blogsaverroes.juntadeandalucia.es\/ceperlosvelezoria\/wp-json\/wp\/v2\/users\/18765"}],"replies":[{"embeddable":true,"href":"https:\/\/blogsaverroes.juntadeandalucia.es\/ceperlosvelezoria\/wp-json\/wp\/v2\/comments?post=1212"}],"version-history":[{"count":60,"href":"https:\/\/blogsaverroes.juntadeandalucia.es\/ceperlosvelezoria\/wp-json\/wp\/v2\/pages\/1212\/revisions"}],"predecessor-version":[{"id":2552,"href":"https:\/\/blogsaverroes.juntadeandalucia.es\/ceperlosvelezoria\/wp-json\/wp\/v2\/pages\/1212\/revisions\/2552"}],"wp:attachment":[{"href":"https:\/\/blogsaverroes.juntadeandalucia.es\/ceperlosvelezoria\/wp-json\/wp\/v2\/media?parent=1212"}],"curies":[{"name":"wp","href":"https:\/\/api.w.org\/{rel}","templated":true}]}}

Horario de atención y contacto

<div data-elementor-type="wp-page" data-elementor-id="1212" class="elementor elementor-1212">
						<section class="elementor-section elementor-top-section elementor-element elementor-element-0cf0585 elementor-section-boxed elementor-section-height-default elementor-section-height-default" data-id="0cf0585" data-element_type="section">
						<div class="elementor-container elementor-column-gap-default">
					<div class="elementor-column elementor-col-100 elementor-top-column elementor-element elementor-element-ff3e475" data-id="ff3e475" data-element_type="column">
			<div class="elementor-widget-wrap elementor-element-populated">
						<div class="elementor-element elementor-element-ad0dbcb elementor-widget elementor-widget-text-editor" data-id="ad0dbcb" data-element_type="widget" data-widget_type="text-editor.default">
				<div class="elementor-widget-container">
									<p><span style="color: #000000">Estaremos encantados de poderle resolver sus dudas y atender sus sugerencias en nuestro C.E.PER. Los Vélez-Oria que se encuentra ubicado en la&nbsp;<a href="https://maps.app.goo.gl/goPTtEpyAYJDypTQA"><strong>Carrera del Carmen, 33, 2ª planta, Vélez-Rubio, Almería</strong></a>.</span></p>
<p><span style="color: #000000"> Teléfono:<span aria-label="Llamar al número de teléfono 950 41 95 63">&nbsp;950 41 95 63</span></span></p>
<p><span style="color: #000000"><span aria-label="Llamar al número de teléfono 950 41 95 63">Correo electrónico: ceperlosvelezoria@gmail.com</span></span></p>								</div>
				</div>
					</div>
		</div>
					</div>
		</section>
				<section class="elementor-section elementor-top-section elementor-element elementor-element-8de3ecf elementor-section-boxed elementor-section-height-default elementor-section-height-default" data-id="8de3ecf" data-element_type="section">
						<div class="elementor-container elementor-column-gap-default">
					<div class="elementor-column elementor-col-50 elementor-top-column elementor-element elementor-element-7af60c5" data-id="7af60c5" data-element_type="column">
			<div class="elementor-widget-wrap elementor-element-populated">
						<div class="elementor-element elementor-element-d3a5e83 elementor-widget elementor-widget-google_maps" data-id="d3a5e83" data-element_type="widget" data-widget_type="google_maps.default">
				<div class="elementor-widget-container">
							<div class="elementor-custom-embed">
			<iframe loading="lazy"
					src="https://maps.google.com/maps?q=Carrera%20del%20Carmen%2C%2033%2C%20V%C3%A9lez-Rubio%2C%20Almer%C3%ADa&#038;t=m&#038;z=15&#038;output=embed&#038;iwloc=near"
					title="Carrera del Carmen, 33, Vélez-Rubio, Almería"
					aria-label="Carrera del Carmen, 33, Vélez-Rubio, Almería"
			></iframe>
		</div>
						</div>
				</div>
					</div>
		</div>
				<div class="elementor-column elementor-col-50 elementor-top-column elementor-element elementor-element-b28bb48" data-id="b28bb48" data-element_type="column">
			<div class="elementor-widget-wrap">
							</div>
		</div>
					</div>
		</section>
				</div>

<p>Estaremos encantados de poderle resolver sus dudas y atender sus sugerencias en nuestro C.E.PER. Los Vélez-Oria que se encuentra ubicado en la&nbsp;Carrera del Carmen, 33, 2ª planta, Vélez-Rubio, Almería. Teléfono:&nbsp;950 41 95 63 Correo&#46;&#46;&#46;</p>
