{"id":1357,"date":"2024-01-18T11:21:19","date_gmt":"2024-01-18T10:21:19","guid":{"rendered":"https:\/\/blogsaverroes.juntadeandalucia.es\/ceperlosvelezoria\/?page_id=1357"},"modified":"2024-03-14T20:22:01","modified_gmt":"2024-03-14T19:22:01","slug":"ensenanza-secundaria-de-adultos-esa","status":"publish","type":"page","link":"https:\/\/blogsaverroes.juntadeandalucia.es\/ceperlosvelezoria\/planes-y-proyectos\/ensenanza-secundaria-de-adultos-esa\/","title":{"rendered":"Ense\u00f1anza Secundaria de Adultos (ESA)"},"content":{"rendered":"\t\t<div data-elementor-type=\"wp-page\" data-elementor-id=\"1357\" class=\"elementor elementor-1357\">\n\t\t\t\t\t\t<section class=\"elementor-section elementor-top-section elementor-element elementor-element-05e61a8 elementor-section-boxed elementor-section-height-default elementor-section-height-default\" data-id=\"05e61a8\" data-element_type=\"section\">\n\t\t\t\t\t\t<div class=\"elementor-container elementor-column-gap-default\">\n\t\t\t\t\t<div class=\"elementor-column elementor-col-100 elementor-top-column elementor-element elementor-element-916793d\" data-id=\"916793d\" data-element_type=\"column\">\n\t\t\t<div class=\"elementor-widget-wrap elementor-element-populated\">\n\t\t\t\t\t\t<div class=\"elementor-element elementor-element-fe8408d elementor-widget elementor-widget-text-editor\" data-id=\"fe8408d\" data-element_type=\"widget\" data-widget_type=\"text-editor.default\">\n\t\t\t\t<div class=\"elementor-widget-container\">\n\t\t\t\t\t\t\t\t\t<p><span style=\"color: #000000\">Para cursar la Ense\u00f1anza Secundaria Obligatoria para personas adultas en modalidad semipresencial tendr\u00e1s que combinar ciertas clases presenciales de asistencia obligatoria con otras de manera telem\u00e1tica. Adem\u00e1s, tiene algunas diferencias respecto a la Educaci\u00f3n Secundaria Obligatoria en r\u00e9gimen ordinario son:<\/span><\/p>\n<ul>\n<li><span style=\"color: #000000\">Est\u00e1 organizada en&nbsp;<strong>dos niveles<\/strong>: Nivel I (1\u00ba y 2\u00ba de la ESO en r\u00e9gimen ordinario) y Nivel II (3\u00ba y 4\u00ba de la ESO en r\u00e9gimen ordinario).<\/span><\/li>\n<li><span style=\"color: #000000\">Los contenidos se agrupan por&nbsp;<strong>\u00e1mbitos,&nbsp;<\/strong>no por materias: \u00c1mbito de comunicaci\u00f3n, \u00c1mbito cient\u00edfico-tecnol\u00f3gico y \u00c1mbito social.<\/span><\/li>\n<li><span style=\"color: #000000\">Posibilidad de&nbsp;<strong>matr\u00edcula parcial&nbsp;<\/strong>por \u00e1mbitos en todas las modalidades.<\/span><\/li>\n<\/ul>\n<p><span style=\"color: #000000\">Adem\u00e1s, te puedes beneficiar del reconocimiento y equivalencia de aprendizajes adquiridos, tanto si accedes a la ESO para personas adultas por primera vez como si provienes del r\u00e9gimen ordinario de estas ense\u00f1anzas. Tambi\u00e9n, se reconocer\u00e1n aquellos \u00e1mbitos superados en las pruebas para la obtenci\u00f3n del t\u00edtulo de Graduado en Educaci\u00f3n Secundaria Obligatoria para personas mayores de 18 a\u00f1os. Estos \u00e1mbitos, una vez superados, no deben ser cursados de nuevo.<\/span><\/p>\n<p><span style=\"color: #000000\">Las sesiones presenciales son de 8 horas semanales (3 horas para el \u00c1mbito de comunicaci\u00f3n, 3 horas para el \u00c1mbito cient\u00edfico-tecnol\u00f3gico y 2 horas para el \u00c1mbito social). El resto de actividades y trabajos los realizar\u00e1s fuera del centro en el tiempo del que dispongas. As\u00ed podr\u00e1s formarte para la obtenci\u00f3n de t\u00edtulos y certificados oficiales del sistema educativo con menos tiempo de presencia f\u00edsica en el centro.<\/span><\/p>\n<p><span style=\"color: #000000\">Durante las sesiones presenciales podr\u00e1s recibir la ayuda pertinente para la realizaci\u00f3n de tareas, resolver dudas, recibir orientaci\u00f3n en el uso de las herramientas necesarias para esta modalidad de ense\u00f1anza, realizar las tareas grupales y en general mejorar tus destrezas orales. Adem\u00e1s, estas sesiones presenciales las puedes realizar en el IES m\u00e1s cercano o bien en el Centro de Adultos (CEPER o SEPER) de tu localidad.<\/span><\/p>\n<p><span style=\"color: #000000\">El temario del Nivel I puedes consultarlo&nbsp;<span style=\"color: #00ccff\"><a style=\"color: #00ccff\" href=\"https:\/\/www.juntadeandalucia.es\/educacion\/permanente\/materiales\/index.php?etapa=1\">aqu\u00ed&nbsp;<\/a><\/span>y el temario del Nivel II&nbsp;<span style=\"color: #00ccff\"><a style=\"color: #00ccff\" href=\"https:\/\/www.juntadeandalucia.es\/educacion\/permanente\/materiales\/index.php?etapa=2\">aqu\u00ed<\/a><\/span>.<\/span><\/p>\n<p><span style=\"color: #000000\">Para realizar la parte telem\u00e1tica en la modalidad semipresencial necesitar\u00e1s acceso a un equipo inform\u00e1tico y conexi\u00f3n a Internet de banda ancha; adem\u00e1s de conocimientos de navegaci\u00f3n b\u00e1sica por Internet y correo electr\u00f3nico para el acceso al aula virtual.<\/span><\/p>\n<p><span style=\"color: #000000\">La informaci\u00f3n para el acceso a dicha aula virtual, las herramientas y acciones b\u00e1sicas para la navegaci\u00f3n por la misma se te facilitar\u00e1n en el centro a principio de curso.<\/span><\/p>\n<p><\/p>\n<p><span style=\"color: #000000\">Fuente: <span style=\"color: #00ccff\"><a style=\"color: #00ccff\" href=\"https:\/\/www.juntadeandalucia.es\/educacion\/portals\/web\/educacion-permanente\/eso\/semipresencial\">Consejer\u00eda de Desarrollo Educativo y Formaci\u00f3n Profesional<\/a><\/span><\/span><\/p>\n<p><\/p>\t\t\t\t\t\t\t\t<\/div>\n\t\t\t\t<\/div>\n\t\t\t\t\t<\/div>\n\t\t<\/div>\n\t\t\t\t\t<\/div>\n\t\t<\/section>\n\t\t\t\t<\/div>\n\t\t","protected":false},"excerpt":{"rendered":"<p>Para cursar la Ense\u00f1anza Secundaria Obligatoria para personas adultas en modalidad semipresencial tendr\u00e1s que combinar ciertas clases presenciales de asistencia obligatoria con otras de manera telem\u00e1tica. Adem\u00e1s, tiene algunas diferencias respecto a la Educaci\u00f3n&#46;&#46;&#46;<\/p>\n","protected":false},"author":18765,"featured_media":0,"parent":850,"menu_order":0,"comment_status":"closed","ping_status":"closed","template":"","meta":{"ngg_post_thumbnail":0,"footnotes":""},"aioseo_notices":[],"_links":{"self":[{"href":"https:\/\/blogsaverroes.juntadeandalucia.es\/ceperlosvelezoria\/wp-json\/wp\/v2\/pages\/1357"}],"collection":[{"href":"https:\/\/blogsaverroes.juntadeandalucia.es\/ceperlosvelezoria\/wp-json\/wp\/v2\/pages"}],"about":[{"href":"https:\/\/blogsaverroes.juntadeandalucia.es\/ceperlosvelezoria\/wp-json\/wp\/v2\/types\/page"}],"author":[{"embeddable":true,"href":"https:\/\/blogsaverroes.juntadeandalucia.es\/ceperlosvelezoria\/wp-json\/wp\/v2\/users\/18765"}],"replies":[{"embeddable":true,"href":"https:\/\/blogsaverroes.juntadeandalucia.es\/ceperlosvelezoria\/wp-json\/wp\/v2\/comments?post=1357"}],"version-history":[{"count":16,"href":"https:\/\/blogsaverroes.juntadeandalucia.es\/ceperlosvelezoria\/wp-json\/wp\/v2\/pages\/1357\/revisions"}],"predecessor-version":[{"id":1708,"href":"https:\/\/blogsaverroes.juntadeandalucia.es\/ceperlosvelezoria\/wp-json\/wp\/v2\/pages\/1357\/revisions\/1708"}],"up":[{"embeddable":true,"href":"https:\/\/blogsaverroes.juntadeandalucia.es\/ceperlosvelezoria\/wp-json\/wp\/v2\/pages\/850"}],"wp:attachment":[{"href":"https:\/\/blogsaverroes.juntadeandalucia.es\/ceperlosvelezoria\/wp-json\/wp\/v2\/media?parent=1357"}],"curies":[{"name":"wp","href":"https:\/\/api.w.org\/{rel}","templated":true}]}}

Enseñanza Secundaria de Adultos (ESA)

<div data-elementor-type="wp-page" data-elementor-id="1357" class="elementor elementor-1357">
						<section class="elementor-section elementor-top-section elementor-element elementor-element-05e61a8 elementor-section-boxed elementor-section-height-default elementor-section-height-default" data-id="05e61a8" data-element_type="section">
						<div class="elementor-container elementor-column-gap-default">
					<div class="elementor-column elementor-col-100 elementor-top-column elementor-element elementor-element-916793d" data-id="916793d" data-element_type="column">
			<div class="elementor-widget-wrap elementor-element-populated">
						<div class="elementor-element elementor-element-fe8408d elementor-widget elementor-widget-text-editor" data-id="fe8408d" data-element_type="widget" data-widget_type="text-editor.default">
				<div class="elementor-widget-container">
									<p><span style="color: #000000">Para cursar la Enseñanza Secundaria Obligatoria para personas adultas en modalidad semipresencial tendrás que combinar ciertas clases presenciales de asistencia obligatoria con otras de manera telemática. Además, tiene algunas diferencias respecto a la Educación Secundaria Obligatoria en régimen ordinario son:</span></p>
<ul>
<li><span style="color: #000000">Está organizada en&nbsp;<strong>dos niveles</strong>: Nivel I (1º y 2º de la ESO en régimen ordinario) y Nivel II (3º y 4º de la ESO en régimen ordinario).</span></li>
<li><span style="color: #000000">Los contenidos se agrupan por&nbsp;<strong>ámbitos,&nbsp;</strong>no por materias: Ámbito de comunicación, Ámbito científico-tecnológico y Ámbito social.</span></li>
<li><span style="color: #000000">Posibilidad de&nbsp;<strong>matrícula parcial&nbsp;</strong>por ámbitos en todas las modalidades.</span></li>
</ul>
<p><span style="color: #000000">Además, te puedes beneficiar del reconocimiento y equivalencia de aprendizajes adquiridos, tanto si accedes a la ESO para personas adultas por primera vez como si provienes del régimen ordinario de estas enseñanzas. También, se reconocerán aquellos ámbitos superados en las pruebas para la obtención del título de Graduado en Educación Secundaria Obligatoria para personas mayores de 18 años. Estos ámbitos, una vez superados, no deben ser cursados de nuevo.</span></p>
<p><span style="color: #000000">Las sesiones presenciales son de 8 horas semanales (3 horas para el Ámbito de comunicación, 3 horas para el Ámbito científico-tecnológico y 2 horas para el Ámbito social). El resto de actividades y trabajos los realizarás fuera del centro en el tiempo del que dispongas. Así podrás formarte para la obtención de títulos y certificados oficiales del sistema educativo con menos tiempo de presencia física en el centro.</span></p>
<p><span style="color: #000000">Durante las sesiones presenciales podrás recibir la ayuda pertinente para la realización de tareas, resolver dudas, recibir orientación en el uso de las herramientas necesarias para esta modalidad de enseñanza, realizar las tareas grupales y en general mejorar tus destrezas orales. Además, estas sesiones presenciales las puedes realizar en el IES más cercano o bien en el Centro de Adultos (CEPER o SEPER) de tu localidad.</span></p>
<p><span style="color: #000000">El temario del Nivel I puedes consultarlo&nbsp;<span style="color: #00ccff"><a style="color: #00ccff" href="https://www.juntadeandalucia.es/educacion/permanente/materiales/index.php?etapa=1">aquí&nbsp;</a></span>y el temario del Nivel II&nbsp;<span style="color: #00ccff"><a style="color: #00ccff" href="https://www.juntadeandalucia.es/educacion/permanente/materiales/index.php?etapa=2">aquí</a></span>.</span></p>
<p><span style="color: #000000">Para realizar la parte telemática en la modalidad semipresencial necesitarás acceso a un equipo informático y conexión a Internet de banda ancha; además de conocimientos de navegación básica por Internet y correo electrónico para el acceso al aula virtual.</span></p>
<p><span style="color: #000000">La información para el acceso a dicha aula virtual, las herramientas y acciones básicas para la navegación por la misma se te facilitarán en el centro a principio de curso.</span></p>
<p></p>
<p><span style="color: #000000">Fuente: <span style="color: #00ccff"><a style="color: #00ccff" href="https://www.juntadeandalucia.es/educacion/portals/web/educacion-permanente/eso/semipresencial">Consejería de Desarrollo Educativo y Formación Profesional</a></span></span></p>
<p></p>								</div>
				</div>
					</div>
		</div>
					</div>
		</section>
				</div>

<p>Para cursar la Enseñanza Secundaria Obligatoria para personas adultas en modalidad semipresencial tendrás que combinar ciertas clases presenciales de asistencia obligatoria con otras de manera telemática. Además, tiene algunas diferencias respecto a la Educación&#46;&#46;&#46;</p>
