{"id":2692,"date":"2020-11-28T22:00:06","date_gmt":"2020-11-28T22:00:06","guid":{"rendered":"https:\/\/blogsaverroes.juntadeandalucia.es\/cepermadinatalixena\/?page_id=2692"},"modified":"2021-02-28T19:11:01","modified_gmt":"2021-02-28T19:11:01","slug":"informacion-general-6","status":"publish","type":"page","link":"https:\/\/blogsaverroes.juntadeandalucia.es\/cepermadinatalixena\/informacion-general-6\/","title":{"rendered":"Informaci\u00f3n general C.E.P. &#8220;Valenzuela&#8221;"},"content":{"rendered":"<p><strong>&nbsp; &nbsp;Direcci\u00f3n: <\/strong>C\/ Monte Calvario S\/N<img fetchpriority=\"high\" decoding=\"async\" class=\"alignleft size-medium wp-image-2861\" src=\"https:\/\/blogsaverroes.juntadeandalucia.es\/cepermadinatalixena\/files\/2020\/12\/Valenzuela-300x180.jpg\" alt=\"\" width=\"300\" height=\"180\" srcset=\"https:\/\/blogsaverroes.juntadeandalucia.es\/cepermadinatalixena\/files\/2020\/12\/Valenzuela-300x180.jpg 300w, https:\/\/blogsaverroes.juntadeandalucia.es\/cepermadinatalixena\/files\/2020\/12\/Valenzuela-1024x614.jpg 1024w, https:\/\/blogsaverroes.juntadeandalucia.es\/cepermadinatalixena\/files\/2020\/12\/Valenzuela-768x461.jpg 768w, https:\/\/blogsaverroes.juntadeandalucia.es\/cepermadinatalixena\/files\/2020\/12\/Valenzuela-24x14.jpg 24w, https:\/\/blogsaverroes.juntadeandalucia.es\/cepermadinatalixena\/files\/2020\/12\/Valenzuela-36x22.jpg 36w, https:\/\/blogsaverroes.juntadeandalucia.es\/cepermadinatalixena\/files\/2020\/12\/Valenzuela-48x29.jpg 48w, https:\/\/blogsaverroes.juntadeandalucia.es\/cepermadinatalixena\/files\/2020\/12\/Valenzuela.jpg 1500w\" sizes=\"(max-width: 300px) 100vw, 300px\" \/><\/p>\n<p><strong>&nbsp; &nbsp;C.P.: <\/strong>14670<\/p>\n<p><strong>&nbsp; &nbsp;Tel\u00e9fono:<\/strong> 957 59 66 73<\/p>\n<p><strong>&nbsp; &nbsp;Email: <\/strong>14500182.edu@juntadeandalucia.es<\/p>\n<p><strong>&nbsp; &nbsp;Horario de secretar\u00eda: <\/strong>mi\u00e9rcoles, de 10 a 13 h.<\/p>\n<p>&nbsp;<\/p>\n[googlemaps https:\/\/www.google.com\/maps\/embed?pb=!1m18!1m12!1m3!1d744.1682050629538!2d-4.219591118686345!3d37.77422220321619!2m3!1f0!2f0!3f0!3m2!1i1024!2i768!4f13.1!3m3!1m2!1s0xd6db0336a8d1dc1%3A0x8e0c43786d7759f5!2sCalle%20Monte%20Calvario%2C%2014670%20Valenzuela%2C%20C%C3%B3rdoba!5e0!3m2!1ses!2ses!4v1612097191534!5m2!1ses!2ses&amp;w=400&amp;h=300]\n<p>&nbsp;<\/p>\n","protected":false},"excerpt":{"rendered":"<p>&nbsp; &nbsp;Direcci\u00f3n: C\/ Monte Calvario S\/N &nbsp; &nbsp;C.P.: 14670 &nbsp; &nbsp;Tel\u00e9fono: 957 59 66 73 &nbsp; &nbsp;Email: 14500182.edu@juntadeandalucia.es &nbsp; &nbsp;Horario de secretar\u00eda: mi\u00e9rcoles, de 10 a 13 h. &nbsp; [googlemaps https:\/\/www.google.com\/maps\/embed?pb=!1m18!1m12!1m3!1d744.1682050629538!2d-4.219591118686345!3d37.77422220321619!2m3!1f0!2f0!3f0!3m2!1i1024!2i768!4f13.1!3m3!1m2!1s0xd6db0336a8d1dc1%3A0x8e0c43786d7759f5!2sCalle%20Monte%20Calvario%2C%2014670%20Valenzuela%2C%20C%C3%B3rdoba!5e0!3m2!1ses!2ses!4v1612097191534!5m2!1ses!2ses&amp;w=400&amp;h=300] &nbsp;<\/p>\n","protected":false},"author":11476,"featured_media":0,"parent":0,"menu_order":0,"comment_status":"closed","ping_status":"closed","template":"","meta":{"ngg_post_thumbnail":0,"footnotes":"","_mc_calendar":[]},"aioseo_notices":[],"_links":{"self":[{"href":"https:\/\/blogsaverroes.juntadeandalucia.es\/cepermadinatalixena\/wp-json\/wp\/v2\/pages\/2692"}],"collection":[{"href":"https:\/\/blogsaverroes.juntadeandalucia.es\/cepermadinatalixena\/wp-json\/wp\/v2\/pages"}],"about":[{"href":"https:\/\/blogsaverroes.juntadeandalucia.es\/cepermadinatalixena\/wp-json\/wp\/v2\/types\/page"}],"author":[{"embeddable":true,"href":"https:\/\/blogsaverroes.juntadeandalucia.es\/cepermadinatalixena\/wp-json\/wp\/v2\/users\/11476"}],"replies":[{"embeddable":true,"href":"https:\/\/blogsaverroes.juntadeandalucia.es\/cepermadinatalixena\/wp-json\/wp\/v2\/comments?post=2692"}],"version-history":[{"count":8,"href":"https:\/\/blogsaverroes.juntadeandalucia.es\/cepermadinatalixena\/wp-json\/wp\/v2\/pages\/2692\/revisions"}],"predecessor-version":[{"id":3961,"href":"https:\/\/blogsaverroes.juntadeandalucia.es\/cepermadinatalixena\/wp-json\/wp\/v2\/pages\/2692\/revisions\/3961"}],"wp:attachment":[{"href":"https:\/\/blogsaverroes.juntadeandalucia.es\/cepermadinatalixena\/wp-json\/wp\/v2\/media?parent=2692"}],"curies":[{"name":"wp","href":"https:\/\/api.w.org\/{rel}","templated":true}]}}

Información general C.E.P. &#8220;Valenzuela&#8221;

<p><strong>&nbsp; &nbsp;Dirección: </strong>C/ Monte Calvario S/N<img fetchpriority="high" decoding="async" class="alignleft size-medium wp-image-2861" src="https://blogsaverroes.juntadeandalucia.es/cepermadinatalixena/files/2020/12/Valenzuela-300x180.jpg" alt="" width="300" height="180" srcset="https://blogsaverroes.juntadeandalucia.es/cepermadinatalixena/files/2020/12/Valenzuela-300x180.jpg 300w, https://blogsaverroes.juntadeandalucia.es/cepermadinatalixena/files/2020/12/Valenzuela-1024x614.jpg 1024w, https://blogsaverroes.juntadeandalucia.es/cepermadinatalixena/files/2020/12/Valenzuela-768x461.jpg 768w, https://blogsaverroes.juntadeandalucia.es/cepermadinatalixena/files/2020/12/Valenzuela-24x14.jpg 24w, https://blogsaverroes.juntadeandalucia.es/cepermadinatalixena/files/2020/12/Valenzuela-36x22.jpg 36w, https://blogsaverroes.juntadeandalucia.es/cepermadinatalixena/files/2020/12/Valenzuela-48x29.jpg 48w, https://blogsaverroes.juntadeandalucia.es/cepermadinatalixena/files/2020/12/Valenzuela.jpg 1500w" sizes="(max-width: 300px) 100vw, 300px" /></p>
<p><strong>&nbsp; &nbsp;C.P.: </strong>14670</p>
<p><strong>&nbsp; &nbsp;Teléfono:</strong> 957 59 66 73</p>
<p><strong>&nbsp; &nbsp;Email: </strong>14500182.edu@juntadeandalucia.es</p>
<p><strong>&nbsp; &nbsp;Horario de secretaría: </strong>miércoles, de 10 a 13 h.</p>
<p>&nbsp;</p>
[googlemaps https://www.google.com/maps/embed?pb=!1m18!1m12!1m3!1d744.1682050629538!2d-4.219591118686345!3d37.77422220321619!2m3!1f0!2f0!3f0!3m2!1i1024!2i768!4f13.1!3m3!1m2!1s0xd6db0336a8d1dc1%3A0x8e0c43786d7759f5!2sCalle%20Monte%20Calvario%2C%2014670%20Valenzuela%2C%20C%C3%B3rdoba!5e0!3m2!1ses!2ses!4v1612097191534!5m2!1ses!2ses&amp;w=400&amp;h=300]
<p>&nbsp;</p>

<p>&nbsp; &nbsp;Dirección: C/ Monte Calvario S/N &nbsp; &nbsp;C.P.: 14670 &nbsp; &nbsp;Teléfono: 957 59 66 73 &nbsp; &nbsp;Email: 14500182.edu@juntadeandalucia.es &nbsp; &nbsp;Horario de secretaría: miércoles, de 10 a 13 h. &nbsp; [googlemaps https://www.google.com/maps/embed?pb=!1m18!1m12!1m3!1d744.1682050629538!2d-4.219591118686345!3d37.77422220321619!2m3!1f0!2f0!3f0!3m2!1i1024!2i768!4f13.1!3m3!1m2!1s0xd6db0336a8d1dc1%3A0x8e0c43786d7759f5!2sCalle%20Monte%20Calvario%2C%2014670%20Valenzuela%2C%20C%C3%B3rdoba!5e0!3m2!1ses!2ses!4v1612097191534!5m2!1ses!2ses&amp;w=400&amp;h=300] &nbsp;</p>
