{"id":3039,"date":"2021-01-31T21:04:47","date_gmt":"2021-01-31T21:04:47","guid":{"rendered":"https:\/\/blogsaverroes.juntadeandalucia.es\/cepermadinatalixena\/?page_id=3039"},"modified":"2021-03-04T12:13:58","modified_gmt":"2021-03-04T12:13:58","slug":"uso-basico-tic","status":"publish","type":"page","link":"https:\/\/blogsaverroes.juntadeandalucia.es\/cepermadinatalixena\/uso-basico-tic\/","title":{"rendered":"Tecnolog\u00edas de la Informaci\u00f3n y la Comunicaci\u00f3n"},"content":{"rendered":"\t\t<div data-elementor-type=\"wp-page\" data-elementor-id=\"3039\" class=\"elementor elementor-3039\">\n\t\t\t\t\t\t<section class=\"elementor-section elementor-top-section elementor-element elementor-element-66ba82b elementor-section-boxed elementor-section-height-default elementor-section-height-default\" data-id=\"66ba82b\" data-element_type=\"section\">\n\t\t\t\t\t\t<div class=\"elementor-container elementor-column-gap-default\">\n\t\t\t\t\t<div class=\"elementor-column elementor-col-50 elementor-top-column elementor-element elementor-element-cdeac8b\" data-id=\"cdeac8b\" data-element_type=\"column\">\n\t\t\t<div class=\"elementor-widget-wrap elementor-element-populated\">\n\t\t\t\t\t\t<div class=\"elementor-element elementor-element-403df0a elementor-widget elementor-widget-text-editor\" data-id=\"403df0a\" data-element_type=\"widget\" data-widget_type=\"text-editor.default\">\n\t\t\t\t<div class=\"elementor-widget-container\">\n\t\t\t\t\t\t\t\t\t<p style=\"text-align: justify\">\u00a0<\/p><p style=\"text-align: justify\">La presencia de las Tecnolog\u00edas de la Informaci\u00f3n y la Comunicaci\u00f3n (TIC) en todos los \u00e1mbitos de la vida es tan evidente que ya se habla de un nuevo tipo de sociedad caracterizada por la gran cantidad de informaci\u00f3n disponible en la red y por la facilidad de acceso a la misma.<\/p><p style=\"text-align: justify\">Las TIC impregnan nuestra vida cotidiana y su uso se est\u00e1 convirtiendo en requisito esencial para la inserci\u00f3n y promoci\u00f3n laboral, para la autonom\u00eda en el aprendizaje y para la pr\u00e1ctica de una ciudadan\u00eda activa.<\/p><p style=\"text-align: justify\">\u00a0<\/p>\t\t\t\t\t\t\t\t<\/div>\n\t\t\t\t<\/div>\n\t\t\t\t\t<\/div>\n\t\t<\/div>\n\t\t\t\t<div class=\"elementor-column elementor-col-50 elementor-top-column elementor-element elementor-element-09d2174\" data-id=\"09d2174\" data-element_type=\"column\">\n\t\t\t<div class=\"elementor-widget-wrap elementor-element-populated\">\n\t\t\t\t\t\t<div class=\"elementor-element elementor-element-1c56a1b elementor-widget elementor-widget-image\" data-id=\"1c56a1b\" data-element_type=\"widget\" data-widget_type=\"image.default\">\n\t\t\t\t<div class=\"elementor-widget-container\">\n\t\t\t\t\t\t\t\t\t\t\t\t\t\t\t<img fetchpriority=\"high\" decoding=\"async\" width=\"525\" height=\"320\" src=\"https:\/\/blogsaverroes.juntadeandalucia.es\/cepermadinatalixena\/files\/2021\/03\/Inf\u00f3rmatica-b\u00e1sica.jpg\" class=\"attachment-large size-large wp-image-4101\" alt=\"\" srcset=\"https:\/\/blogsaverroes.juntadeandalucia.es\/cepermadinatalixena\/files\/2021\/03\/Inf\u00f3rmatica-b\u00e1sica.jpg 624w, https:\/\/blogsaverroes.juntadeandalucia.es\/cepermadinatalixena\/files\/2021\/03\/Inf\u00f3rmatica-b\u00e1sica-300x183.jpg 300w\" sizes=\"100vw\" \/>\t\t\t\t\t\t\t\t\t\t\t\t\t\t\t<\/div>\n\t\t\t\t<\/div>\n\t\t\t\t\t<\/div>\n\t\t<\/div>\n\t\t\t\t\t<\/div>\n\t\t<\/section>\n\t\t\t\t<section class=\"elementor-section elementor-top-section elementor-element elementor-element-5498bcc elementor-section-boxed elementor-section-height-default elementor-section-height-default\" data-id=\"5498bcc\" data-element_type=\"section\">\n\t\t\t\t\t\t<div class=\"elementor-container elementor-column-gap-default\">\n\t\t\t\t\t<div class=\"elementor-column elementor-col-100 elementor-top-column elementor-element elementor-element-ec1cb57\" data-id=\"ec1cb57\" data-element_type=\"column\">\n\t\t\t<div class=\"elementor-widget-wrap elementor-element-populated\">\n\t\t\t\t\t\t<div class=\"elementor-element elementor-element-a14a1c3 elementor-widget elementor-widget-text-editor\" data-id=\"a14a1c3\" data-element_type=\"widget\" data-widget_type=\"text-editor.default\">\n\t\t\t\t<div class=\"elementor-widget-container\">\n\t\t\t\t\t\t\t\t\t<p style=\"text-align: justify\">Sin embargo, es un hecho constatado que, mientras que las personas m\u00e1s j\u00f3venes se han socializado en un medio tecnol\u00f3gico y lo asumen como algo natural, las personas adultas, que se han desenvuelto toda su vida en un medio anal\u00f3gico y rodeadas de productos tangibles, necesitan aprender a utilizar las nuevas herramientas tecnol\u00f3gicas y conocer los nuevos lenguajes multimedia que han nacido a su amparo si queremos conseguir que participen activamente en la nueva sociedad de la informaci\u00f3n que est\u00e1 emergiendo.<\/p><p style=\"text-align: justify\">El Plan educativo no formal de uso b\u00e1sico de tecnolog\u00edas de la informaci\u00f3n y la comunicaci\u00f3n viene a complementar las medidas desarrolladas a nivel de ense\u00f1anzas regladas, ampliando la oferta a ese gran sector de la poblaci\u00f3n que desea iniciar o actualizar su conocimiento en la competencia digital.<\/p><p style=\"text-align: justify\">Por este motivo, la Consejer\u00eda de Educaci\u00f3n de la Junta de Andaluc\u00eda ha incluido en la oferta de ense\u00f1anzas dirigidas a este colectivo un plan educativo que tiene como objetivo favorecer el acceso de las personas adultas a las nuevas tecnolog\u00edas de manera que puedan utilizarlas en todos los \u00e1mbitos de su vida: personal, laboral, educativo\u2026 propiciando el acceso a la informaci\u00f3n que hay en la Red de una manera, constructiva, selectiva y cr\u00edtica, de forma que sean capaces de transformarla en conocimiento.<\/p><p style=\"text-align: justify\">La configuraci\u00f3n del grupo, su homogeneidad respecto al punto de partida y la aplicaci\u00f3n de los conocimientos a adquirir determinar\u00e1n el tratamiento, temporalizaci\u00f3n y profundizaci\u00f3n de los contenidos a abarcar.<\/p>\t\t\t\t\t\t\t\t<\/div>\n\t\t\t\t<\/div>\n\t\t\t\t\t<\/div>\n\t\t<\/div>\n\t\t\t\t\t<\/div>\n\t\t<\/section>\n\t\t\t\t<\/div>\n\t\t","protected":false},"excerpt":{"rendered":"<p>\u00a0 La presencia de las Tecnolog\u00edas de la Informaci\u00f3n y la Comunicaci\u00f3n (TIC) en todos los \u00e1mbitos de la vida es tan evidente que ya se habla de un nuevo tipo de sociedad caracterizada por la gran cantidad de informaci\u00f3n disponible en la red y por la facilidad de acceso a la misma. Las TIC &hellip; <\/p>\n<p class=\"link-more\"><a href=\"https:\/\/blogsaverroes.juntadeandalucia.es\/cepermadinatalixena\/uso-basico-tic\/\" class=\"more-link\">Continuar leyendo<span class=\"screen-reader-text\"> &#8220;Tecnolog\u00edas de la Informaci\u00f3n y la Comunicaci\u00f3n&#8221;<\/span><\/a><\/p>\n","protected":false},"author":11476,"featured_media":0,"parent":0,"menu_order":0,"comment_status":"closed","ping_status":"closed","template":"page-template-full.php","meta":{"ngg_post_thumbnail":0,"footnotes":"","_mc_calendar":[]},"aioseo_notices":[],"_links":{"self":[{"href":"https:\/\/blogsaverroes.juntadeandalucia.es\/cepermadinatalixena\/wp-json\/wp\/v2\/pages\/3039"}],"collection":[{"href":"https:\/\/blogsaverroes.juntadeandalucia.es\/cepermadinatalixena\/wp-json\/wp\/v2\/pages"}],"about":[{"href":"https:\/\/blogsaverroes.juntadeandalucia.es\/cepermadinatalixena\/wp-json\/wp\/v2\/types\/page"}],"author":[{"embeddable":true,"href":"https:\/\/blogsaverroes.juntadeandalucia.es\/cepermadinatalixena\/wp-json\/wp\/v2\/users\/11476"}],"replies":[{"embeddable":true,"href":"https:\/\/blogsaverroes.juntadeandalucia.es\/cepermadinatalixena\/wp-json\/wp\/v2\/comments?post=3039"}],"version-history":[{"count":11,"href":"https:\/\/blogsaverroes.juntadeandalucia.es\/cepermadinatalixena\/wp-json\/wp\/v2\/pages\/3039\/revisions"}],"predecessor-version":[{"id":4102,"href":"https:\/\/blogsaverroes.juntadeandalucia.es\/cepermadinatalixena\/wp-json\/wp\/v2\/pages\/3039\/revisions\/4102"}],"wp:attachment":[{"href":"https:\/\/blogsaverroes.juntadeandalucia.es\/cepermadinatalixena\/wp-json\/wp\/v2\/media?parent=3039"}],"curies":[{"name":"wp","href":"https:\/\/api.w.org\/{rel}","templated":true}]}}

Tecnologías de la Información y la Comunicación

<div data-elementor-type="wp-page" data-elementor-id="3039" class="elementor elementor-3039">
						<section class="elementor-section elementor-top-section elementor-element elementor-element-66ba82b elementor-section-boxed elementor-section-height-default elementor-section-height-default" data-id="66ba82b" data-element_type="section">
						<div class="elementor-container elementor-column-gap-default">
					<div class="elementor-column elementor-col-50 elementor-top-column elementor-element elementor-element-cdeac8b" data-id="cdeac8b" data-element_type="column">
			<div class="elementor-widget-wrap elementor-element-populated">
						<div class="elementor-element elementor-element-403df0a elementor-widget elementor-widget-text-editor" data-id="403df0a" data-element_type="widget" data-widget_type="text-editor.default">
				<div class="elementor-widget-container">
									<p style="text-align: justify"> </p><p style="text-align: justify">La presencia de las Tecnologías de la Información y la Comunicación (TIC) en todos los ámbitos de la vida es tan evidente que ya se habla de un nuevo tipo de sociedad caracterizada por la gran cantidad de información disponible en la red y por la facilidad de acceso a la misma.</p><p style="text-align: justify">Las TIC impregnan nuestra vida cotidiana y su uso se está convirtiendo en requisito esencial para la inserción y promoción laboral, para la autonomía en el aprendizaje y para la práctica de una ciudadanía activa.</p><p style="text-align: justify"> </p>								</div>
				</div>
					</div>
		</div>
				<div class="elementor-column elementor-col-50 elementor-top-column elementor-element elementor-element-09d2174" data-id="09d2174" data-element_type="column">
			<div class="elementor-widget-wrap elementor-element-populated">
						<div class="elementor-element elementor-element-1c56a1b elementor-widget elementor-widget-image" data-id="1c56a1b" data-element_type="widget" data-widget_type="image.default">
				<div class="elementor-widget-container">
															<img fetchpriority="high" decoding="async" width="525" height="320" src="https://blogsaverroes.juntadeandalucia.es/cepermadinatalixena/files/2021/03/Infórmatica-básica.jpg" class="attachment-large size-large wp-image-4101" alt="" srcset="https://blogsaverroes.juntadeandalucia.es/cepermadinatalixena/files/2021/03/Infórmatica-básica.jpg 624w, https://blogsaverroes.juntadeandalucia.es/cepermadinatalixena/files/2021/03/Infórmatica-básica-300x183.jpg 300w" sizes="100vw" />															</div>
				</div>
					</div>
		</div>
					</div>
		</section>
				<section class="elementor-section elementor-top-section elementor-element elementor-element-5498bcc elementor-section-boxed elementor-section-height-default elementor-section-height-default" data-id="5498bcc" data-element_type="section">
						<div class="elementor-container elementor-column-gap-default">
					<div class="elementor-column elementor-col-100 elementor-top-column elementor-element elementor-element-ec1cb57" data-id="ec1cb57" data-element_type="column">
			<div class="elementor-widget-wrap elementor-element-populated">
						<div class="elementor-element elementor-element-a14a1c3 elementor-widget elementor-widget-text-editor" data-id="a14a1c3" data-element_type="widget" data-widget_type="text-editor.default">
				<div class="elementor-widget-container">
									<p style="text-align: justify">Sin embargo, es un hecho constatado que, mientras que las personas más jóvenes se han socializado en un medio tecnológico y lo asumen como algo natural, las personas adultas, que se han desenvuelto toda su vida en un medio analógico y rodeadas de productos tangibles, necesitan aprender a utilizar las nuevas herramientas tecnológicas y conocer los nuevos lenguajes multimedia que han nacido a su amparo si queremos conseguir que participen activamente en la nueva sociedad de la información que está emergiendo.</p><p style="text-align: justify">El Plan educativo no formal de uso básico de tecnologías de la información y la comunicación viene a complementar las medidas desarrolladas a nivel de enseñanzas regladas, ampliando la oferta a ese gran sector de la población que desea iniciar o actualizar su conocimiento en la competencia digital.</p><p style="text-align: justify">Por este motivo, la Consejería de Educación de la Junta de Andalucía ha incluido en la oferta de enseñanzas dirigidas a este colectivo un plan educativo que tiene como objetivo favorecer el acceso de las personas adultas a las nuevas tecnologías de manera que puedan utilizarlas en todos los ámbitos de su vida: personal, laboral, educativo… propiciando el acceso a la información que hay en la Red de una manera, constructiva, selectiva y crítica, de forma que sean capaces de transformarla en conocimiento.</p><p style="text-align: justify">La configuración del grupo, su homogeneidad respecto al punto de partida y la aplicación de los conocimientos a adquirir determinarán el tratamiento, temporalización y profundización de los contenidos a abarcar.</p>								</div>
				</div>
					</div>
		</div>
					</div>
		</section>
				</div>

<p>  La presencia de las Tecnologías de la Información y la Comunicación (TIC) en todos los ámbitos de la vida es tan evidente que ya se habla de un nuevo tipo de sociedad caracterizada por la gran cantidad de información disponible en la red y por la facilidad de acceso a la misma. Las TIC &hellip; </p>
<p class="link-more"><a href="https://blogsaverroes.juntadeandalucia.es/cepermadinatalixena/uso-basico-tic/" class="more-link">Continuar leyendo<span class="screen-reader-text"> &#8220;Tecnologías de la Información y la Comunicación&#8221;</span></a></p>
