{"id":3042,"date":"2021-01-31T21:05:25","date_gmt":"2021-01-31T21:05:25","guid":{"rendered":"https:\/\/blogsaverroes.juntadeandalucia.es\/cepermadinatalixena\/?page_id=3042"},"modified":"2021-03-09T11:30:50","modified_gmt":"2021-03-09T11:30:50","slug":"fomento-de-la-cultura-emprendedora","status":"publish","type":"page","link":"https:\/\/blogsaverroes.juntadeandalucia.es\/cepermadinatalixena\/fomento-de-la-cultura-emprendedora\/","title":{"rendered":"Fomento de la cultura emprendedora"},"content":{"rendered":"\t\t<div data-elementor-type=\"wp-page\" data-elementor-id=\"3042\" class=\"elementor elementor-3042\">\n\t\t\t\t\t\t<section class=\"elementor-section elementor-top-section elementor-element elementor-element-dfb99e4 elementor-section-boxed elementor-section-height-default elementor-section-height-default\" data-id=\"dfb99e4\" data-element_type=\"section\">\n\t\t\t\t\t\t<div class=\"elementor-container elementor-column-gap-default\">\n\t\t\t\t\t<div class=\"elementor-column elementor-col-100 elementor-top-column elementor-element elementor-element-68b1904\" data-id=\"68b1904\" data-element_type=\"column\">\n\t\t\t<div class=\"elementor-widget-wrap\">\n\t\t\t\t\t\t\t<\/div>\n\t\t<\/div>\n\t\t\t\t\t<\/div>\n\t\t<\/section>\n\t\t\t\t<section class=\"elementor-section elementor-top-section elementor-element elementor-element-f97591c elementor-section-boxed elementor-section-height-default elementor-section-height-default\" data-id=\"f97591c\" data-element_type=\"section\">\n\t\t\t\t\t\t<div class=\"elementor-container elementor-column-gap-default\">\n\t\t\t\t\t<div class=\"elementor-column elementor-col-50 elementor-top-column elementor-element elementor-element-102f3eb\" data-id=\"102f3eb\" data-element_type=\"column\">\n\t\t\t<div class=\"elementor-widget-wrap elementor-element-populated\">\n\t\t\t\t\t\t<div class=\"elementor-element elementor-element-8d945e9 elementor-widget elementor-widget-image\" data-id=\"8d945e9\" data-element_type=\"widget\" data-widget_type=\"image.default\">\n\t\t\t\t<div class=\"elementor-widget-container\">\n\t\t\t\t\t\t\t\t\t\t\t\t\t\t\t<img fetchpriority=\"high\" decoding=\"async\" width=\"525\" height=\"365\" src=\"https:\/\/blogsaverroes.juntadeandalucia.es\/cepermadinatalixena\/files\/2021\/02\/Cultura-emprendedora1.jpg\" class=\"attachment-large size-large wp-image-3925\" alt=\"\" srcset=\"https:\/\/blogsaverroes.juntadeandalucia.es\/cepermadinatalixena\/files\/2021\/02\/Cultura-emprendedora1.jpg 626w, https:\/\/blogsaverroes.juntadeandalucia.es\/cepermadinatalixena\/files\/2021\/02\/Cultura-emprendedora1-300x208.jpg 300w\" sizes=\"100vw\" \/>\t\t\t\t\t\t\t\t\t\t\t\t\t\t\t<\/div>\n\t\t\t\t<\/div>\n\t\t\t\t\t<\/div>\n\t\t<\/div>\n\t\t\t\t<div class=\"elementor-column elementor-col-50 elementor-top-column elementor-element elementor-element-ca8f2e4\" data-id=\"ca8f2e4\" data-element_type=\"column\">\n\t\t\t<div class=\"elementor-widget-wrap elementor-element-populated\">\n\t\t\t\t\t\t<div class=\"elementor-element elementor-element-f708877 elementor-widget elementor-widget-text-editor\" data-id=\"f708877\" data-element_type=\"widget\" data-widget_type=\"text-editor.default\">\n\t\t\t\t<div class=\"elementor-widget-container\">\n\t\t\t\t\t\t\t\t\t<p>Este plan contempla dos modalidades para fomentar el desarrollo del emprendimiento:<\/p><p><strong>Gente Emprendedora y Solidaria<\/strong><\/p><p>Este plan educativo tiene como objetivo fomentar la conciencia solidaria, responsable y comprometida con los problemas del mundo y tambi\u00e9n conocer como funcionan las ONG para finalmente colaborar con una de ellas y ayudar a que consigan sus objetivos.<\/p><p><strong>Creando Empresa<\/strong><\/p><p>Enfocado para aprender todo lo necesario para desarrollar un proyecto que te permita crear tu propia empresa y tambi\u00e9n, no menos importante, se desarrollar\u00e1n las habilidades y competencias profesionales necesarias para entrar en el mundo empresarial con \u00e9xito.<\/p><p>\u00a0<\/p>\t\t\t\t\t\t\t\t<\/div>\n\t\t\t\t<\/div>\n\t\t\t\t\t<\/div>\n\t\t<\/div>\n\t\t\t\t\t<\/div>\n\t\t<\/section>\n\t\t\t\t<\/div>\n\t\t","protected":false},"excerpt":{"rendered":"<p>Este plan contempla dos modalidades para fomentar el desarrollo del emprendimiento: Gente Emprendedora y Solidaria Este plan educativo tiene como objetivo fomentar la conciencia solidaria, responsable y comprometida con los problemas del mundo y tambi\u00e9n conocer como funcionan las ONG para finalmente colaborar con una de ellas y ayudar a que consigan sus objetivos. Creando &hellip; <\/p>\n<p class=\"link-more\"><a href=\"https:\/\/blogsaverroes.juntadeandalucia.es\/cepermadinatalixena\/fomento-de-la-cultura-emprendedora\/\" class=\"more-link\">Continuar leyendo<span class=\"screen-reader-text\"> &#8220;Fomento de la cultura emprendedora&#8221;<\/span><\/a><\/p>\n","protected":false},"author":11476,"featured_media":0,"parent":0,"menu_order":0,"comment_status":"closed","ping_status":"closed","template":"page-template-full.php","meta":{"ngg_post_thumbnail":0,"footnotes":"","_mc_calendar":[]},"aioseo_notices":[],"_links":{"self":[{"href":"https:\/\/blogsaverroes.juntadeandalucia.es\/cepermadinatalixena\/wp-json\/wp\/v2\/pages\/3042"}],"collection":[{"href":"https:\/\/blogsaverroes.juntadeandalucia.es\/cepermadinatalixena\/wp-json\/wp\/v2\/pages"}],"about":[{"href":"https:\/\/blogsaverroes.juntadeandalucia.es\/cepermadinatalixena\/wp-json\/wp\/v2\/types\/page"}],"author":[{"embeddable":true,"href":"https:\/\/blogsaverroes.juntadeandalucia.es\/cepermadinatalixena\/wp-json\/wp\/v2\/users\/11476"}],"replies":[{"embeddable":true,"href":"https:\/\/blogsaverroes.juntadeandalucia.es\/cepermadinatalixena\/wp-json\/wp\/v2\/comments?post=3042"}],"version-history":[{"count":11,"href":"https:\/\/blogsaverroes.juntadeandalucia.es\/cepermadinatalixena\/wp-json\/wp\/v2\/pages\/3042\/revisions"}],"predecessor-version":[{"id":4376,"href":"https:\/\/blogsaverroes.juntadeandalucia.es\/cepermadinatalixena\/wp-json\/wp\/v2\/pages\/3042\/revisions\/4376"}],"wp:attachment":[{"href":"https:\/\/blogsaverroes.juntadeandalucia.es\/cepermadinatalixena\/wp-json\/wp\/v2\/media?parent=3042"}],"curies":[{"name":"wp","href":"https:\/\/api.w.org\/{rel}","templated":true}]}}

<div data-elementor-type="wp-page" data-elementor-id="3042" class="elementor elementor-3042">
						<section class="elementor-section elementor-top-section elementor-element elementor-element-dfb99e4 elementor-section-boxed elementor-section-height-default elementor-section-height-default" data-id="dfb99e4" data-element_type="section">
						<div class="elementor-container elementor-column-gap-default">
					<div class="elementor-column elementor-col-100 elementor-top-column elementor-element elementor-element-68b1904" data-id="68b1904" data-element_type="column">
			<div class="elementor-widget-wrap">
							</div>
		</div>
					</div>
		</section>
				<section class="elementor-section elementor-top-section elementor-element elementor-element-f97591c elementor-section-boxed elementor-section-height-default elementor-section-height-default" data-id="f97591c" data-element_type="section">
						<div class="elementor-container elementor-column-gap-default">
					<div class="elementor-column elementor-col-50 elementor-top-column elementor-element elementor-element-102f3eb" data-id="102f3eb" data-element_type="column">
			<div class="elementor-widget-wrap elementor-element-populated">
						<div class="elementor-element elementor-element-8d945e9 elementor-widget elementor-widget-image" data-id="8d945e9" data-element_type="widget" data-widget_type="image.default">
				<div class="elementor-widget-container">
															<img fetchpriority="high" decoding="async" width="525" height="365" src="https://blogsaverroes.juntadeandalucia.es/cepermadinatalixena/files/2021/02/Cultura-emprendedora1.jpg" class="attachment-large size-large wp-image-3925" alt="" srcset="https://blogsaverroes.juntadeandalucia.es/cepermadinatalixena/files/2021/02/Cultura-emprendedora1.jpg 626w, https://blogsaverroes.juntadeandalucia.es/cepermadinatalixena/files/2021/02/Cultura-emprendedora1-300x208.jpg 300w" sizes="100vw" />															</div>
				</div>
					</div>
		</div>
				<div class="elementor-column elementor-col-50 elementor-top-column elementor-element elementor-element-ca8f2e4" data-id="ca8f2e4" data-element_type="column">
			<div class="elementor-widget-wrap elementor-element-populated">
						<div class="elementor-element elementor-element-f708877 elementor-widget elementor-widget-text-editor" data-id="f708877" data-element_type="widget" data-widget_type="text-editor.default">
				<div class="elementor-widget-container">
									<p>Este plan contempla dos modalidades para fomentar el desarrollo del emprendimiento:</p><p><strong>Gente Emprendedora y Solidaria</strong></p><p>Este plan educativo tiene como objetivo fomentar la conciencia solidaria, responsable y comprometida con los problemas del mundo y también conocer como funcionan las ONG para finalmente colaborar con una de ellas y ayudar a que consigan sus objetivos.</p><p><strong>Creando Empresa</strong></p><p>Enfocado para aprender todo lo necesario para desarrollar un proyecto que te permita crear tu propia empresa y también, no menos importante, se desarrollarán las habilidades y competencias profesionales necesarias para entrar en el mundo empresarial con éxito.</p><p> </p>								</div>
				</div>
					</div>
		</div>
					</div>
		</section>
				</div>

<p>Este plan contempla dos modalidades para fomentar el desarrollo del emprendimiento: Gente Emprendedora y Solidaria Este plan educativo tiene como objetivo fomentar la conciencia solidaria, responsable y comprometida con los problemas del mundo y también conocer como funcionan las ONG para finalmente colaborar con una de ellas y ayudar a que consigan sus objetivos. Creando &hellip; </p>
<p class="link-more"><a href="https://blogsaverroes.juntadeandalucia.es/cepermadinatalixena/fomento-de-la-cultura-emprendedora/" class="more-link">Continuar leyendo<span class="screen-reader-text"> &#8220;Fomento de la cultura emprendedora&#8221;</span></a></p>
